{"id":17762,"date":"2026-03-02T17:58:46","date_gmt":"2026-03-02T17:58:46","guid":{"rendered":"https:\/\/para-mirava.ma\/?post_type=product&#038;p=17762"},"modified":"2026-03-02T17:58:46","modified_gmt":"2026-03-02T17:58:46","slug":"a-derma-epitheliale-a-h-duo-40ml","status":"publish","type":"product","link":"https:\/\/para-mirava.ma\/?product=a-derma-epitheliale-a-h-duo-40ml","title":{"rendered":"A-DERMA EPITHELIALE A.H DUO 40ML"},"content":{"rendered":"<p>Les actes esth\u00e9tiques ou dermatologiques superficiels, les atteintes cutan\u00e9es superficielles ou les tatouages fragilisent la peau, peuvent laisser des marques disgracieuses et provoquer des sensations cutan\u00e9es d\u00e9sagr\u00e9ables. EPITHELIALE A.H ULTRA Cr\u00e8me r\u00e9paratrice apaisante contient un complexe d\u2019actifs brevet\u00e9***, le CICAHYALUMIDE\u00ae, compos\u00e9 d\u2019extrait de Plantules d\u2019Avoine Rhealba\u00ae, de Dipeptide (Alanyl Glutamine) et d\u2019Acide Hyaluronique. Elle offre une triple action qui :<br \/>\n1. hydrate et favorise la r\u00e9paration des peaux fragilis\u00e9es.<br \/>\n2. Aide \u00e0 la r\u00e9duction de l\u2019apparence des marques cutan\u00e9es.<br \/>\n3. Apaise imm\u00e9diatement et durablement les sensations cutan\u00e9es d\u00e9sagr\u00e9ables. Une formule \u00e0 94 % d\u2019ingr\u00e9dients d\u2019origine naturelle qui s\u2019applique sur le visage, le corps et les zones intimes externes des adultes, des enfants et \u00e9galement des nourrissons.<br \/>\nInfo vegan : sans ingr\u00e9dient d\u2019origine animale.<br \/>\nDisponible dans votre parapharmacie en ligne www.cotepara.ma<br \/>\nAvantage<br \/>\nLa formule \u00e0 94% d\u2019origine naturelle EPITHELIALE A.H ULTRA Cr\u00e8me r\u00e9paratrice* apaisante test\u00e9e post-peeling, post-laser** et sur peaux tatou\u00e9es r\u00e9\u00e9pidermis\u00e9es poss\u00e8de une triple action : r\u00e9paratrice*, anti-marques et apaisante.<\/p>\n<p>B\u00e9n\u00e9fices<br \/>\n\u2022 ACC\u00c9L\u00c8RE la re\u0301paration e\u0301pidermique des peaux fragilis\u00e9es.<br \/>\n\u2022 CONTRIBUE \u00e0 r\u00e9duire l\u2019apparence des marques \u00e0 la surface de la peau.<br \/>\n\u2022 CALME les sensations cutane\u0301es de\u0301sagre\u0301ables suite \u00e0 des actes esth\u00e9tiques superficiels et\/ou atteintes superficielles de la peau.<\/p>\n","protected":false},"excerpt":{"rendered":"<p>Les actes esth\u00e9tiques ou dermatologiques superficiels, les atteintes cutan\u00e9es superficielles ou les tatouages fragilisent la peau, peuvent laisser des marques disgracieuses et provoquer des sensations cutan\u00e9es d\u00e9sagr\u00e9ables. EPITHELIALE A.H ULTRA Cr\u00e8me r\u00e9paratrice apaisante contient un complexe d\u2019actifs brevet\u00e9***, le CICAHYALUMIDE\u00ae, compos\u00e9 d\u2019extrait de Plantules d\u2019Avoine Rhealba\u00ae, de Dipeptide (Alanyl Glutamine) et d\u2019Acide Hyaluronique. Elle offre [&hellip;]<\/p>\n","protected":false},"featured_media":17763,"template":"","meta":[],"product_brand":[],"product_cat":[15],"product_tag":[],"class_list":{"0":"post-17762","1":"product","2":"type-product","3":"status-publish","4":"has-post-thumbnail","6":"product_cat-tout","8":"first","9":"instock","10":"sale","11":"shipping-taxable","12":"purchasable","13":"product-type-simple"},"_links":{"self":[{"href":"https:\/\/para-mirava.ma\/index.php?rest_route=\/wp\/v2\/product\/17762","targetHints":{"allow":["GET"]}}],"collection":[{"href":"https:\/\/para-mirava.ma\/index.php?rest_route=\/wp\/v2\/product"}],"about":[{"href":"https:\/\/para-mirava.ma\/index.php?rest_route=\/wp\/v2\/types\/product"}],"wp:featuredmedia":[{"embeddable":true,"href":"https:\/\/para-mirava.ma\/index.php?rest_route=\/wp\/v2\/media\/17763"}],"wp:attachment":[{"href":"https:\/\/para-mirava.ma\/index.php?rest_route=%2Fwp%2Fv2%2Fmedia&parent=17762"}],"wp:term":[{"taxonomy":"product_brand","embeddable":true,"href":"https:\/\/para-mirava.ma\/index.php?rest_route=%2Fwp%2Fv2%2Fproduct_brand&post=17762"},{"taxonomy":"product_cat","embeddable":true,"href":"https:\/\/para-mirava.ma\/index.php?rest_route=%2Fwp%2Fv2%2Fproduct_cat&post=17762"},{"taxonomy":"product_tag","embeddable":true,"href":"https:\/\/para-mirava.ma\/index.php?rest_route=%2Fwp%2Fv2%2Fproduct_tag&post=17762"}],"curies":[{"name":"wp","href":"https:\/\/api.w.org\/{rel}","templated":true}]}}