{"id":17831,"date":"2026-03-12T17:36:16","date_gmt":"2026-03-12T17:36:16","guid":{"rendered":"https:\/\/para-mirava.ma\/?post_type=product&#038;p=17831"},"modified":"2026-03-17T18:43:48","modified_gmt":"2026-03-17T18:43:48","slug":"isdin-ureadin-nano-plus-creme-main-repair-50ml","status":"publish","type":"product","link":"https:\/\/para-mirava.ma\/?product=isdin-ureadin-nano-plus-creme-main-repair-50ml","title":{"rendered":"ISDIN UREADIN NANO PLUS CREME MAIN REPAIR 50ML"},"content":{"rendered":"<p>Cr\u00e8me pour les mains. R\u00e9pare, hydrate et apaise \u00e9galement la peau.<\/p>\n<div class=\"indicaciones-main_info\">\n<p>Cr\u00e8me pour les mains \u00e0 l\u2019ur\u00e9e.<\/p>\n<p>Hydrate en profondeur et r\u00e9pare aussi la peau<\/p>\n<\/div>\n<h4>B\u00e9n\u00e9fices :<i class=\"fa pull-right fa-minus\"><\/i><\/h4>\n<div class=\"zoneContainer\">\n<p>Cr\u00e8me r\u00e9paratrice pour les mains \u00e0 l\u2019ur\u00e9e.<\/p>\n<p>Hydrate et prot\u00e8ge la peau \u00e9galement<\/p>\n<\/div>\n<h4>Posologie :\u00a0<i class=\"fa pull-right fa-minus\"><\/i><\/h4>\n<div class=\"zoneContainer\">\n<p>Tout d\u2019abord Appliquer une petite quantit\u00e9 sur la peau ensuite masser jusqu\u2019\u00e0 absorption.<\/p>\n<p>Test\u00e9 par des dermatologues.<\/p>\n<p>Donc Urea Isdin : R\u00e9duit la perte d\u2019eau et aussi aide \u00e0 maintenir un niveau d\u2019hydratation optimal.<\/p>\n<p>Am\u00e9liore la fonction barri\u00e8re de la peau et sa flexibilit\u00e9 \u00e9galement<\/p>\n<p>Coenzima Q10 : Favorise la synth\u00e8se du collag\u00e8ne.<\/p>\n<p>Propri\u00e9t\u00e9s antioxydantes, renouvellement cellulaire et anti-\u00e2ge.<\/p>\n<p>&nbsp;<\/p>\n<\/div>\n<p><img loading=\"lazy\" decoding=\"async\" class=\"\" src=\"https:\/\/m.media-amazon.com\/images\/I\/81T6MZuWWCL.jpg\" alt=\"ISDIN Ureadin Cr\u00e8me pour les mains r\u00e9paratrice, r\u00e9pare, hydrate et adoucit 50 ml : Amazon.fr: Beaut\u00e9 et Parfum\" width=\"302\" height=\"377\" \/><\/p>\n","protected":false},"excerpt":{"rendered":"<p>Cr\u00e8me pour les mains. R\u00e9pare, hydrate et apaise \u00e9galement la peau. Cr\u00e8me pour les mains \u00e0 l\u2019ur\u00e9e. Hydrate en profondeur et r\u00e9pare aussi la peau B\u00e9n\u00e9fices : Cr\u00e8me r\u00e9paratrice pour les mains \u00e0 l\u2019ur\u00e9e. Hydrate et prot\u00e8ge la peau \u00e9galement Posologie :\u00a0 Tout d\u2019abord Appliquer une petite quantit\u00e9 sur la peau ensuite masser jusqu\u2019\u00e0 absorption. [&hellip;]<\/p>\n","protected":false},"featured_media":17832,"template":"","meta":[],"product_brand":[172],"product_cat":[142],"product_tag":[],"class_list":{"0":"post-17831","1":"product","2":"type-product","3":"status-publish","4":"has-post-thumbnail","6":"product_brand-isdin","7":"product_cat-isdin","8":"ts_product_brand-isdin","10":"first","11":"instock","12":"sale","13":"shipping-taxable","14":"purchasable","15":"product-type-simple"},"_links":{"self":[{"href":"https:\/\/para-mirava.ma\/index.php?rest_route=\/wp\/v2\/product\/17831","targetHints":{"allow":["GET"]}}],"collection":[{"href":"https:\/\/para-mirava.ma\/index.php?rest_route=\/wp\/v2\/product"}],"about":[{"href":"https:\/\/para-mirava.ma\/index.php?rest_route=\/wp\/v2\/types\/product"}],"wp:featuredmedia":[{"embeddable":true,"href":"https:\/\/para-mirava.ma\/index.php?rest_route=\/wp\/v2\/media\/17832"}],"wp:attachment":[{"href":"https:\/\/para-mirava.ma\/index.php?rest_route=%2Fwp%2Fv2%2Fmedia&parent=17831"}],"wp:term":[{"taxonomy":"product_brand","embeddable":true,"href":"https:\/\/para-mirava.ma\/index.php?rest_route=%2Fwp%2Fv2%2Fproduct_brand&post=17831"},{"taxonomy":"product_cat","embeddable":true,"href":"https:\/\/para-mirava.ma\/index.php?rest_route=%2Fwp%2Fv2%2Fproduct_cat&post=17831"},{"taxonomy":"product_tag","embeddable":true,"href":"https:\/\/para-mirava.ma\/index.php?rest_route=%2Fwp%2Fv2%2Fproduct_tag&post=17831"}],"curies":[{"name":"wp","href":"https:\/\/api.w.org\/{rel}","templated":true}]}}