{"id":17833,"date":"2026-03-12T17:37:57","date_gmt":"2026-03-12T17:37:57","guid":{"rendered":"https:\/\/para-mirava.ma\/?post_type=product&#038;p=17833"},"modified":"2026-03-17T18:43:47","modified_gmt":"2026-03-17T18:43:47","slug":"isdin-ureadin-creme-pieds-75ml-new","status":"publish","type":"product","link":"https:\/\/para-mirava.ma\/?product=isdin-ureadin-creme-pieds-75ml-new","title":{"rendered":"ISDIN UREADIN CREME PIEDS 75ML NEW"},"content":{"rendered":"<p>Cr\u00e8me pour le contr\u00f4le de la s\u00e9cheresse, fissures et la sensation de d\u00e9mangeaisons des pieds sains du diab\u00e9tique.<\/p>\n<p>fonctionnalit\u00e9s:<\/p>\n<p>Il prot\u00e8ge la peau de la fragilit\u00e9 de la peau, aidant \u00e0 renforcer ses m\u00e9canismes naturels gr\u00e2ce \u00e0 Arginia et Carnosine.<\/p>\n<p>aide \u00e0 r\u00e9parer les fissures des pieds et \u00e0 pr\u00e9venir les complications futures gr\u00e2ce \u00e0 la Rose de Mousquet et bio\u00e9colie.<\/p>\n<p>Ce produit diminue la sensation de d\u00e9mangeaisons et l\u2019inconfort du pied caus\u00e9 par la s\u00e9cheresse gr\u00e2ce au polydocanol.<\/p>\n<p>Hydrate intens\u00e9ment et restaure la barri\u00e8re cutan\u00e9e gr\u00e2ce \u00e0 l\u2019Ur\u00e9e ISDIN.<\/p>\n<p>&nbsp;<\/p>\n<h4>Comment utiliser :<\/h4>\n<p>&nbsp;<\/p>\n<p>Appliquer le matin et le soir, effectuer un massage l\u00e9ger sur la peau des pieds.<\/p>\n<p>Pour de meilleurs r\u00e9sultats, nous recommandons son utilisation r\u00e9guli\u00e8re et prolong\u00e9e.<\/p>\n<p>\u00c9limine la peau mod\u00e9r\u00e9ment dure, la rugosit\u00e9 et \u00e9paissies peau gr\u00e2ce \u00e0 l\u2019action exfoliante de l\u2019acide lactique et de bacillus ferment.<\/p>\n<p>Hydrate intens\u00e9ment gr\u00e2ce \u00e0 l\u2019ur\u00e9e ISDIN, qui retient l\u2019eau et assure le niveau d\u2019hydratation optimal.<\/p>\n<p>Gel texture huile, lumi\u00e8re, non grasse et absorption rapide.<\/p>\n<p>ISDIN UREADIN CREME PIEDS 75ML est disponible dans votre Parapharmacie C\u00f4t\u00e9 para \u00e0 Prix discount !<\/p>\n<p>&nbsp;<\/p>\n<p><img loading=\"lazy\" decoding=\"async\" class=\"\" src=\"https:\/\/www.isdin.com\/sites\/default\/files\/productos\/imagenes\/be-thumbnails_ureadin-podos_5.jpg?v=1628698452\" alt=\"Ureadin Podos Gel Oil | ISDIN\" width=\"501\" height=\"501\" \/><\/p>\n","protected":false},"excerpt":{"rendered":"<p>Cr\u00e8me pour le contr\u00f4le de la s\u00e9cheresse, fissures et la sensation de d\u00e9mangeaisons des pieds sains du diab\u00e9tique. fonctionnalit\u00e9s: Il prot\u00e8ge la peau de la fragilit\u00e9 de la peau, aidant \u00e0 renforcer ses m\u00e9canismes naturels gr\u00e2ce \u00e0 Arginia et Carnosine. aide \u00e0 r\u00e9parer les fissures des pieds et \u00e0 pr\u00e9venir les complications futures gr\u00e2ce \u00e0 [&hellip;]<\/p>\n","protected":false},"featured_media":17834,"template":"","meta":[],"product_brand":[172],"product_cat":[142],"product_tag":[],"class_list":{"0":"post-17833","1":"product","2":"type-product","3":"status-publish","4":"has-post-thumbnail","6":"product_brand-isdin","7":"product_cat-isdin","8":"ts_product_brand-isdin","10":"first","11":"instock","12":"sale","13":"shipping-taxable","14":"purchasable","15":"product-type-simple"},"_links":{"self":[{"href":"https:\/\/para-mirava.ma\/index.php?rest_route=\/wp\/v2\/product\/17833","targetHints":{"allow":["GET"]}}],"collection":[{"href":"https:\/\/para-mirava.ma\/index.php?rest_route=\/wp\/v2\/product"}],"about":[{"href":"https:\/\/para-mirava.ma\/index.php?rest_route=\/wp\/v2\/types\/product"}],"wp:featuredmedia":[{"embeddable":true,"href":"https:\/\/para-mirava.ma\/index.php?rest_route=\/wp\/v2\/media\/17834"}],"wp:attachment":[{"href":"https:\/\/para-mirava.ma\/index.php?rest_route=%2Fwp%2Fv2%2Fmedia&parent=17833"}],"wp:term":[{"taxonomy":"product_brand","embeddable":true,"href":"https:\/\/para-mirava.ma\/index.php?rest_route=%2Fwp%2Fv2%2Fproduct_brand&post=17833"},{"taxonomy":"product_cat","embeddable":true,"href":"https:\/\/para-mirava.ma\/index.php?rest_route=%2Fwp%2Fv2%2Fproduct_cat&post=17833"},{"taxonomy":"product_tag","embeddable":true,"href":"https:\/\/para-mirava.ma\/index.php?rest_route=%2Fwp%2Fv2%2Fproduct_tag&post=17833"}],"curies":[{"name":"wp","href":"https:\/\/api.w.org\/{rel}","templated":true}]}}