{"id":17847,"date":"2026-03-12T17:50:55","date_gmt":"2026-03-12T17:50:55","guid":{"rendered":"https:\/\/para-mirava.ma\/?post_type=product&#038;p=17847"},"modified":"2026-03-17T18:43:47","modified_gmt":"2026-03-17T18:43:47","slug":"isdin-isdinceutics-flavo-c-forte-serum-15-3-flacons","status":"publish","type":"product","link":"https:\/\/para-mirava.ma\/?product=isdin-isdinceutics-flavo-c-forte-serum-15-3-flacons","title":{"rendered":"ISDIN ISDINCEUTICS FLAVO C FORTE SERUM 15% 3 FLACONS"},"content":{"rendered":"<p>S\u00e9rum anti-\u00e2ge intense avec 15% de vitamine C pure et fra\u00eeche<\/p>\n<div class=\"indicaciones-main_info\">\n<p>Flavo-C Forte est un puissant s\u00e9rum pour le visage contenant 15 % de vitamine C pure et fra\u00eeche qui revitalise, illumine et aide \u00e0 r\u00e9duire les signes de fatigue cutan\u00e9e.<\/p>\n<p>De plus, il augmente la production de collag\u00e8ne, apporte de la fermet\u00e9 et aide \u00e0 r\u00e9duire les rides en seulement 10 jours, prot\u00e9geant ainsi la peau du stress oxydatif et de la pollution.<\/p>\n<p>Son format innovant avec de la poudre de vitamine C maintient la vitamine C fra\u00eeche et stable jusqu\u2019au premier moment d\u2019utilisation, lorsqu\u2019elle est m\u00e9lang\u00e9e \u00e0 une solution liquide avec des ingr\u00e9dients anti-\u00e2ge, antioxydants, hydratants et anti-pollution.<\/p>\n<h4>B\u00e9n\u00e9fices :<\/h4>\n<div class=\"zoneContainer\">\n<p>Tout d\u2019abord Apporte une luminosit\u00e9 imm\u00e9diate et son utilisation continue donne un teint plus homog\u00e8ne.<\/p>\n<p>Ensuite Aide \u00e0 maintenir le collag\u00e8ne de la peau, \u00e0 att\u00e9nuer les rides en 10 jours, et \u00e0 am\u00e9liorer la fermet\u00e9 de la peau.<\/p>\n<p>Finalement Aide \u00e0 prot\u00e9ger la peau contre les dommages oxydatifs caus\u00e9s par les radicaux libres et la pollution.<\/p>\n<p>Apporte de l\u2019hydratation, de l\u2019\u00e9lasticit\u00e9 et renforce la barri\u00e8re cutan\u00e9e.<\/p>\n<\/div>\n<\/div>\n<p><img loading=\"lazy\" decoding=\"async\" class=\"\" src=\"https:\/\/www.isdin.com\/sites\/default\/files\/productos\/imagenes\/fr_thumbnails_flavo-c_forte_1y3u_4.jpg?v=1649255681\" alt=\"Isdinceutics\" width=\"340\" height=\"340\" \/><\/p>\n<p>&nbsp;<\/p>\n","protected":false},"excerpt":{"rendered":"<p>S\u00e9rum anti-\u00e2ge intense avec 15% de vitamine C pure et fra\u00eeche Flavo-C Forte est un puissant s\u00e9rum pour le visage contenant 15 % de vitamine C pure et fra\u00eeche qui revitalise, illumine et aide \u00e0 r\u00e9duire les signes de fatigue cutan\u00e9e. De plus, il augmente la production de collag\u00e8ne, apporte de la fermet\u00e9 et aide [&hellip;]<\/p>\n","protected":false},"featured_media":17848,"template":"","meta":[],"product_brand":[172],"product_cat":[142],"product_tag":[],"class_list":{"0":"post-17847","1":"product","2":"type-product","3":"status-publish","4":"has-post-thumbnail","6":"product_brand-isdin","7":"product_cat-isdin","8":"ts_product_brand-isdin","10":"first","11":"instock","12":"sale","13":"shipping-taxable","14":"purchasable","15":"product-type-simple"},"_links":{"self":[{"href":"https:\/\/para-mirava.ma\/index.php?rest_route=\/wp\/v2\/product\/17847","targetHints":{"allow":["GET"]}}],"collection":[{"href":"https:\/\/para-mirava.ma\/index.php?rest_route=\/wp\/v2\/product"}],"about":[{"href":"https:\/\/para-mirava.ma\/index.php?rest_route=\/wp\/v2\/types\/product"}],"wp:featuredmedia":[{"embeddable":true,"href":"https:\/\/para-mirava.ma\/index.php?rest_route=\/wp\/v2\/media\/17848"}],"wp:attachment":[{"href":"https:\/\/para-mirava.ma\/index.php?rest_route=%2Fwp%2Fv2%2Fmedia&parent=17847"}],"wp:term":[{"taxonomy":"product_brand","embeddable":true,"href":"https:\/\/para-mirava.ma\/index.php?rest_route=%2Fwp%2Fv2%2Fproduct_brand&post=17847"},{"taxonomy":"product_cat","embeddable":true,"href":"https:\/\/para-mirava.ma\/index.php?rest_route=%2Fwp%2Fv2%2Fproduct_cat&post=17847"},{"taxonomy":"product_tag","embeddable":true,"href":"https:\/\/para-mirava.ma\/index.php?rest_route=%2Fwp%2Fv2%2Fproduct_tag&post=17847"}],"curies":[{"name":"wp","href":"https:\/\/api.w.org\/{rel}","templated":true}]}}