{"id":17849,"date":"2026-03-12T17:52:28","date_gmt":"2026-03-12T17:52:28","guid":{"rendered":"https:\/\/para-mirava.ma\/?post_type=product&#038;p=17849"},"modified":"2026-03-17T18:43:47","modified_gmt":"2026-03-17T18:43:47","slug":"isdin-fotoultra-100-active-unify-fusion-fluid-spf50-50ml","status":"publish","type":"product","link":"https:\/\/para-mirava.ma\/?product=isdin-fotoultra-100-active-unify-fusion-fluid-spf50-50ml","title":{"rendered":"ISDIN FOTOULTRA 100 ACTIVE UNIFY FUSION FLUID SPF50+ 50ML"},"content":{"rendered":"<p>Foto Ultra 100 ISDIN Active Unify Fusion Fluid SPF 100+<br \/>\n\u00c9claircit et unifie le teint<br \/>\nFoto Ultra 100 ISDIN<br \/>\nAide \u00e0 r\u00e9duire les trouble pigmentaires caus\u00e9s par le soleil.<br \/>\n50 ml<br \/>\nB\u00e9n\u00e9fices<br \/>\nAide \u00e0 r\u00e9guler la production de m\u00e9lanine gr\u00e2ce au DP3-Unify Complex qui agit sur les principales phases de la m\u00e9lanogen\u00e8se.<\/p>\n<p>Offre une protection contre les rayons UVA qui stimulent la pigmentation, 2 fois sup\u00e9rieure au minimum requis dans un protecteur solaire SPF 50+.<\/p>\n<p>SPF 106 et UVA 49. Sa texture Fusion Fluid fond sur votre peau.<\/p>\n","protected":false},"excerpt":{"rendered":"<p>Foto Ultra 100 ISDIN Active Unify Fusion Fluid SPF 100+ \u00c9claircit et unifie le teint Foto Ultra 100 ISDIN Aide \u00e0 r\u00e9duire les trouble pigmentaires caus\u00e9s par le soleil. 50 ml B\u00e9n\u00e9fices Aide \u00e0 r\u00e9guler la production de m\u00e9lanine gr\u00e2ce au DP3-Unify Complex qui agit sur les principales phases de la m\u00e9lanogen\u00e8se. Offre une protection [&hellip;]<\/p>\n","protected":false},"featured_media":17850,"template":"","meta":[],"product_brand":[172],"product_cat":[142],"product_tag":[],"class_list":{"0":"post-17849","1":"product","2":"type-product","3":"status-publish","4":"has-post-thumbnail","6":"product_brand-isdin","7":"product_cat-isdin","8":"ts_product_brand-isdin","10":"first","11":"instock","12":"sale","13":"shipping-taxable","14":"purchasable","15":"product-type-simple"},"_links":{"self":[{"href":"https:\/\/para-mirava.ma\/index.php?rest_route=\/wp\/v2\/product\/17849","targetHints":{"allow":["GET"]}}],"collection":[{"href":"https:\/\/para-mirava.ma\/index.php?rest_route=\/wp\/v2\/product"}],"about":[{"href":"https:\/\/para-mirava.ma\/index.php?rest_route=\/wp\/v2\/types\/product"}],"wp:featuredmedia":[{"embeddable":true,"href":"https:\/\/para-mirava.ma\/index.php?rest_route=\/wp\/v2\/media\/17850"}],"wp:attachment":[{"href":"https:\/\/para-mirava.ma\/index.php?rest_route=%2Fwp%2Fv2%2Fmedia&parent=17849"}],"wp:term":[{"taxonomy":"product_brand","embeddable":true,"href":"https:\/\/para-mirava.ma\/index.php?rest_route=%2Fwp%2Fv2%2Fproduct_brand&post=17849"},{"taxonomy":"product_cat","embeddable":true,"href":"https:\/\/para-mirava.ma\/index.php?rest_route=%2Fwp%2Fv2%2Fproduct_cat&post=17849"},{"taxonomy":"product_tag","embeddable":true,"href":"https:\/\/para-mirava.ma\/index.php?rest_route=%2Fwp%2Fv2%2Fproduct_tag&post=17849"}],"curies":[{"name":"wp","href":"https:\/\/api.w.org\/{rel}","templated":true}]}}