{"id":18216,"date":"2026-03-13T19:09:44","date_gmt":"2026-03-13T19:09:44","guid":{"rendered":"https:\/\/para-mirava.ma\/?product=avene-xeracalm-a-d-baume-200ml-new"},"modified":"2026-03-13T19:09:44","modified_gmt":"2026-03-13T19:09:44","slug":"avene-xeracalm-a-d-baume-200ml-new","status":"publish","type":"product","link":"https:\/\/para-mirava.ma\/?product=avene-xeracalm-a-d-baume-200ml-new","title":{"rendered":"AVENE XERACALM A.D BAUME 200ML NEW"},"content":{"rendered":"<p>AVENE XERACALM A.D BAUME 200ML est disponible dans votre Parapharmacie en ligne C\u00f4t\u00e9 para \u00e0 Prix discount, livraison gratuite partout au Maroc. Ce baume relipidant est sp\u00e9cialement formul\u00e9 pour les peaux sujettes \u00e0 l&#8217;ecz\u00e9ma et aux d\u00e9mangeaisons.<\/p>\n","protected":false},"excerpt":{"rendered":"<p>AVENE XERACALM A.D BAUME 200ML est disponible dans votre Parapharmacie en ligne C\u00f4t\u00e9 para \u00e0 Prix discount, livraison gratuite partout au Maroc. Ce baume relipidant est sp\u00e9cialement formul\u00e9 pour les peaux sujettes \u00e0 l&#8217;ecz\u00e9ma et aux d\u00e9mangeaisons.<\/p>\n","protected":false},"featured_media":0,"template":"","meta":[],"product_brand":[],"product_cat":[15],"product_tag":[],"class_list":{"0":"post-18216","1":"product","2":"type-product","3":"status-publish","5":"product_cat-tout","7":"first","8":"instock","9":"sale","10":"shipping-taxable","11":"purchasable","12":"product-type-simple"},"_links":{"self":[{"href":"https:\/\/para-mirava.ma\/index.php?rest_route=\/wp\/v2\/product\/18216","targetHints":{"allow":["GET"]}}],"collection":[{"href":"https:\/\/para-mirava.ma\/index.php?rest_route=\/wp\/v2\/product"}],"about":[{"href":"https:\/\/para-mirava.ma\/index.php?rest_route=\/wp\/v2\/types\/product"}],"wp:attachment":[{"href":"https:\/\/para-mirava.ma\/index.php?rest_route=%2Fwp%2Fv2%2Fmedia&parent=18216"}],"wp:term":[{"taxonomy":"product_brand","embeddable":true,"href":"https:\/\/para-mirava.ma\/index.php?rest_route=%2Fwp%2Fv2%2Fproduct_brand&post=18216"},{"taxonomy":"product_cat","embeddable":true,"href":"https:\/\/para-mirava.ma\/index.php?rest_route=%2Fwp%2Fv2%2Fproduct_cat&post=18216"},{"taxonomy":"product_tag","embeddable":true,"href":"https:\/\/para-mirava.ma\/index.php?rest_route=%2Fwp%2Fv2%2Fproduct_tag&post=18216"}],"curies":[{"name":"wp","href":"https:\/\/api.w.org\/{rel}","templated":true}]}}