{"id":18416,"date":"2026-03-14T18:42:15","date_gmt":"2026-03-14T18:42:15","guid":{"rendered":"https:\/\/para-mirava.ma\/?product=uriage-hyseac-gel-nettoyant-150-ml-new-2"},"modified":"2026-03-14T18:42:15","modified_gmt":"2026-03-14T18:42:15","slug":"uriage-hyseac-gel-nettoyant-150-ml-new-2","status":"publish","type":"product","link":"https:\/\/para-mirava.ma\/?product=uriage-hyseac-gel-nettoyant-150-ml-new-2","title":{"rendered":"URIAGE HYSEAC GEL NETTOYANT 150 ML NEW"},"content":{"rendered":"<p>HYS\u00c9AC Gel Nettoyant \u00e9limine impuret\u00e9s et exc\u00e8s de s\u00e9bum, tout en respectant parfaitement l&#8217;\u00e9piderme. Sa haute rin\u00e7abilit\u00e9, son aspect moussant au contact de l&#8217;eau et son l\u00e9ger parfum caract\u00e9ristique de la gamme Hys\u00e9ac en font un produit tr\u00e8s agr\u00e9able \u00e0 utiliser au quotidien. La peau est plus nette, plus saine, plus fra\u00eeche.<\/p>\n<p>Nettoie<br \/>\nUn nettoyage ultra doux sans savon qui se rince \u00e0 l&#8217;eau.<\/p>\n<p>Elimine les impuret\u00e9s<br \/>\nFormul\u00e9 sp\u00e9cifiquement pour les peaux mixtes \u00e0 grasses, ce gel \u00e9limine les impuret\u00e9s et les exc\u00e8s de s\u00e9bum.<\/p>\n<p>R\u00e9sultats<br \/>\n100% de puret\u00e9 pour votre peau.<\/p>\n<p>Caract\u00e9ristiques<br \/>\nEau Thermale d&#8217;Uriage<br \/>\nBase lavante sans savon<br \/>\nPiroctone olamine<br \/>\nExtrait d&#8217;Epilobe<br \/>\nGlycocolle<br \/>\nTest\u00e9 sous contr\u00f4le dermatologique<br \/>\nNon com\u00e9dog\u00e8ne<br \/>\npH physiologique<\/p>\n<p>Conseils d&#8217;utilisation<br \/>\nFaire mousser une noisette de gel dans les mains et appliquer sur le visage et le corps humidifi\u00e9.<br \/>\nRincer abondamment.<br \/>\nA utiliser matin et soir. Disponible dans votre parapharmacie en ligne www.cotepara.ma<\/p>\n","protected":false},"excerpt":{"rendered":"<p>HYS\u00c9AC Gel Nettoyant \u00e9limine impuret\u00e9s et exc\u00e8s de s\u00e9bum, tout en respectant parfaitement l&#8217;\u00e9piderme. Sa haute rin\u00e7abilit\u00e9, son aspect moussant au contact de l&#8217;eau et son l\u00e9ger parfum caract\u00e9ristique de la gamme Hys\u00e9ac en font un produit tr\u00e8s agr\u00e9able \u00e0 utiliser au quotidien. La peau est plus nette, plus saine, plus fra\u00eeche. Nettoie Un nettoyage [&hellip;]<\/p>\n","protected":false},"featured_media":0,"template":"","meta":[],"product_brand":[],"product_cat":[15],"product_tag":[],"class_list":{"0":"post-18416","1":"product","2":"type-product","3":"status-publish","5":"product_cat-tout","7":"first","8":"instock","9":"sale","10":"shipping-taxable","11":"purchasable","12":"product-type-simple"},"_links":{"self":[{"href":"https:\/\/para-mirava.ma\/index.php?rest_route=\/wp\/v2\/product\/18416","targetHints":{"allow":["GET"]}}],"collection":[{"href":"https:\/\/para-mirava.ma\/index.php?rest_route=\/wp\/v2\/product"}],"about":[{"href":"https:\/\/para-mirava.ma\/index.php?rest_route=\/wp\/v2\/types\/product"}],"wp:attachment":[{"href":"https:\/\/para-mirava.ma\/index.php?rest_route=%2Fwp%2Fv2%2Fmedia&parent=18416"}],"wp:term":[{"taxonomy":"product_brand","embeddable":true,"href":"https:\/\/para-mirava.ma\/index.php?rest_route=%2Fwp%2Fv2%2Fproduct_brand&post=18416"},{"taxonomy":"product_cat","embeddable":true,"href":"https:\/\/para-mirava.ma\/index.php?rest_route=%2Fwp%2Fv2%2Fproduct_cat&post=18416"},{"taxonomy":"product_tag","embeddable":true,"href":"https:\/\/para-mirava.ma\/index.php?rest_route=%2Fwp%2Fv2%2Fproduct_tag&post=18416"}],"curies":[{"name":"wp","href":"https:\/\/api.w.org\/{rel}","templated":true}]}}