{"id":18594,"date":"2026-03-14T18:47:01","date_gmt":"2026-03-14T18:47:01","guid":{"rendered":"https:\/\/para-mirava.ma\/?product=vichy-deo-aerosol-48h-anti-traces-125ml"},"modified":"2026-03-17T18:46:20","modified_gmt":"2026-03-17T18:46:20","slug":"vichy-deo-aerosol-48h-anti-traces-125ml","status":"publish","type":"product","link":"https:\/\/para-mirava.ma\/?product=vichy-deo-aerosol-48h-anti-traces-125ml","title":{"rendered":"VICHY DEO AEROSOL 48H ANTI TRACES 125ML"},"content":{"rendered":"<p>Traitement anti-transpirant. Pr\u00e9vient l\u2019 apparition des traces jaunes sur les textiles clairs et des r\u00e9sidus qui peuvent les rigidifier. Anti traces blanches sur les textils fonc\u00e9s , Disponible dans votre parapharmacie en ligne<br \/>\nHommes et femmes qui recherchent le meilleur compromis entre efficacit\u00e9 et confort d\u2019utilisation<\/p>\n","protected":false},"excerpt":{"rendered":"<p>Traitement anti-transpirant. Pr\u00e9vient l\u2019 apparition des traces jaunes sur les textiles clairs et des r\u00e9sidus qui peuvent les rigidifier. Anti traces blanches sur les textils fonc\u00e9s , Disponible dans votre parapharmacie en ligne Hommes et femmes qui recherchent le meilleur compromis entre efficacit\u00e9 et confort d\u2019utilisation<\/p>\n","protected":false},"featured_media":19170,"template":"","meta":[],"product_brand":[],"product_cat":[15,136],"product_tag":[],"class_list":{"0":"post-18594","1":"product","2":"type-product","3":"status-publish","4":"has-post-thumbnail","6":"product_cat-tout","7":"product_cat-vichy","8":"ts_product_brand-vichy","10":"first","11":"instock","12":"sale","13":"shipping-taxable","14":"purchasable","15":"product-type-simple"},"_links":{"self":[{"href":"https:\/\/para-mirava.ma\/index.php?rest_route=\/wp\/v2\/product\/18594","targetHints":{"allow":["GET"]}}],"collection":[{"href":"https:\/\/para-mirava.ma\/index.php?rest_route=\/wp\/v2\/product"}],"about":[{"href":"https:\/\/para-mirava.ma\/index.php?rest_route=\/wp\/v2\/types\/product"}],"wp:featuredmedia":[{"embeddable":true,"href":"https:\/\/para-mirava.ma\/index.php?rest_route=\/wp\/v2\/media\/19170"}],"wp:attachment":[{"href":"https:\/\/para-mirava.ma\/index.php?rest_route=%2Fwp%2Fv2%2Fmedia&parent=18594"}],"wp:term":[{"taxonomy":"product_brand","embeddable":true,"href":"https:\/\/para-mirava.ma\/index.php?rest_route=%2Fwp%2Fv2%2Fproduct_brand&post=18594"},{"taxonomy":"product_cat","embeddable":true,"href":"https:\/\/para-mirava.ma\/index.php?rest_route=%2Fwp%2Fv2%2Fproduct_cat&post=18594"},{"taxonomy":"product_tag","embeddable":true,"href":"https:\/\/para-mirava.ma\/index.php?rest_route=%2Fwp%2Fv2%2Fproduct_tag&post=18594"}],"curies":[{"name":"wp","href":"https:\/\/api.w.org\/{rel}","templated":true}]}}