{"id":18633,"date":"2026-03-14T19:29:40","date_gmt":"2026-03-14T19:29:40","guid":{"rendered":"https:\/\/para-mirava.ma\/?product=ducray-melascreen-fluide-anti-taches-protecteur-spf50-50ml"},"modified":"2026-03-17T18:42:30","modified_gmt":"2026-03-17T18:42:30","slug":"ducray-melascreen-fluide-anti-taches-protecteur-spf50-50ml","status":"publish","type":"product","link":"https:\/\/para-mirava.ma\/?product=ducray-melascreen-fluide-anti-taches-protecteur-spf50-50ml","title":{"rendered":"DUCRAY MELASCREEN FLUIDE ANTI TACHES PROTECTEUR SPF50+ 50ML"},"content":{"rendered":"<p>Le fluide antitaches protecteur SPF50+ MELASCREEN est le 1er fluide antitaches quotidien tr\u00e8s haute protection qui pr\u00e9vient et r\u00e9duit l&#8217;apparence des taches brunes, tout en prot\u00e9geant la peau contre les UVB, les UVA courts et longs, la lumi\u00e8re bleue et les effets d\u00e9l\u00e9t\u00e8res de la pollution.<\/p>\n<p>Indispensable au quotidien, ce soin innovant poss\u00e8de donc une double efficacit\u00e9 d\u00e9montr\u00e9e sur les taches brunes et \u00e9galement sur le vieillissement cutan\u00e9 :<\/p>\n<p>L&#8217;ACIDE AZELA\u00cfQUE reconnu pour r\u00e9duire les taches brunes install\u00e9es tout en d\u00e9livrant une action antioxydante prot\u00e9geant la peau du stress oxydatif.<\/p>\n<p>Le filtre solaire brevet\u00e9 TRIASORB\u2122 offre donc une tr\u00e8s haute protection SPF50+ \u00e0 ultra large spectre prot\u00e9geant la peau des m\u00e9faits des rayonnement UVB\/UVA et de la lumi\u00e8re bleue jusqu&#8217;\u00e0 450 nm.<\/p>\n<p>Un fluide sans parfum au &#8220;toucher sec&#8221; et \u00e0 la texture l\u00e9g\u00e8re alliant hydratation et fini invisible sur toutes les couleurs de peau. Excellente base de maquillage et r\u00e9sistant \u00e0 l&#8217;eau, il est parfaitement adapt\u00e9 pour une utilisation au quotidien des peaux normales \u00e0 mixtes.<\/p>\n<p>Formule de bonne tol\u00e9rance qui convient aux femmes enceintes ou allaitantes. Non com\u00e9dog\u00e8ne et d\u00e9velopp\u00e9 pour minimiser les risques allergiques en g\u00e9n\u00e9ral<\/p>\n<p>Avantage<br \/>\nEfficacit\u00e9 prouv\u00e9e cliniquement sur toutes les couleurs de peau.<\/p>\n<p>B\u00e9n\u00e9fices<br \/>\nTout d&#8217;abord PR\u00c9VIENT l&#8217;apparition de nouvelles taches brunes et du vieillissement cutan\u00e9<\/p>\n<p>Ensuite R\u00c9DUIT les taches brunes install\u00e9es<\/p>\n<p>\u2022 PROT\u00c8GE contre les UVB, UVA courts et longs, la lumi\u00e8re bleue et la pollution<\/p>\n","protected":false},"excerpt":{"rendered":"<p>Le fluide antitaches protecteur SPF50+ MELASCREEN est le 1er fluide antitaches quotidien tr\u00e8s haute protection qui pr\u00e9vient et r\u00e9duit l&#8217;apparence des taches brunes, tout en prot\u00e9geant la peau contre les UVB, les UVA courts et longs, la lumi\u00e8re bleue et les effets d\u00e9l\u00e9t\u00e8res de la pollution. Indispensable au quotidien, ce soin innovant poss\u00e8de donc une [&hellip;]<\/p>\n","protected":false},"featured_media":19134,"template":"","meta":[],"product_brand":[176],"product_cat":[15,140],"product_tag":[],"class_list":{"0":"post-18633","1":"product","2":"type-product","3":"status-publish","4":"has-post-thumbnail","6":"product_brand-ducray","7":"product_cat-tout","8":"product_cat-ducray","10":"first","11":"instock","12":"sale","13":"shipping-taxable","14":"purchasable","15":"product-type-simple"},"_links":{"self":[{"href":"https:\/\/para-mirava.ma\/index.php?rest_route=\/wp\/v2\/product\/18633","targetHints":{"allow":["GET"]}}],"collection":[{"href":"https:\/\/para-mirava.ma\/index.php?rest_route=\/wp\/v2\/product"}],"about":[{"href":"https:\/\/para-mirava.ma\/index.php?rest_route=\/wp\/v2\/types\/product"}],"wp:featuredmedia":[{"embeddable":true,"href":"https:\/\/para-mirava.ma\/index.php?rest_route=\/wp\/v2\/media\/19134"}],"wp:attachment":[{"href":"https:\/\/para-mirava.ma\/index.php?rest_route=%2Fwp%2Fv2%2Fmedia&parent=18633"}],"wp:term":[{"taxonomy":"product_brand","embeddable":true,"href":"https:\/\/para-mirava.ma\/index.php?rest_route=%2Fwp%2Fv2%2Fproduct_brand&post=18633"},{"taxonomy":"product_cat","embeddable":true,"href":"https:\/\/para-mirava.ma\/index.php?rest_route=%2Fwp%2Fv2%2Fproduct_cat&post=18633"},{"taxonomy":"product_tag","embeddable":true,"href":"https:\/\/para-mirava.ma\/index.php?rest_route=%2Fwp%2Fv2%2Fproduct_tag&post=18633"}],"curies":[{"name":"wp","href":"https:\/\/api.w.org\/{rel}","templated":true}]}}