{"id":18636,"date":"2026-03-14T19:29:41","date_gmt":"2026-03-14T19:29:41","guid":{"rendered":"https:\/\/para-mirava.ma\/?product=ducray-ictyane-creme-mains-50ml"},"modified":"2026-03-17T18:42:30","modified_gmt":"2026-03-17T18:42:30","slug":"ducray-ictyane-creme-mains-50ml","status":"publish","type":"product","link":"https:\/\/para-mirava.ma\/?product=ducray-ictyane-creme-mains-50ml","title":{"rendered":"DUCRAY ICTYANE CREME MAINS 50ML"},"content":{"rendered":"<p>La cr\u00e8me mains ICTYANE r\u00e9pare et prot\u00e8ge les mains ab\u00eem\u00e9es par les agressions climatiques.<br \/>\nSon complexe vitaminique r\u00e9parateur associ\u00e9 au BEURRE DE KARIT\u00c9, nourrit la peau et aide alors \u00e0 restaurer sa barri\u00e8re cutan\u00e9e.<br \/>\nSon complexe thermo-protecteur prot\u00e8ge des stress climatiques subis par la peau. Sa texture l\u00e9g\u00e8re permet une p\u00e9n\u00e9tration rapide, sans fini gras, et laisse la peau confortable.<\/p>\n<p>Le mot de l&#8217;expert :<br \/>\nUne peau s\u00e8che a perdu sa souplesse, sa douceur et ne joue plus donc son r\u00f4le de barri\u00e8re protectrice. Elle devient inconfortable et sensible.<br \/>\nLe dess\u00e8chement cutan\u00e9 est principalement d\u00fb :<br \/>\n&#8211; aux agressions externes : stress climatiques et lavages r\u00e9p\u00e9t\u00e9s ont un effet d\u00e9lipidant et favorisent la d\u00e9shydratation cutan\u00e9e,<br \/>\n&#8211; \u00e0 l&#8217;\u00e2ge : augmentation de la perte en eau.<br \/>\nUne hydratation quotidienne corrige et pr\u00e9vient donc la s\u00e8cheresse cutan\u00e9e. Les sensations d&#8217;inconfort (irritations, tiraillements&#8230;) sont apais\u00e9es.<\/p>\n<p>Avantage :<br \/>\nPeau nourrie \u00e0 97%\u00b9.<\/p>\n<p>B\u00e9n\u00e9fices :<br \/>\n&#8211; tout d&#8217;abord RESTAURE la barri\u00e8re cutan\u00e9e des mains ab\u00eem\u00e9es<br \/>\n&#8211; Ensuite NOURRIT la peau et la prot\u00e8ge des agressions<br \/>\n&#8211; Finalement P\u00c9N\u00c8TRE rapidement sans laisser de film gras<\/p>\n<p>TEXTURE : D\u00e9licatement parfum\u00e9e<\/p>\n","protected":false},"excerpt":{"rendered":"<p>La cr\u00e8me mains ICTYANE r\u00e9pare et prot\u00e8ge les mains ab\u00eem\u00e9es par les agressions climatiques. Son complexe vitaminique r\u00e9parateur associ\u00e9 au BEURRE DE KARIT\u00c9, nourrit la peau et aide alors \u00e0 restaurer sa barri\u00e8re cutan\u00e9e. Son complexe thermo-protecteur prot\u00e8ge des stress climatiques subis par la peau. Sa texture l\u00e9g\u00e8re permet une p\u00e9n\u00e9tration rapide, sans fini gras, [&hellip;]<\/p>\n","protected":false},"featured_media":19128,"template":"","meta":[],"product_brand":[176],"product_cat":[15,140],"product_tag":[],"class_list":{"0":"post-18636","1":"product","2":"type-product","3":"status-publish","4":"has-post-thumbnail","6":"product_brand-ducray","7":"product_cat-tout","8":"product_cat-ducray","10":"first","11":"instock","12":"sale","13":"shipping-taxable","14":"purchasable","15":"product-type-simple"},"_links":{"self":[{"href":"https:\/\/para-mirava.ma\/index.php?rest_route=\/wp\/v2\/product\/18636","targetHints":{"allow":["GET"]}}],"collection":[{"href":"https:\/\/para-mirava.ma\/index.php?rest_route=\/wp\/v2\/product"}],"about":[{"href":"https:\/\/para-mirava.ma\/index.php?rest_route=\/wp\/v2\/types\/product"}],"wp:featuredmedia":[{"embeddable":true,"href":"https:\/\/para-mirava.ma\/index.php?rest_route=\/wp\/v2\/media\/19128"}],"wp:attachment":[{"href":"https:\/\/para-mirava.ma\/index.php?rest_route=%2Fwp%2Fv2%2Fmedia&parent=18636"}],"wp:term":[{"taxonomy":"product_brand","embeddable":true,"href":"https:\/\/para-mirava.ma\/index.php?rest_route=%2Fwp%2Fv2%2Fproduct_brand&post=18636"},{"taxonomy":"product_cat","embeddable":true,"href":"https:\/\/para-mirava.ma\/index.php?rest_route=%2Fwp%2Fv2%2Fproduct_cat&post=18636"},{"taxonomy":"product_tag","embeddable":true,"href":"https:\/\/para-mirava.ma\/index.php?rest_route=%2Fwp%2Fv2%2Fproduct_tag&post=18636"}],"curies":[{"name":"wp","href":"https:\/\/api.w.org\/{rel}","templated":true}]}}