{"id":18673,"date":"2026-03-14T19:29:47","date_gmt":"2026-03-14T19:29:47","guid":{"rendered":"https:\/\/para-mirava.ma\/?product=ducray-squanorm-shampoing-pellicules-seches-200ml"},"modified":"2026-03-17T18:42:27","modified_gmt":"2026-03-17T18:42:27","slug":"ducray-squanorm-shampoing-pellicules-seches-200ml","status":"publish","type":"product","link":"https:\/\/para-mirava.ma\/?product=ducray-squanorm-shampoing-pellicules-seches-200ml","title":{"rendered":"DUCRAY SQUANORM SHAMPOING PELLICULES SECHES 200ML"},"content":{"rendered":"<p>SQUANORM Shampooing traitant Pellicules s\u00e8ches favorise la disparition des pellicules s\u00e8ches et calme les d\u00e9mangeaisons*.<\/p>\n<p>Ce shampooing \u00e9limine en douceur les pellicules non adh\u00e9rentes et apaise le cuir chevelu.<\/p>\n<p>Sa texture onctueuse rend son application agr\u00e9able.<\/p>\n<p>Sa formule assainissante \u00e0 base de PIROCTONE OLAMINE permet d&#8217;e\u0301liminer durablement les pellicules.<\/p>\n<p>La GLYC\u00c9RINE lutte contre la s\u00e9cheresse du cuir chevelu en l&#8217;hydratant**.<\/p>\n<p>En plus de son action antipelliculaire, le shampooing traitant apporte souplesse, brillance et douceur \u00e0 la chevelure.<\/p>\n<p>Le mot de l&#8217;expert<\/p>\n<p>Les pellicules s\u00e8ches sont une affection fr\u00e9quente, sans gravit\u00e9, mais qui peut avoir une r\u00e9percussion inesth\u00e9tique sur votre quotidien. Elles peuvent survenir sur tous les types de cheveux. Leur origine vient principalement d&#8217;un d\u00e9s\u00e9quilibre de la flore cutan\u00e9e du cuir chevelu et de la prolif\u00e9ration d&#8217;une levure naturellement pr\u00e9sente sur votre peau. Cette levure devient irritante et, en fragilisant la barri\u00e8re cutan\u00e9e, provoque une r\u00e9action de d\u00e9fense de votre cuir chevelu. Cela entraine des irritations et parfois des d\u00e9mangeaisons. Le cuir chevelu se pars\u00e8me alors de squames fines et blanches d&#8217;aspect floconneuses qui se r\u00e9pandent sur les \u00e9paules et les v\u00eatements. De nombreux facteurs externes peuvent favoriser leur apparition mais aussi les r\u00e9cidives, comme le stress, le manque de sommeil, la pollution ou des produits capillaires inadapt\u00e9s. Il est donc important d&#8217;adopter une hygi\u00e8ne de soins rigoureuse et d&#8217;utiliser des shampoings antipelliculaires antifongiques adapt\u00e9s.<\/p>\n<p>Avantage<\/p>\n<p>Le SQUANORM Shampooing traitant &#8212; Pellicules s\u00e8ches agit durablement sur les pellicules et hydrate le cuir chevelu, m\u00eame apr\u00e8s l&#8217;arr\u00eat du shampooing.<\/p>\n<p>B\u00e9n\u00e9fices<\/p>\n<p>\u2022 \u00c9LIMINE durablement les pellicules s\u00e8ches pr\u00e9sentes \u00e0 la surface du cuir chevelu<\/p>\n<p>\u2022 HYDRATE le cuir chevelu : la GLYC\u00c9RINE hydrate le cuir chevelu sec<\/p>\n<p>\u2022 Les d\u00e9mangeaisons** sont apais\u00e9es<\/p>\n<p>\u2022 SUBLIME les cheveux et respecte la coloration capillaire<\/p>\n","protected":false},"excerpt":{"rendered":"<p>SQUANORM Shampooing traitant Pellicules s\u00e8ches favorise la disparition des pellicules s\u00e8ches et calme les d\u00e9mangeaisons*. Ce shampooing \u00e9limine en douceur les pellicules non adh\u00e9rentes et apaise le cuir chevelu. Sa texture onctueuse rend son application agr\u00e9able. Sa formule assainissante \u00e0 base de PIROCTONE OLAMINE permet d&#8217;e\u0301liminer durablement les pellicules. La GLYC\u00c9RINE lutte contre la s\u00e9cheresse [&hellip;]<\/p>\n","protected":false},"featured_media":19088,"template":"","meta":[],"product_brand":[176],"product_cat":[15,140],"product_tag":[],"class_list":{"0":"post-18673","1":"product","2":"type-product","3":"status-publish","4":"has-post-thumbnail","6":"product_brand-ducray","7":"product_cat-tout","8":"product_cat-ducray","10":"first","11":"instock","12":"sale","13":"shipping-taxable","14":"purchasable","15":"product-type-simple"},"_links":{"self":[{"href":"https:\/\/para-mirava.ma\/index.php?rest_route=\/wp\/v2\/product\/18673","targetHints":{"allow":["GET"]}}],"collection":[{"href":"https:\/\/para-mirava.ma\/index.php?rest_route=\/wp\/v2\/product"}],"about":[{"href":"https:\/\/para-mirava.ma\/index.php?rest_route=\/wp\/v2\/types\/product"}],"wp:featuredmedia":[{"embeddable":true,"href":"https:\/\/para-mirava.ma\/index.php?rest_route=\/wp\/v2\/media\/19088"}],"wp:attachment":[{"href":"https:\/\/para-mirava.ma\/index.php?rest_route=%2Fwp%2Fv2%2Fmedia&parent=18673"}],"wp:term":[{"taxonomy":"product_brand","embeddable":true,"href":"https:\/\/para-mirava.ma\/index.php?rest_route=%2Fwp%2Fv2%2Fproduct_brand&post=18673"},{"taxonomy":"product_cat","embeddable":true,"href":"https:\/\/para-mirava.ma\/index.php?rest_route=%2Fwp%2Fv2%2Fproduct_cat&post=18673"},{"taxonomy":"product_tag","embeddable":true,"href":"https:\/\/para-mirava.ma\/index.php?rest_route=%2Fwp%2Fv2%2Fproduct_tag&post=18673"}],"curies":[{"name":"wp","href":"https:\/\/api.w.org\/{rel}","templated":true}]}}