{"id":18675,"date":"2026-03-14T19:29:47","date_gmt":"2026-03-14T19:29:47","guid":{"rendered":"https:\/\/para-mirava.ma\/?product=ducray-keracnyl-pp-creme-30ml"},"modified":"2026-03-17T18:42:27","modified_gmt":"2026-03-17T18:42:27","slug":"ducray-keracnyl-pp-creme-30ml","status":"publish","type":"product","link":"https:\/\/para-mirava.ma\/?product=ducray-keracnyl-pp-creme-30ml","title":{"rendered":"DUCRAY KERACNYL PP CREME 30ML"},"content":{"rendered":"<p>La cr\u00e8me anti-imperfections KERACNYL PP+ favorise la diminution des boutons enflamm\u00e9s. Son efficacit\u00e9 anti-imperfections est d\u00e9montr\u00e9e d\u00e8s 7 jours\u00b9. Prescrite par les dermatologues, elle compense la s\u00e9cheresse et la desquamation dues aux traitements m\u00e9dicamenteux\u00b2 et apaise imm\u00e9diatement. 24h d&#8217;hydratation*. Ce soin non gras et non collant, adapt\u00e9 aux adultes et adolescents d\u00e8s 12 ans, limite \u00e9galement l&#8217;apparition des marques.<\/p>\n<p>Le mot de l&#8217;expert<br \/>\n76% des 15-24 ans et 65% des femmes sont concern\u00e9s en Europe.* Les peaux grasses \u00e0 imperfections peuvent avoir diff\u00e9rents degr\u00e9s de s\u00e9v\u00e9rit\u00e9. Une prise en charge globale par un bon geste d&#8217;hygi\u00e8ne associ\u00e9 \u00e0 un traitement compl\u00e9mentaire permettent de limiter l&#8217;aggravation de ces imperfections et d&#8217;aider \u00e0 les \u00e9liminer. * Beauty Care Women Europe 2012<\/p>\n<p>Avantage<br \/>\nFavorise la disparition des boutons apr\u00e8s 7 jours\u00b9 et limite l&#8217;apparition des marques. Apaise d\u00e8s la premi\u00e8re application\u00b2.<\/p>\n<p>B\u00e9n\u00e9fices<br \/>\n\u2022 AGIT sur les boutons rouges : l&#8217;extrait naturel de MYRTACINE\u00ae favorise le r\u00e9\u00e9quilibre de la flore bact\u00e9rienne, le CELASTROL\u00ae et la VITAMINE PP contribuent \u00e0 diminuer les rougeurs<br \/>\n\u2022 LIMITE l&#8217;apparition de marques et apaise d\u00e8s la premi\u00e8re application<br \/>\n\u2022 CONTRIBUE \u00e0 diminuer l&#8217;inconfort des traitements m\u00e9dicamenteux anti-acn\u00e9iques<\/p>\n","protected":false},"excerpt":{"rendered":"<p>La cr\u00e8me anti-imperfections KERACNYL PP+ favorise la diminution des boutons enflamm\u00e9s. Son efficacit\u00e9 anti-imperfections est d\u00e9montr\u00e9e d\u00e8s 7 jours\u00b9. Prescrite par les dermatologues, elle compense la s\u00e9cheresse et la desquamation dues aux traitements m\u00e9dicamenteux\u00b2 et apaise imm\u00e9diatement. 24h d&#8217;hydratation*. Ce soin non gras et non collant, adapt\u00e9 aux adultes et adolescents d\u00e8s 12 ans, limite [&hellip;]<\/p>\n","protected":false},"featured_media":19082,"template":"","meta":[],"product_brand":[176],"product_cat":[15,140],"product_tag":[],"class_list":{"0":"post-18675","1":"product","2":"type-product","3":"status-publish","4":"has-post-thumbnail","6":"product_brand-ducray","7":"product_cat-tout","8":"product_cat-ducray","10":"first","11":"instock","12":"sale","13":"shipping-taxable","14":"purchasable","15":"product-type-simple"},"_links":{"self":[{"href":"https:\/\/para-mirava.ma\/index.php?rest_route=\/wp\/v2\/product\/18675","targetHints":{"allow":["GET"]}}],"collection":[{"href":"https:\/\/para-mirava.ma\/index.php?rest_route=\/wp\/v2\/product"}],"about":[{"href":"https:\/\/para-mirava.ma\/index.php?rest_route=\/wp\/v2\/types\/product"}],"wp:featuredmedia":[{"embeddable":true,"href":"https:\/\/para-mirava.ma\/index.php?rest_route=\/wp\/v2\/media\/19082"}],"wp:attachment":[{"href":"https:\/\/para-mirava.ma\/index.php?rest_route=%2Fwp%2Fv2%2Fmedia&parent=18675"}],"wp:term":[{"taxonomy":"product_brand","embeddable":true,"href":"https:\/\/para-mirava.ma\/index.php?rest_route=%2Fwp%2Fv2%2Fproduct_brand&post=18675"},{"taxonomy":"product_cat","embeddable":true,"href":"https:\/\/para-mirava.ma\/index.php?rest_route=%2Fwp%2Fv2%2Fproduct_cat&post=18675"},{"taxonomy":"product_tag","embeddable":true,"href":"https:\/\/para-mirava.ma\/index.php?rest_route=%2Fwp%2Fv2%2Fproduct_tag&post=18675"}],"curies":[{"name":"wp","href":"https:\/\/api.w.org\/{rel}","templated":true}]}}