{"id":18840,"date":"2026-03-14T19:49:10","date_gmt":"2026-03-14T19:49:10","guid":{"rendered":"https:\/\/para-mirava.ma\/?product=eucerin-dermopure-triple-action-serum-40ml"},"modified":"2026-03-17T18:43:05","modified_gmt":"2026-03-17T18:43:05","slug":"eucerin-dermopure-triple-action-serum-40ml","status":"publish","type":"product","link":"https:\/\/para-mirava.ma\/?product=eucerin-dermopure-triple-action-serum-40ml","title":{"rendered":"EUCERIN DERMOPURE TRIPLE ACTION SERUM 40ML"},"content":{"rendered":"<p>S\u00e9rum Triple Action pour les peaux \u00e0 imperfections avec des marques post-acn\u00e9.<\/p>\n<p>L&#8217;acn\u00e9 est une r\u00e9alit\u00e9 pour une grande partie de la population, touchant jusqu&#8217;\u00e0 95% des adolescents et 40% des adultes. De nombreuses personnes souffrent de marques post-acn\u00e9 (hyperpigmentation post-inflammatoire ou PIH) longtemps apr\u00e8s la disparition de leur acn\u00e9 s\u00e9v\u00e8re. Ces marques peuvent persister plusieurs ann\u00e9es, voire plus de 10 ans, le soleil aggravant les sympt\u00f4mes. Environ 1 personne sur 2 souffrant d&#8217;acn\u00e9 pr\u00e9sente \u00e9galement des marques post-acn\u00e9, et tous les types de peau peuvent \u00eatre concern\u00e9s, bien qu&#8217;elles soient plus fr\u00e9quentes chez les personnes aux peaux plus fonc\u00e9es.<\/p>\n<p>Le S\u00e9rum Triple Action DermoPure Eucerin au Thiamidol brevet\u00e9* att\u00e9nue les imperfections et les marques post-acn\u00e9 gr\u00e2ce \u00e0 3 actions cl\u00e9s :<\/p>\n<p>&#8211; Anti-marques : Le Thiamidol brevet\u00e9* r\u00e9duit les marques post-acn\u00e9 persistantes (hyperpigmentation post-inflammatoire) et pr\u00e9vient leur r\u00e9apparition.<br \/>\n&#8211; Anti-imperfections : L&#8217;Acide Salicylique r\u00e9duit efficacement les imperfections et la Licochalcone A aide \u00e0 pr\u00e9venir leur r\u00e9apparition.<br \/>\n&#8211; Anti-brillance : La Technologie de R\u00e9gulation du S\u00e9bum offre un fini mat et sec de longue dur\u00e9e.<\/p>\n<p>Des \u00e9tudes cliniques et dermatologiques prouvent une bonne efficacit\u00e9 et une bonne tol\u00e9rance sur les peaux \u00e0 imperfections poss\u00e9dant des marques post-acn\u00e9.<\/p>\n<p>EUCERIN DERMOPURE TRIPLE ACTION SERUM 40ML est disponible dans votre Parapharmacie en ligne<\/p>\n","protected":false},"excerpt":{"rendered":"<p>S\u00e9rum Triple Action pour les peaux \u00e0 imperfections avec des marques post-acn\u00e9. L&#8217;acn\u00e9 est une r\u00e9alit\u00e9 pour une grande partie de la population, touchant jusqu&#8217;\u00e0 95% des adolescents et 40% des adultes. De nombreuses personnes souffrent de marques post-acn\u00e9 (hyperpigmentation post-inflammatoire ou PIH) longtemps apr\u00e8s la disparition de leur acn\u00e9 s\u00e9v\u00e8re. Ces marques peuvent persister [&hellip;]<\/p>\n","protected":false},"featured_media":19073,"template":"","meta":[],"product_brand":[],"product_cat":[15,132],"product_tag":[],"class_list":{"0":"post-18840","1":"product","2":"type-product","3":"status-publish","4":"has-post-thumbnail","6":"product_cat-tout","7":"product_cat-eucerin","8":"ts_product_brand-eucerin","10":"first","11":"instock","12":"sale","13":"shipping-taxable","14":"purchasable","15":"product-type-simple"},"_links":{"self":[{"href":"https:\/\/para-mirava.ma\/index.php?rest_route=\/wp\/v2\/product\/18840","targetHints":{"allow":["GET"]}}],"collection":[{"href":"https:\/\/para-mirava.ma\/index.php?rest_route=\/wp\/v2\/product"}],"about":[{"href":"https:\/\/para-mirava.ma\/index.php?rest_route=\/wp\/v2\/types\/product"}],"wp:featuredmedia":[{"embeddable":true,"href":"https:\/\/para-mirava.ma\/index.php?rest_route=\/wp\/v2\/media\/19073"}],"wp:attachment":[{"href":"https:\/\/para-mirava.ma\/index.php?rest_route=%2Fwp%2Fv2%2Fmedia&parent=18840"}],"wp:term":[{"taxonomy":"product_brand","embeddable":true,"href":"https:\/\/para-mirava.ma\/index.php?rest_route=%2Fwp%2Fv2%2Fproduct_brand&post=18840"},{"taxonomy":"product_cat","embeddable":true,"href":"https:\/\/para-mirava.ma\/index.php?rest_route=%2Fwp%2Fv2%2Fproduct_cat&post=18840"},{"taxonomy":"product_tag","embeddable":true,"href":"https:\/\/para-mirava.ma\/index.php?rest_route=%2Fwp%2Fv2%2Fproduct_tag&post=18840"}],"curies":[{"name":"wp","href":"https:\/\/api.w.org\/{rel}","templated":true}]}}