{"id":18846,"date":"2026-03-14T19:49:11","date_gmt":"2026-03-14T19:49:11","guid":{"rendered":"https:\/\/para-mirava.ma\/?product=eucerin-creme-visage-5-uree-50ml-new"},"modified":"2026-03-17T18:43:04","modified_gmt":"2026-03-17T18:43:04","slug":"eucerin-creme-visage-5-uree-50ml-new","status":"publish","type":"product","link":"https:\/\/para-mirava.ma\/?product=eucerin-creme-visage-5-uree-50ml-new","title":{"rendered":"EUCERIN CREME VISAGE 5% UREE 50ML NEW"},"content":{"rendered":"<p>EUCERIN UreaRepair Cr\u00e8me Visage 5% d&#8217;ur\u00e9e est un hydratant quotidien l\u00e9ger et doux con\u00e7u pour les peaux s\u00e8ches \u00e0 tr\u00e8s s\u00e8ches qui tiraillent. Enrichie en ur\u00e9e et en lactate, deux \u00e9l\u00e9ments naturellement pr\u00e9sents dans la peau qui augmentent la capacit\u00e9 de la peau \u00e0 retenir l&#8217;eau, elle hydrate instantan\u00e9ment la peau s\u00e8che du visage en r\u00e9duisant la sensation de tiraillement pour laisser la peau douce et souple. La rugosit\u00e9 est \u00e9galement souvent due \u00e0 une d\u00e9shydratation : EUCERIN UreaRepair Cr\u00e8me Visage 5% d&#8217;ur\u00e9e adoucit la peau et maintien l&#8217;hydratation cutan\u00e9e. Ce produit est id\u00e9al pour \u00eatre appliqu\u00e9 avant le maquillage ou apr\u00e8s le rasage.<\/p>\n<p>\u00c9tudes cliniques et dermatologiques<\/p>\n<p>L&#8217;efficacit\u00e9 de EUCERIN UreaRepair Cr\u00e8me Visage 5% d&#8217;ur\u00e9e a \u00e9t\u00e9 test\u00e9e par 24 volontaires qui l&#8217;ont appliqu\u00e9e deux fois par jour sur la face int\u00e9rieure de l&#8217;avant-bras. L&#8217;hydratation et la douceur de la peau ont \u00e9t\u00e9 \u00e9valu\u00e9es en comparaison avec une peau non trait\u00e9e, apr\u00e8s 1 semaine et 2 semaines de traitement, ainsi que 3 et 7 jours apr\u00e8s la derni\u00e8re application.<\/p>\n","protected":false},"excerpt":{"rendered":"<p>EUCERIN UreaRepair Cr\u00e8me Visage 5% d&#8217;ur\u00e9e est un hydratant quotidien l\u00e9ger et doux con\u00e7u pour les peaux s\u00e8ches \u00e0 tr\u00e8s s\u00e8ches qui tiraillent. Enrichie en ur\u00e9e et en lactate, deux \u00e9l\u00e9ments naturellement pr\u00e9sents dans la peau qui augmentent la capacit\u00e9 de la peau \u00e0 retenir l&#8217;eau, elle hydrate instantan\u00e9ment la peau s\u00e8che du visage en [&hellip;]<\/p>\n","protected":false},"featured_media":19067,"template":"","meta":[],"product_brand":[],"product_cat":[15,132],"product_tag":[],"class_list":{"0":"post-18846","1":"product","2":"type-product","3":"status-publish","4":"has-post-thumbnail","6":"product_cat-tout","7":"product_cat-eucerin","8":"ts_product_brand-eucerin","10":"first","11":"instock","12":"sale","13":"shipping-taxable","14":"purchasable","15":"product-type-simple"},"_links":{"self":[{"href":"https:\/\/para-mirava.ma\/index.php?rest_route=\/wp\/v2\/product\/18846","targetHints":{"allow":["GET"]}}],"collection":[{"href":"https:\/\/para-mirava.ma\/index.php?rest_route=\/wp\/v2\/product"}],"about":[{"href":"https:\/\/para-mirava.ma\/index.php?rest_route=\/wp\/v2\/types\/product"}],"wp:featuredmedia":[{"embeddable":true,"href":"https:\/\/para-mirava.ma\/index.php?rest_route=\/wp\/v2\/media\/19067"}],"wp:attachment":[{"href":"https:\/\/para-mirava.ma\/index.php?rest_route=%2Fwp%2Fv2%2Fmedia&parent=18846"}],"wp:term":[{"taxonomy":"product_brand","embeddable":true,"href":"https:\/\/para-mirava.ma\/index.php?rest_route=%2Fwp%2Fv2%2Fproduct_brand&post=18846"},{"taxonomy":"product_cat","embeddable":true,"href":"https:\/\/para-mirava.ma\/index.php?rest_route=%2Fwp%2Fv2%2Fproduct_cat&post=18846"},{"taxonomy":"product_tag","embeddable":true,"href":"https:\/\/para-mirava.ma\/index.php?rest_route=%2Fwp%2Fv2%2Fproduct_tag&post=18846"}],"curies":[{"name":"wp","href":"https:\/\/api.w.org\/{rel}","templated":true}]}}