{"id":18853,"date":"2026-03-14T19:49:12","date_gmt":"2026-03-14T19:49:12","guid":{"rendered":"https:\/\/para-mirava.ma\/?product=eucerin-ecran-oil-control-50ml"},"modified":"2026-03-17T18:43:04","modified_gmt":"2026-03-17T18:43:04","slug":"eucerin-ecran-oil-control-50ml","status":"publish","type":"product","link":"https:\/\/para-mirava.ma\/?product=eucerin-ecran-oil-control-50ml","title":{"rendered":"EUCERIN ECRAN OIL CONTROL 50ML"},"content":{"rendered":"<p>Eucerin SUN PROTECTION OIL CONTROL Gel-Cr\u00e8me SPF 50+ est un produit solaire \u00e0 usage quotidien qui pr\u00e9sente un tr\u00e8s haut facteur de protection solaire, et qui est sp\u00e9cifiquement formul\u00e9 pour les visages \u00e0 peau grasse ou \u00e0 tendance acn\u00e9ique. Il allie une photoprotection avanc\u00e9e contre les dommages cutan\u00e9s caus\u00e9s par le soleil \u00e0 une solution active qui am\u00e9liore l&#8217;\u00e9tat de la peau.<\/p>\n<p>Tout d&#8217;abord, son syst\u00e8me de filtres UVA\/UVB hautement efficaces et photostables, conforme aux recommandations de l&#8217;Union Europ\u00e9enne, garantit une protection fiable.<\/p>\n<p>Ensuite, l&#8217;association de la Licochalcone A et de l&#8217;Acide Glycyrrh\u00e9tinique assure un soutien des m\u00e9canismes de protection cellulaire. La Licochalcone A est un puissant antioxydant naturel qui agit sur les radicaux libres g\u00e9n\u00e9r\u00e9s par les UV et la lumi\u00e8re visible de haute \u00e9nergie. L&#8217;Acide Glycyrrh\u00e9tinique, aux propri\u00e9t\u00e9s antioxydantes, aide \u00e0 renforcer les m\u00e9canismes naturels de protection et de r\u00e9paration de l&#8217;ADN de la peau.<\/p>\n<p>Enfin, sa Technologie Oil Control a \u00e9t\u00e9 d\u00e9velopp\u00e9e sp\u00e9cifiquement pour r\u00e9pondre aux besoins sp\u00e9cifiques des peaux grasses ou \u00e0 tendance acn\u00e9ique.<\/p>\n<p>Sa formule compos\u00e9e de L-Carnitine, s\u00e9bor\u00e9gulatrice, et d&#8217;une combinaison de trois pigments matifiants, produit imm\u00e9diatement un fini mat et sec longue tenue sur la peau, qui r\u00e9siste m\u00eame aux climats chauds et humides.<\/p>\n<p>Eucerin SUN PROTECTION OIL CONTROL Gel-Cr\u00e8me SPF 50+ est non com\u00e9dog\u00e8ne, ne contient ni parfum ni paraben, et constitue une base de maquillage id\u00e9ale.<\/p>\n<p>EUCERIN ECRAN OIL CONTROL 50ML est disponible dans votre Parapharmacie en ligne<\/p>\n","protected":false},"excerpt":{"rendered":"<p>Eucerin SUN PROTECTION OIL CONTROL Gel-Cr\u00e8me SPF 50+ est un produit solaire \u00e0 usage quotidien qui pr\u00e9sente un tr\u00e8s haut facteur de protection solaire, et qui est sp\u00e9cifiquement formul\u00e9 pour les visages \u00e0 peau grasse ou \u00e0 tendance acn\u00e9ique. Il allie une photoprotection avanc\u00e9e contre les dommages cutan\u00e9s caus\u00e9s par le soleil \u00e0 une solution [&hellip;]<\/p>\n","protected":false},"featured_media":19060,"template":"","meta":[],"product_brand":[],"product_cat":[15,132],"product_tag":[],"class_list":{"0":"post-18853","1":"product","2":"type-product","3":"status-publish","4":"has-post-thumbnail","6":"product_cat-tout","7":"product_cat-eucerin","8":"ts_product_brand-eucerin","10":"first","11":"instock","12":"sale","13":"shipping-taxable","14":"purchasable","15":"product-type-simple"},"_links":{"self":[{"href":"https:\/\/para-mirava.ma\/index.php?rest_route=\/wp\/v2\/product\/18853","targetHints":{"allow":["GET"]}}],"collection":[{"href":"https:\/\/para-mirava.ma\/index.php?rest_route=\/wp\/v2\/product"}],"about":[{"href":"https:\/\/para-mirava.ma\/index.php?rest_route=\/wp\/v2\/types\/product"}],"wp:featuredmedia":[{"embeddable":true,"href":"https:\/\/para-mirava.ma\/index.php?rest_route=\/wp\/v2\/media\/19060"}],"wp:attachment":[{"href":"https:\/\/para-mirava.ma\/index.php?rest_route=%2Fwp%2Fv2%2Fmedia&parent=18853"}],"wp:term":[{"taxonomy":"product_brand","embeddable":true,"href":"https:\/\/para-mirava.ma\/index.php?rest_route=%2Fwp%2Fv2%2Fproduct_brand&post=18853"},{"taxonomy":"product_cat","embeddable":true,"href":"https:\/\/para-mirava.ma\/index.php?rest_route=%2Fwp%2Fv2%2Fproduct_cat&post=18853"},{"taxonomy":"product_tag","embeddable":true,"href":"https:\/\/para-mirava.ma\/index.php?rest_route=%2Fwp%2Fv2%2Fproduct_tag&post=18853"}],"curies":[{"name":"wp","href":"https:\/\/api.w.org\/{rel}","templated":true}]}}