{"id":18864,"date":"2026-03-14T19:49:14","date_gmt":"2026-03-14T19:49:14","guid":{"rendered":"https:\/\/para-mirava.ma\/?product=eucerin-urea-repair-plus-mousse-pieds-10-150ml"},"modified":"2026-03-17T18:43:03","modified_gmt":"2026-03-17T18:43:03","slug":"eucerin-urea-repair-plus-mousse-pieds-10-150ml","status":"publish","type":"product","link":"https:\/\/para-mirava.ma\/?product=eucerin-urea-repair-plus-mousse-pieds-10-150ml","title":{"rendered":"EUCERIN UREA REPAIR PLUS MOUSSE PIEDS 10% 150ML"},"content":{"rendered":"<p>La plante de nos pieds est soumise \u00e0 de rudes \u00e9preuves. Sa peau a \u00e9t\u00e9 con\u00e7ue pour \u00eatre plus \u00e9paisse et plus dure que celle des autres parties de notre corps afin de r\u00e9sister \u00e0 la vie quotidienne. Elle contribue \u00e0 nous prot\u00e9ger, mais peut aussi \u00eatre la cause de la s\u00e9cheresse de la peau des pieds. Des chaussures peu pratiques, la pression, la friction et le stress peuvent rendre les pieds, en particulier les talons, tr\u00e8s rugueux et secs au fil du temps.<\/p>\n<p>UreaRepair PLUS Mousse Pieds 10% d&#8217;Ur\u00e9e apaise la peau rugueuse et s\u00e8che des pieds gr\u00e2ce \u00e0 une hydratation intense.<\/p>\n<p>Ce produit de soin des pieds combine des ingr\u00e9dients cl\u00e9s pour hydrater intens\u00e9ment la peau s\u00e8che avec une solution cibl\u00e9e. L&#8217;Ur\u00e9e reste la r\u00e9f\u00e9rence pour l&#8217;apaisement de la peau s\u00e8che.<\/p>\n<p>Les ingr\u00e9dients classiques tels que les NMF fournissent \u00e0 la peau une hydratation intense, tandis que les C\u00e9ramides renforcent la barri\u00e8re cutan\u00e9e et pr\u00e9viennent de la perte d&#8217;hydratation.<\/p>\n<p>Ces ingr\u00e9dients sont associ\u00e9s au Dexpanth\u00e9nol et au D\u00e9can\u00e9diol, deux principes actifs majeurs dans les soins des pieds en raison de leur capacit\u00e9 \u00e0 r\u00e9g\u00e9n\u00e9rer rapidement la peau et \u00e0 r\u00e9duire les micro-organismes responsables des infections fongiques.<\/p>\n<p>R\u00e9sultat av\u00e9r\u00e9, la nouvelle mousse pieds am\u00e9liore la r\u00e9silience des pieds sensibles aux champignons.<\/p>\n<p>La formule a \u00e9t\u00e9 cliniquement et dermatologiquement prouv\u00e9e pour apporter un apaisement imm\u00e9diat et une hydratation intense et durable, retardant la s\u00e9cheresse et la rugosit\u00e9 jusqu&#8217;\u00e0 48 heures. La peau est de nouveau lisse, tandis que l&#8217;\u00e9paississement de la peau et les callosit\u00e9s sont r\u00e9duits.<\/p>\n<p>La texture mousse ultra-l\u00e9g\u00e8re s&#8217;applique facilement et p\u00e9n\u00e8tre rapidement dans la peau pour un confort total.<\/p>\n<p>La mousse est \u00e9galement dot\u00e9e d&#8217;un parfum agr\u00e9able con\u00e7u sp\u00e9cialement pour les peaux s\u00e8ches, cr\u00e9ant une exp\u00e9rience agr\u00e9able de type spa sans l&#8217;irritation que les produits parfum\u00e9s peuvent causer.<\/p>\n<p>La mousse pieds est id\u00e9ale pour les personnes ayant une peau \u00e2g\u00e9e et\/ou s\u00e8che, ainsi que pour les personnes souffrant de pathologies telles que la x\u00e9rose, le psoriasis et sp\u00e9cialement le diab\u00e8te. 95 % des utilisateurs diab\u00e9tiques confirment que la texture et la consistance de la mousse est facile d&#8217;utilisation sur les peaux diab\u00e9tiques s\u00e8ches.<\/p>\n<p>De plus, 94% des patients diab\u00e9tiques confirment l&#8217;efficacit\u00e9 globale de la mousse pour leur peau s\u00e8che tandis que 96% d&#8217;entre eux confirment qu&#8217;elle lisse et hydrate visiblement la peau.<\/p>\n<p>Elle peut \u00e9galement \u00eatre utilis\u00e9e comme soin d&#8217;appoint. Des \u00e9tudes ont \u00e9galement montr\u00e9 que 98% des testeurs affirment que la mousse est particuli\u00e8rement bien adapt\u00e9e \u00e0 la peau agress\u00e9e par les bas de contention.<\/p>\n<p>\u00c9tudes cliniques et dermatologiques<\/p>\n<p>Les \u00e9tudes cliniques et dermatologiques prouvent une tr\u00e8s bonne efficacit\u00e9 et une bonne tol\u00e9rance cutan\u00e9e sur les peaux s\u00e8ches et sur la peau des diab\u00e9tiques.<\/p>\n<p>EUCERIN UREA REPAIR PLUS MOUSSE PIEDS 10% 150ML est disponible dans votre Parapharmacie en ligne C\u00f4t\u00e9 para \u00e0 Prix discount , livraison Partout Au Maroc<\/p>\n<p>&nbsp;<\/p>\n","protected":false},"excerpt":{"rendered":"<p>La plante de nos pieds est soumise \u00e0 de rudes \u00e9preuves. Sa peau a \u00e9t\u00e9 con\u00e7ue pour \u00eatre plus \u00e9paisse et plus dure que celle des autres parties de notre corps afin de r\u00e9sister \u00e0 la vie quotidienne. Elle contribue \u00e0 nous prot\u00e9ger, mais peut aussi \u00eatre la cause de la s\u00e9cheresse de la peau [&hellip;]<\/p>\n","protected":false},"featured_media":19047,"template":"","meta":[],"product_brand":[],"product_cat":[15,132],"product_tag":[],"class_list":{"0":"post-18864","1":"product","2":"type-product","3":"status-publish","4":"has-post-thumbnail","6":"product_cat-tout","7":"product_cat-eucerin","8":"ts_product_brand-eucerin","10":"first","11":"instock","12":"sale","13":"shipping-taxable","14":"purchasable","15":"product-type-simple"},"_links":{"self":[{"href":"https:\/\/para-mirava.ma\/index.php?rest_route=\/wp\/v2\/product\/18864","targetHints":{"allow":["GET"]}}],"collection":[{"href":"https:\/\/para-mirava.ma\/index.php?rest_route=\/wp\/v2\/product"}],"about":[{"href":"https:\/\/para-mirava.ma\/index.php?rest_route=\/wp\/v2\/types\/product"}],"wp:featuredmedia":[{"embeddable":true,"href":"https:\/\/para-mirava.ma\/index.php?rest_route=\/wp\/v2\/media\/19047"}],"wp:attachment":[{"href":"https:\/\/para-mirava.ma\/index.php?rest_route=%2Fwp%2Fv2%2Fmedia&parent=18864"}],"wp:term":[{"taxonomy":"product_brand","embeddable":true,"href":"https:\/\/para-mirava.ma\/index.php?rest_route=%2Fwp%2Fv2%2Fproduct_brand&post=18864"},{"taxonomy":"product_cat","embeddable":true,"href":"https:\/\/para-mirava.ma\/index.php?rest_route=%2Fwp%2Fv2%2Fproduct_cat&post=18864"},{"taxonomy":"product_tag","embeddable":true,"href":"https:\/\/para-mirava.ma\/index.php?rest_route=%2Fwp%2Fv2%2Fproduct_tag&post=18864"}],"curies":[{"name":"wp","href":"https:\/\/api.w.org\/{rel}","templated":true}]}}