{"id":18868,"date":"2026-03-14T19:49:15","date_gmt":"2026-03-14T19:49:15","guid":{"rendered":"https:\/\/para-mirava.ma\/?product=eucerin-hyaluron-filler-3x-effect-peeling-serum"},"modified":"2026-03-17T18:43:02","modified_gmt":"2026-03-17T18:43:02","slug":"eucerin-hyaluron-filler-3x-effect-peeling-serum","status":"publish","type":"product","link":"https:\/\/para-mirava.ma\/?product=eucerin-hyaluron-filler-3x-effect-peeling-serum","title":{"rendered":"EUCERIN HYALURON FILLER +3X EFFECT PEELING &#038; SERUM"},"content":{"rendered":"<p>S\u00e9rum anti-rides et Peeling de nuit HYALURON-FILLER + 3x EFFECT<\/p>\n<p>Les dermatologues utilisent les injections d&#8217;Acide Hyaluronique et les peelings pour rendre la peau plus jeune. En s&#8217;inspirant de ces traitements, Eucerin HYALURON-FILLER + 3x EFFECT PEELING &amp; S\u00c9RUM NUIT combine deux formules puissantes pour de multiples b\u00e9n\u00e9fices anti-\u00e2ge :<\/p>\n<p>Une peau liss\u00e9e et lumineuse :<br \/>\nL&#8217;\u00e9mulsion cr\u00e9meuse contient un complexe AHA (alpha-hydroxy-acide) efficace et de la Glycine Saponine. Les AHA, dont beaucoup sont connus sous le nom d&#8217;acides de fruits, exfolient la peau tandis que la Glycine Saponine favorise la production d&#8217;Acide Hyaluronique dans les cellules \u00e9pidermiques o\u00f9 naissent les rides profondes.<\/p>\n<p>Hydratation et comblement des rides: Le gel transparent associe l&#8217;Acide Hyaluronique concentr\u00e9 de haut et de bas poids mol\u00e9culaire.<br \/>\nL&#8217;Acide Hyaluronique de haut poids mol\u00e9culaire aide \u00e0 lisser les couches sup\u00e9rieures de l&#8217;\u00e9piderme tandis que l&#8217;Acide Hyaluronique de bas poids mol\u00e9culaire (qui est 40 fois plus petit) p\u00e9n\u00e8tre plus profond\u00e9ment dans les couches de l&#8217;\u00e9piderme o\u00f9 naissent les rides plus profondes.<\/p>\n<p>Les deux formules se m\u00e9langent sur votre peau pour lui donner une sensation de douceur.<\/p>\n<p>Ce produit innovant est con\u00e7u pour \u00eatre utilis\u00e9 pendant la nuit. Il est cliniquement et dermatologiquement prouv\u00e9 qu&#8217;une utilisation r\u00e9guli\u00e8re d&#8217;Eucerin HYALURON-FILLER + 3x EFFECT PEELING &amp; S\u00c9RUM NUIT affine la texture de la peau et favorise le renouvellement cellulaire tout en comblant les rides, m\u00eame profondes. La peau est plus lisse, plus lumineuse et les pores sont resser\u00e9s.<\/p>\n","protected":false},"excerpt":{"rendered":"<p>S\u00e9rum anti-rides et Peeling de nuit HYALURON-FILLER + 3x EFFECT Les dermatologues utilisent les injections d&#8217;Acide Hyaluronique et les peelings pour rendre la peau plus jeune. En s&#8217;inspirant de ces traitements, Eucerin HYALURON-FILLER + 3x EFFECT PEELING &amp; S\u00c9RUM NUIT combine deux formules puissantes pour de multiples b\u00e9n\u00e9fices anti-\u00e2ge : Une peau liss\u00e9e et lumineuse [&hellip;]<\/p>\n","protected":false},"featured_media":19037,"template":"","meta":[],"product_brand":[],"product_cat":[15,132],"product_tag":[],"class_list":{"0":"post-18868","1":"product","2":"type-product","3":"status-publish","4":"has-post-thumbnail","6":"product_cat-tout","7":"product_cat-eucerin","8":"ts_product_brand-eucerin","10":"first","11":"instock","12":"sale","13":"shipping-taxable","14":"purchasable","15":"product-type-simple"},"_links":{"self":[{"href":"https:\/\/para-mirava.ma\/index.php?rest_route=\/wp\/v2\/product\/18868","targetHints":{"allow":["GET"]}}],"collection":[{"href":"https:\/\/para-mirava.ma\/index.php?rest_route=\/wp\/v2\/product"}],"about":[{"href":"https:\/\/para-mirava.ma\/index.php?rest_route=\/wp\/v2\/types\/product"}],"wp:featuredmedia":[{"embeddable":true,"href":"https:\/\/para-mirava.ma\/index.php?rest_route=\/wp\/v2\/media\/19037"}],"wp:attachment":[{"href":"https:\/\/para-mirava.ma\/index.php?rest_route=%2Fwp%2Fv2%2Fmedia&parent=18868"}],"wp:term":[{"taxonomy":"product_brand","embeddable":true,"href":"https:\/\/para-mirava.ma\/index.php?rest_route=%2Fwp%2Fv2%2Fproduct_brand&post=18868"},{"taxonomy":"product_cat","embeddable":true,"href":"https:\/\/para-mirava.ma\/index.php?rest_route=%2Fwp%2Fv2%2Fproduct_cat&post=18868"},{"taxonomy":"product_tag","embeddable":true,"href":"https:\/\/para-mirava.ma\/index.php?rest_route=%2Fwp%2Fv2%2Fproduct_tag&post=18868"}],"curies":[{"name":"wp","href":"https:\/\/api.w.org\/{rel}","templated":true}]}}