{"id":18872,"date":"2026-03-14T19:49:15","date_gmt":"2026-03-14T19:49:15","guid":{"rendered":"https:\/\/para-mirava.ma\/?product=eucerin-hyaluron-filler-vitamine-c-booster-8ml"},"modified":"2026-03-17T18:43:03","modified_gmt":"2026-03-17T18:43:03","slug":"eucerin-hyaluron-filler-vitamine-c-booster-8ml","status":"publish","type":"product","link":"https:\/\/para-mirava.ma\/?product=eucerin-hyaluron-filler-vitamine-c-booster-8ml","title":{"rendered":"EUCERIN HYALURON FILLER VITAMINE C BOOSTER 8ML"},"content":{"rendered":"<p>S\u00e9rum anti-\u00e2ge contenant 10 % de vitamine C pure et fra\u00eechement activ\u00e9e, adapt\u00e9 \u00e0 tous les types de peau. Soin booster qui p\u00e9n\u00e8tre facilement et qui renforce et lisse la peau tout en comblant les rides. La peau est plus fra\u00eeche et plus \u00e9clatante en sept jours seulement.<\/p>\n<p>Le soleil, la pollution, le tabac et d&#8217;autres aspects de notre mode de vie g\u00e9n\u00e8rent la formation de radicaux libres. Les radicaux libres provoquent \u00e0 la peau du stress oxydatif, acc\u00e9l\u00e8rent le vieillissement pr\u00e9matur\u00e9 de la peau et ternissent la peau.<\/p>\n<p>Eucerin HYALURON-FILLER VITAMINE C BOOSTER, qui contient 10 % de vitamine C pure et fra\u00eechement activ\u00e9e, a \u00e9t\u00e9 sp\u00e9cialement formul\u00e9 pour combattre les radicaux libres et lutter contre les premiers signes de l&#8217;\u00e2ge : il renforce la peau, comble les rides et vous procure un teint plus lisse, plus frais et plus \u00e9clatant.<\/p>\n<p>La vitamine C est un puissant antioxydant qui neutralise les radicaux libres et renforce le syst\u00e8me de d\u00e9fense de la peau. Elle est \u00e9galement essentielle \u00e0 la production de collag\u00e8ne dans les cellules cutan\u00e9es, aidant \u00e0 maintenir la structure de la peau et \u00e0 retarder les signes de l&#8217;\u00e2ge.<\/p>\n<p>Le pack innovant permet \u00e0 ce que la vitamine C pure soit fra\u00eechement activ\u00e9e lors de la premi\u00e8re utilisation. Il suffit d&#8217;appuyer et d&#8217;agiter pour que la poudre de vitamine C s&#8217;associe au s\u00e9rum d&#8217;Acide Hyaluronique de bas poids mol\u00e9culaire et de Licochalcone A.<\/p>\n<p>La formule maintient son efficacit\u00e9 maximale pendant 21 jours.<\/p>\n<p>L&#8217;Acide Hyaluronique de bas poids mol\u00e9culaire est un hydratant efficace qui comble les rides dans les couches cutan\u00e9es (sup\u00e9rieures) de l&#8217;\u00e9piderme.<\/p>\n<p>Autre antioxydant prouv\u00e9, la Licochalcone A interagit avec la vitamine C afin de neutraliser les radicaux libres caus\u00e9s par les rayons UV et la lumi\u00e8re \u00e0 haute \u00e9nergie visible (HEVIS).<\/p>\n<p>Important : Eucerin HYALURON-FILLER VITAMINE C BOOSTER convient \u00e0 tous les types de peau, et des \u00e9tudes cliniques et dermatologiques ont prouv\u00e9 qu&#8217;il renfor\u00e7ait la peau et comblait les rides. La peau est plus lisse, plus fra\u00eeche et plus \u00e9clatante en sept jours seulement, et les r\u00e9sultats s&#8217;am\u00e9liorent jour apr\u00e8s jour.<\/p>\n<p>R\u00e9sultats principaux<\/p>\n<p>Parmi d&#8217;autres \u00e9tudes cliniques et dermatologiques, un test d&#8217;usage a \u00e9t\u00e9 men\u00e9 aupr\u00e8s de 40 femmes entre 35 et 55 ans. Apr\u00e8s une, puis quatre semaines d&#8217;utilisation r\u00e9guli\u00e8re, elles ont rapport\u00e9 que le produit :<\/p>\n<p>Apr\u00e8s 7 jours Apr\u00e8s 4 semaines<\/p>\n<p>Revitalise visiblement la peau 99% 100%<\/p>\n<p>Rend la peau plus douce au toucher 99% 100%<\/p>\n<p>Procure un teint \u00e0 l&#8217;apparence plus jeune 98% 100%<\/p>\n<p>Procure un teint frais 98% 100%<\/p>\n<p>Lisse la peau 97% 100%<\/p>\n<p>Raffermit la peau 97% 99%<\/p>\n<p>Comble les rides 83% 100%<\/p>\n<p>Conseils d&#8217;application :<\/p>\n<p>\u00d4tez la pellicule de protection tout en laissant le capuchon<\/p>\n<p>Appuyez 2 ou 3 fois sur le bouton souple pour lib\u00e9rer la vitamine C<\/p>\n<p>Agitez le produit au moins 10 secondes pour activer la formule<\/p>\n<p>Retirez le capuchon en le d\u00e9vissant<\/p>\n<p>Retournez le produit et appuyez sur le bouton souple pour lib\u00e9rer la formule<\/p>\n<p>EUCERIN HYALURON FILLER VITAMINE C BOOSTER 8ML est disponible dans votre Parapharmacie en ligne C\u00f4t\u00e9 para \u00e0 Prix discount , livraison Partout Au Maroc<\/p>\n<p>Pourquoi Choisir C\u00f4t\u00e9 para ?<\/p>\n<p>Tout d&#8217;abord , C\u00f4t\u00e9 Para est pr\u00e9sente sur le March\u00e9 de la cosm\u00e9tique depuis 2009<\/p>\n<p>Ensuite Elle Pr\u00e9sente plus de 18000 R\u00e9f\u00e9rence de produits cosm\u00e9tiques<\/p>\n<p>Troisi\u00e8mement C\u00f4t\u00e9 Para propose le meilleur Prix du March\u00e9 ( Rapport Qualit\u00e9 \/ Prix )<\/p>\n<p>Quatri\u00e8mement Elle mets \u00e0 votre disposition des produits 100% Authentique<\/p>\n<p>Cinqui\u00e8mement Elle offre avec chaque commande des gratuit\u00e9s , cadeaux , trousses , \u00e9chantillons selon les disponibilit\u00e9s en Stock<\/p>\n<p>Sans oublier le service Rapide de la livraison , toute fois C\u00f4t\u00e9 Para a 4 points de vente :<\/p>\n<p>Premier Magasin : sur Bd El Qods en face de la patisserie 4 cerises<\/p>\n<p>Deuxi\u00e8me Magasin : sur Bourgogne \u00e0 C\u00f4t\u00e9 de la clinique Badr .<\/p>\n<p>Troisi\u00e8me Magasin: Sur Sidi Maarouf \u00e0 Ovillage, Av. Abou Bakr el Kadiri<\/p>\n<p>Quatri\u00e8me Magasin : Sur Bouskoura au Centre Commercial Triangle Vert, Bouskoura Ville verte<\/p>\n","protected":false},"excerpt":{"rendered":"<p>S\u00e9rum anti-\u00e2ge contenant 10 % de vitamine C pure et fra\u00eechement activ\u00e9e, adapt\u00e9 \u00e0 tous les types de peau. Soin booster qui p\u00e9n\u00e8tre facilement et qui renforce et lisse la peau tout en comblant les rides. La peau est plus fra\u00eeche et plus \u00e9clatante en sept jours seulement. Le soleil, la pollution, le tabac et [&hellip;]<\/p>\n","protected":false},"featured_media":19043,"template":"","meta":[],"product_brand":[],"product_cat":[15,132],"product_tag":[],"class_list":{"0":"post-18872","1":"product","2":"type-product","3":"status-publish","4":"has-post-thumbnail","6":"product_cat-tout","7":"product_cat-eucerin","8":"ts_product_brand-eucerin","10":"first","11":"instock","12":"sale","13":"shipping-taxable","14":"purchasable","15":"product-type-simple"},"_links":{"self":[{"href":"https:\/\/para-mirava.ma\/index.php?rest_route=\/wp\/v2\/product\/18872","targetHints":{"allow":["GET"]}}],"collection":[{"href":"https:\/\/para-mirava.ma\/index.php?rest_route=\/wp\/v2\/product"}],"about":[{"href":"https:\/\/para-mirava.ma\/index.php?rest_route=\/wp\/v2\/types\/product"}],"wp:featuredmedia":[{"embeddable":true,"href":"https:\/\/para-mirava.ma\/index.php?rest_route=\/wp\/v2\/media\/19043"}],"wp:attachment":[{"href":"https:\/\/para-mirava.ma\/index.php?rest_route=%2Fwp%2Fv2%2Fmedia&parent=18872"}],"wp:term":[{"taxonomy":"product_brand","embeddable":true,"href":"https:\/\/para-mirava.ma\/index.php?rest_route=%2Fwp%2Fv2%2Fproduct_brand&post=18872"},{"taxonomy":"product_cat","embeddable":true,"href":"https:\/\/para-mirava.ma\/index.php?rest_route=%2Fwp%2Fv2%2Fproduct_cat&post=18872"},{"taxonomy":"product_tag","embeddable":true,"href":"https:\/\/para-mirava.ma\/index.php?rest_route=%2Fwp%2Fv2%2Fproduct_tag&post=18872"}],"curies":[{"name":"wp","href":"https:\/\/api.w.org\/{rel}","templated":true}]}}