{"id":18995,"date":"2026-03-14T20:06:17","date_gmt":"2026-03-14T20:06:17","guid":{"rendered":"https:\/\/para-mirava.ma\/?product=isdin-acniben-3-lingettes-desinfectantes-30-2"},"modified":"2026-03-17T18:43:46","modified_gmt":"2026-03-17T18:43:46","slug":"isdin-acniben-3-lingettes-desinfectantes-30-2","status":"publish","type":"product","link":"https:\/\/para-mirava.ma\/?product=isdin-acniben-3-lingettes-desinfectantes-30-2","title":{"rendered":"ISDIN ACNIBEN 3 LINGETTES DESINFECTANTES *30"},"content":{"rendered":"<p>Les lingettes s\u00e9chantes pour le visage Acniben On the Go sont le compagnon id\u00e9al pour minimiser les imperfections, o\u00f9 que vous soyez.<\/p>\n<p>Offrant une triple action, ces lingettes d\u00e9sobstruent les pores, \u00e9liminent l&#8217;exc\u00e8s de s\u00e9bum et nettoient en profondeur, contribuant ainsi \u00e0 \u00e9liminer boutons, points noirs et imperfections.<\/p>\n<p>Pratiques et faciles \u00e0 appliquer, elles sont la solution parfaite pour une peau impeccable, m\u00eame lorsque vous \u00eates en d\u00e9placement.<\/p>\n<p>Disponible dans votre parapharmacie en ligne www.cotepara.ma<\/p>\n<p>Caract\u00e9ristiques Distinctives :<br \/>\nD\u00e9bouche les pores<br \/>\n\u00c9limine l&#8217;exc\u00e8s de graisse<br \/>\nPratique et facile \u00e0 appliquer<\/p>\n<p>Les lingettes s\u00e9chantes pour le visage Acniben On the Go sont la solution id\u00e9ale pour minimiser les imperfections, m\u00eame lorsque vous n&#8217;\u00eates pas \u00e0 la maison.<\/p>\n<p>Ses ingr\u00e9dients offrent une triple action sur la peau :<br \/>\nils d\u00e9sobstruent les pores, extraient l&#8217;exc\u00e8s de s\u00e9bum et nettoient en profondeur, aidant \u00e0 \u00e9liminer les boutons, points noirs et imperfections.<\/p>\n<p>Avantages :<br \/>\npremi\u00e8rement D\u00e9bouche les pores<br \/>\ndeuxi\u00e8ment \u00e9limine l&#8217;exc\u00e8s de graisse<br \/>\nFinalement Pratique et facile \u00e0 appliquer<\/p>\n<p>ISDIN ACNIBEN 3 LINGETTES DESINFECTANTES *30 disponible dans votre Parapharmacie en ligne C\u00f4t\u00e9 para \u00e0 Prix discount , livraison Partout Au Maroc<\/p>\n","protected":false},"excerpt":{"rendered":"<p>Les lingettes s\u00e9chantes pour le visage Acniben On the Go sont le compagnon id\u00e9al pour minimiser les imperfections, o\u00f9 que vous soyez. Offrant une triple action, ces lingettes d\u00e9sobstruent les pores, \u00e9liminent l&#8217;exc\u00e8s de s\u00e9bum et nettoient en profondeur, contribuant ainsi \u00e0 \u00e9liminer boutons, points noirs et imperfections. Pratiques et faciles \u00e0 appliquer, elles sont [&hellip;]<\/p>\n","protected":false},"featured_media":19027,"template":"","meta":[],"product_brand":[172],"product_cat":[15,142],"product_tag":[],"class_list":{"0":"post-18995","1":"product","2":"type-product","3":"status-publish","4":"has-post-thumbnail","6":"product_brand-isdin","7":"product_cat-tout","8":"product_cat-isdin","9":"ts_product_brand-isdin","11":"first","12":"instock","13":"sale","14":"shipping-taxable","15":"purchasable","16":"product-type-simple"},"_links":{"self":[{"href":"https:\/\/para-mirava.ma\/index.php?rest_route=\/wp\/v2\/product\/18995","targetHints":{"allow":["GET"]}}],"collection":[{"href":"https:\/\/para-mirava.ma\/index.php?rest_route=\/wp\/v2\/product"}],"about":[{"href":"https:\/\/para-mirava.ma\/index.php?rest_route=\/wp\/v2\/types\/product"}],"wp:featuredmedia":[{"embeddable":true,"href":"https:\/\/para-mirava.ma\/index.php?rest_route=\/wp\/v2\/media\/19027"}],"wp:attachment":[{"href":"https:\/\/para-mirava.ma\/index.php?rest_route=%2Fwp%2Fv2%2Fmedia&parent=18995"}],"wp:term":[{"taxonomy":"product_brand","embeddable":true,"href":"https:\/\/para-mirava.ma\/index.php?rest_route=%2Fwp%2Fv2%2Fproduct_brand&post=18995"},{"taxonomy":"product_cat","embeddable":true,"href":"https:\/\/para-mirava.ma\/index.php?rest_route=%2Fwp%2Fv2%2Fproduct_cat&post=18995"},{"taxonomy":"product_tag","embeddable":true,"href":"https:\/\/para-mirava.ma\/index.php?rest_route=%2Fwp%2Fv2%2Fproduct_tag&post=18995"}],"curies":[{"name":"wp","href":"https:\/\/api.w.org\/{rel}","templated":true}]}}