{"id":18997,"date":"2026-03-14T20:06:18","date_gmt":"2026-03-14T20:06:18","guid":{"rendered":"https:\/\/para-mirava.ma\/?product=isdin-ureadin-rx-40-gel-oil-30ml"},"modified":"2026-03-17T18:43:46","modified_gmt":"2026-03-17T18:43:46","slug":"isdin-ureadin-rx-40-gel-oil-30ml","status":"publish","type":"product","link":"https:\/\/para-mirava.ma\/?product=isdin-ureadin-rx-40-gel-oil-30ml","title":{"rendered":"ISDIN UREADIN RX 40 GEL OIL 30ML"},"content":{"rendered":"<p>Exfoliation intense des callosit\u00e9s et r\u00e9duction en douceur des ongles \u00e9paissis.<\/p>\n<p>B\u00e9n\u00e9fices:<br \/>\n&#8211; R\u00e9duit les \u00e9paississements localis\u00e9s de la peau et des ongles gr\u00e2ce \u00e0 l&#8217;Ur\u00e9e ISDIN.<br \/>\n&#8211; Facilite l&#8217;absorption de traitements antimycosiques en assouplissant les couches superficielles de la peau et des ongles.<br \/>\n&#8211; Texture Gel Huile qui offre une cosm\u00e9ticit\u00e9 optimale, favorise la stabilit\u00e9 et la p\u00e9n\u00e9tration de l&#8217;Ur\u00e9e ISDIN \u00e0 40%.<\/p>\n","protected":false},"excerpt":{"rendered":"<p>Exfoliation intense des callosit\u00e9s et r\u00e9duction en douceur des ongles \u00e9paissis. B\u00e9n\u00e9fices: &#8211; R\u00e9duit les \u00e9paississements localis\u00e9s de la peau et des ongles gr\u00e2ce \u00e0 l&#8217;Ur\u00e9e ISDIN. &#8211; Facilite l&#8217;absorption de traitements antimycosiques en assouplissant les couches superficielles de la peau et des ongles. &#8211; Texture Gel Huile qui offre une cosm\u00e9ticit\u00e9 optimale, favorise la [&hellip;]<\/p>\n","protected":false},"featured_media":19019,"template":"","meta":[],"product_brand":[172],"product_cat":[15,142],"product_tag":[],"class_list":{"0":"post-18997","1":"product","2":"type-product","3":"status-publish","4":"has-post-thumbnail","6":"product_brand-isdin","7":"product_cat-tout","8":"product_cat-isdin","9":"ts_product_brand-isdin","11":"first","12":"instock","13":"sale","14":"shipping-taxable","15":"purchasable","16":"product-type-simple"},"_links":{"self":[{"href":"https:\/\/para-mirava.ma\/index.php?rest_route=\/wp\/v2\/product\/18997","targetHints":{"allow":["GET"]}}],"collection":[{"href":"https:\/\/para-mirava.ma\/index.php?rest_route=\/wp\/v2\/product"}],"about":[{"href":"https:\/\/para-mirava.ma\/index.php?rest_route=\/wp\/v2\/types\/product"}],"wp:featuredmedia":[{"embeddable":true,"href":"https:\/\/para-mirava.ma\/index.php?rest_route=\/wp\/v2\/media\/19019"}],"wp:attachment":[{"href":"https:\/\/para-mirava.ma\/index.php?rest_route=%2Fwp%2Fv2%2Fmedia&parent=18997"}],"wp:term":[{"taxonomy":"product_brand","embeddable":true,"href":"https:\/\/para-mirava.ma\/index.php?rest_route=%2Fwp%2Fv2%2Fproduct_brand&post=18997"},{"taxonomy":"product_cat","embeddable":true,"href":"https:\/\/para-mirava.ma\/index.php?rest_route=%2Fwp%2Fv2%2Fproduct_cat&post=18997"},{"taxonomy":"product_tag","embeddable":true,"href":"https:\/\/para-mirava.ma\/index.php?rest_route=%2Fwp%2Fv2%2Fproduct_tag&post=18997"}],"curies":[{"name":"wp","href":"https:\/\/api.w.org\/{rel}","templated":true}]}}