{"id":19006,"date":"2026-03-14T20:06:19","date_gmt":"2026-03-14T20:06:19","guid":{"rendered":"https:\/\/para-mirava.ma\/?product=isdin-isdinceutics-flavo-c-forte-serum-15-1-flacon"},"modified":"2026-03-17T18:43:45","modified_gmt":"2026-03-17T18:43:45","slug":"isdin-isdinceutics-flavo-c-forte-serum-15-1-flacon","status":"publish","type":"product","link":"https:\/\/para-mirava.ma\/?product=isdin-isdinceutics-flavo-c-forte-serum-15-1-flacon","title":{"rendered":"ISDIN ISDINCEUTICS FLAVO C FORTE SERUM 15% 1 FLACON"},"content":{"rendered":"<p>Flavo-C Forte est un puissant s\u00e9rum intensif pour le visage contenant 15 % de vitamine C pure et fra\u00eeche qui revitalise, illumine et aide \u00e0 r\u00e9duire les signes de fatigue cutan\u00e9e. Disponible dans votre parapharmacie en ligne<\/p>\n","protected":false},"excerpt":{"rendered":"<p>Flavo-C Forte est un puissant s\u00e9rum intensif pour le visage contenant 15 % de vitamine C pure et fra\u00eeche qui revitalise, illumine et aide \u00e0 r\u00e9duire les signes de fatigue cutan\u00e9e. Disponible dans votre parapharmacie en ligne<\/p>\n","protected":false},"featured_media":19015,"template":"","meta":[],"product_brand":[172],"product_cat":[15,142],"product_tag":[],"class_list":{"0":"post-19006","1":"product","2":"type-product","3":"status-publish","4":"has-post-thumbnail","6":"product_brand-isdin","7":"product_cat-tout","8":"product_cat-isdin","9":"ts_product_brand-isdin","11":"first","12":"instock","13":"sale","14":"shipping-taxable","15":"purchasable","16":"product-type-simple"},"_links":{"self":[{"href":"https:\/\/para-mirava.ma\/index.php?rest_route=\/wp\/v2\/product\/19006","targetHints":{"allow":["GET"]}}],"collection":[{"href":"https:\/\/para-mirava.ma\/index.php?rest_route=\/wp\/v2\/product"}],"about":[{"href":"https:\/\/para-mirava.ma\/index.php?rest_route=\/wp\/v2\/types\/product"}],"wp:featuredmedia":[{"embeddable":true,"href":"https:\/\/para-mirava.ma\/index.php?rest_route=\/wp\/v2\/media\/19015"}],"wp:attachment":[{"href":"https:\/\/para-mirava.ma\/index.php?rest_route=%2Fwp%2Fv2%2Fmedia&parent=19006"}],"wp:term":[{"taxonomy":"product_brand","embeddable":true,"href":"https:\/\/para-mirava.ma\/index.php?rest_route=%2Fwp%2Fv2%2Fproduct_brand&post=19006"},{"taxonomy":"product_cat","embeddable":true,"href":"https:\/\/para-mirava.ma\/index.php?rest_route=%2Fwp%2Fv2%2Fproduct_cat&post=19006"},{"taxonomy":"product_tag","embeddable":true,"href":"https:\/\/para-mirava.ma\/index.php?rest_route=%2Fwp%2Fv2%2Fproduct_tag&post=19006"}],"curies":[{"name":"wp","href":"https:\/\/api.w.org\/{rel}","templated":true}]}}