{"id":19007,"date":"2026-03-14T20:06:19","date_gmt":"2026-03-14T20:06:19","guid":{"rendered":"https:\/\/para-mirava.ma\/?product=isdin-isdinceutics-age-reverse-day-creme-visage-51-5g"},"modified":"2026-03-17T18:43:45","modified_gmt":"2026-03-17T18:43:45","slug":"isdin-isdinceutics-age-reverse-day-creme-visage-51-5g","status":"publish","type":"product","link":"https:\/\/para-mirava.ma\/?product=isdin-isdinceutics-age-reverse-day-creme-visage-51-5g","title":{"rendered":"ISDIN ISDINCEUTICS AGE REVERSE DAY CREME VISAGE 51.5G"},"content":{"rendered":"<p>Traitement avec triple action anti-\u00e2ge : anti-pollution, remodelant et anti-glycation.<\/p>\n<p>Cr\u00e8me pour le visage, formul\u00e9e avec Exo-P, qui forme un bouclier protecteur anti-pollution sur la surface de la peau.<\/p>\n<p>La carnosine retarde la formation des produits finaux de glycation avanc\u00e9e (A.G.E.).<\/p>\n<p>Son utilisation continue aide \u00e0 red\u00e9finir et \u00e0 remodeler les contours du visage, gr\u00e2ce \u00e0 l&#8217;acide hyaluronique r\u00e9ticul\u00e9 et au Syn-Hycan.<\/p>\n<p>B\u00e9n\u00e9fices :<\/p>\n<p>Anti-pollution: Prot\u00e8ge la peau contre la pollution gr\u00e2ce \u00e0 Exo-P<\/p>\n<p>Remodelant: Hydrate et remod\u00e8le les contours du visage gr\u00e2ce \u00e0 l&#8217;acide hyaluronique r\u00e9ticul\u00e9 et au Syn-Hycan<\/p>\n<p>Anti-glycation: Ralentit la formation de A.G.E. gr\u00e2ce \u00e0 l&#8217;action de la carnosine<\/p>\n<p>Posologie :<\/p>\n<p>Appliquer directement sur la peau propre et s\u00e8che du visage et du cou jusqu&#8217;\u00e0 l&#8217;absorption compl\u00e8te.<\/p>\n<p>Pr\u00e9cautions : Usage externe. Tenir hors de la port\u00e9e des enfants. \u00c9viter tout contact avec les yeux et les muqueuses.<\/p>\n<p>Test\u00e9 dermatologiquement et ophtalmologiquement. Non sensibilisant.<\/p>\n<p>ISDIN AGE REVERSE DAY CREME VISAGE 51.5G est disponible dans votre Parapharmacie en ligne<\/p>\n","protected":false},"excerpt":{"rendered":"<p>Traitement avec triple action anti-\u00e2ge : anti-pollution, remodelant et anti-glycation. Cr\u00e8me pour le visage, formul\u00e9e avec Exo-P, qui forme un bouclier protecteur anti-pollution sur la surface de la peau. La carnosine retarde la formation des produits finaux de glycation avanc\u00e9e (A.G.E.). Son utilisation continue aide \u00e0 red\u00e9finir et \u00e0 remodeler les contours du visage, gr\u00e2ce [&hellip;]<\/p>\n","protected":false},"featured_media":19016,"template":"","meta":[],"product_brand":[172],"product_cat":[15,142],"product_tag":[],"class_list":{"0":"post-19007","1":"product","2":"type-product","3":"status-publish","4":"has-post-thumbnail","6":"product_brand-isdin","7":"product_cat-tout","8":"product_cat-isdin","9":"ts_product_brand-isdin","11":"first","12":"instock","13":"sale","14":"shipping-taxable","15":"purchasable","16":"product-type-simple"},"_links":{"self":[{"href":"https:\/\/para-mirava.ma\/index.php?rest_route=\/wp\/v2\/product\/19007","targetHints":{"allow":["GET"]}}],"collection":[{"href":"https:\/\/para-mirava.ma\/index.php?rest_route=\/wp\/v2\/product"}],"about":[{"href":"https:\/\/para-mirava.ma\/index.php?rest_route=\/wp\/v2\/types\/product"}],"wp:featuredmedia":[{"embeddable":true,"href":"https:\/\/para-mirava.ma\/index.php?rest_route=\/wp\/v2\/media\/19016"}],"wp:attachment":[{"href":"https:\/\/para-mirava.ma\/index.php?rest_route=%2Fwp%2Fv2%2Fmedia&parent=19007"}],"wp:term":[{"taxonomy":"product_brand","embeddable":true,"href":"https:\/\/para-mirava.ma\/index.php?rest_route=%2Fwp%2Fv2%2Fproduct_brand&post=19007"},{"taxonomy":"product_cat","embeddable":true,"href":"https:\/\/para-mirava.ma\/index.php?rest_route=%2Fwp%2Fv2%2Fproduct_cat&post=19007"},{"taxonomy":"product_tag","embeddable":true,"href":"https:\/\/para-mirava.ma\/index.php?rest_route=%2Fwp%2Fv2%2Fproduct_tag&post=19007"}],"curies":[{"name":"wp","href":"https:\/\/api.w.org\/{rel}","templated":true}]}}