{"id":19183,"date":"2026-03-17T16:25:28","date_gmt":"2026-03-17T16:25:28","guid":{"rendered":"https:\/\/para-mirava.ma\/?product=cerave-creme-hydratante-visage-spf50-52ml-2"},"modified":"2026-03-17T18:41:55","modified_gmt":"2026-03-17T18:41:55","slug":"cerave-creme-hydratante-visage-spf50-52ml-2","status":"publish","type":"product","link":"https:\/\/para-mirava.ma\/?product=cerave-creme-hydratante-visage-spf50-52ml-2","title":{"rendered":"CERAVE CREME HYDRATANTE VISAGE SPF50 52ML"},"content":{"rendered":"<p>Nettoie en douceur, favorise l&#8217;\u00e9limination des rugosit\u00e9s sans alt\u00e9rer la barri\u00e8re protectrice de la peau. Aux 3 c\u00e9ramides essentiels, acide salicylique et acide hyaluronique.<\/p>\n<p>Prot\u00e8ge contre les rayons UVA\/UVB et hydrate la peau en continu gr\u00e2ce aux 3 c\u00e9ramides essentiel et \u00e0 l&#8217;acide hyaluronique.<\/p>\n<p>Type de peau:<br \/>\nPeaux normales \u00e0 s\u00e8ches<\/p>\n<p>Zone d&#8217;application:<br \/>\nVisage et corps<\/p>\n<p>D\u00e9velopp\u00e9 avec des dermatologues, la cr\u00e8me hydratante SPF50 CeraVe prot\u00e8ge contre les rayons UVA\/UVB et donc hydrate la peau en continu tout en aidant \u00e0 pr\u00e9server la barri\u00e8re cutan\u00e9e.<\/p>\n<p>Sa texture l\u00e9g\u00e8re non grasse ne laisse pas de film blanc et sa formule enrichie aux 3 c\u00e9ramides essentiels et aussi \u00e0 l&#8217;acide hyaluronique est sans parfum, sans parab\u00e8ne, sans alcool et son octocryl\u00e8ne.<\/p>\n<p>D\u00e9velopp\u00e9e avec des dermatologues:<br \/>\nsa formule haute tol\u00e9rance est donc test\u00e9e sous contr\u00f4le dermatologique et donc respecte une charte de formulation stricte pour convenir aux peaux sensibles : non irritante, sans parfum, hypoallerg\u00e9nique et aussi non-com\u00e9dog\u00e8ne.<\/p>\n<p>Elle est aussi id\u00e9ale pour les peaux dess\u00e9ch\u00e9es par les traitements anti-acn\u00e9.<\/p>\n<p>CERAVE CREME HYDRATANTE VISAGE SPF50 52ML est disponible dans votre Parapharmacie en ligne C\u00f4t\u00e9 para \u00e0 Prix discount , livraison Partout Au Maroc<\/p>\n","protected":false},"excerpt":{"rendered":"<p>Nettoie en douceur, favorise l&#8217;\u00e9limination des rugosit\u00e9s sans alt\u00e9rer la barri\u00e8re protectrice de la peau. Aux 3 c\u00e9ramides essentiels, acide salicylique et acide hyaluronique. Prot\u00e8ge contre les rayons UVA\/UVB et hydrate la peau en continu gr\u00e2ce aux 3 c\u00e9ramides essentiel et \u00e0 l&#8217;acide hyaluronique. Type de peau: Peaux normales \u00e0 s\u00e8ches Zone d&#8217;application: Visage et [&hellip;]<\/p>\n","protected":false},"featured_media":19182,"template":"","meta":[],"product_brand":[177],"product_cat":[15,139],"product_tag":[],"class_list":{"0":"post-19183","1":"product","2":"type-product","3":"status-publish","4":"has-post-thumbnail","6":"product_brand-cerave","7":"product_cat-tout","8":"product_cat-cerave","9":"ts_product_brand-cerave","11":"first","12":"instock","13":"sale","14":"shipping-taxable","15":"purchasable","16":"product-type-simple"},"_links":{"self":[{"href":"https:\/\/para-mirava.ma\/index.php?rest_route=\/wp\/v2\/product\/19183","targetHints":{"allow":["GET"]}}],"collection":[{"href":"https:\/\/para-mirava.ma\/index.php?rest_route=\/wp\/v2\/product"}],"about":[{"href":"https:\/\/para-mirava.ma\/index.php?rest_route=\/wp\/v2\/types\/product"}],"wp:featuredmedia":[{"embeddable":true,"href":"https:\/\/para-mirava.ma\/index.php?rest_route=\/wp\/v2\/media\/19182"}],"wp:attachment":[{"href":"https:\/\/para-mirava.ma\/index.php?rest_route=%2Fwp%2Fv2%2Fmedia&parent=19183"}],"wp:term":[{"taxonomy":"product_brand","embeddable":true,"href":"https:\/\/para-mirava.ma\/index.php?rest_route=%2Fwp%2Fv2%2Fproduct_brand&post=19183"},{"taxonomy":"product_cat","embeddable":true,"href":"https:\/\/para-mirava.ma\/index.php?rest_route=%2Fwp%2Fv2%2Fproduct_cat&post=19183"},{"taxonomy":"product_tag","embeddable":true,"href":"https:\/\/para-mirava.ma\/index.php?rest_route=%2Fwp%2Fv2%2Fproduct_tag&post=19183"}],"curies":[{"name":"wp","href":"https:\/\/api.w.org\/{rel}","templated":true}]}}