{"id":19185,"date":"2026-03-17T16:25:29","date_gmt":"2026-03-17T16:25:29","guid":{"rendered":"https:\/\/para-mirava.ma\/?product=cerave-sa-gel-nettoyant-anti-rugosites-gel-nettoyant-473ml-2"},"modified":"2026-03-17T18:41:55","modified_gmt":"2026-03-17T18:41:55","slug":"cerave-sa-gel-nettoyant-anti-rugosites-gel-nettoyant-473ml-2","status":"publish","type":"product","link":"https:\/\/para-mirava.ma\/?product=cerave-sa-gel-nettoyant-anti-rugosites-gel-nettoyant-473ml-2","title":{"rendered":"CERAVE SA GEL NETTOYANT ANTI RUGOSITES GEL NETTOYANT 473ML"},"content":{"rendered":"<p>D\u00e9velopp\u00e9e avec des dermatologues, cette formule lissante sans grains, aux 3 c\u00e9ramides essentiels, acide salicylique et aussi acide hyaluronique, nettoie en douceur et favorise l&#8217;\u00e9limination des rugosit\u00e9s des peaux s\u00e8ches sans alt\u00e9rer la barri\u00e8re protectrice de la peau.<\/p>\n<p>Nettoie en douceur, favorise l&#8217;\u00e9limination des rugosit\u00e9s sans alt\u00e9rer la barri\u00e8re protectrice de la peau. Aux 3 c\u00e9ramides essentiels, acide salicylique et aussi acide hyaluronique.<\/p>\n<p>Efficacit\u00e9 imm\u00e9diate :<br \/>\n+94% d&#8217;hydratation apr\u00e8s la premi\u00e8re application*<\/p>\n<p>Efficacit\u00e9 significative d\u00e8s 3 jours :<br \/>\nLa peau est plus lisse et douce pour 94% des consommateurs apr\u00e8s 3 jours seulement**<\/p>\n<p>Efficacit\u00e9 cliniquement prouv\u00e9e apr\u00e8s 8 semaines : -76% de sympt\u00f4mes de s\u00e9cheresses cutan\u00e9es, la peau est plus lisse +39,5%<\/p>\n<p>CERAVE SA GEL NETTOYANT ANTI RUGOSITES GEL NETTOYANT 473ML est disponible dans votre Parapharmacie en ligne C\u00f4t\u00e9 para \u00e0 Prix discount, livraison Partout Au Maroc<\/p>\n","protected":false},"excerpt":{"rendered":"<p>D\u00e9velopp\u00e9e avec des dermatologues, cette formule lissante sans grains, aux 3 c\u00e9ramides essentiels, acide salicylique et aussi acide hyaluronique, nettoie en douceur et favorise l&#8217;\u00e9limination des rugosit\u00e9s des peaux s\u00e8ches sans alt\u00e9rer la barri\u00e8re protectrice de la peau. Nettoie en douceur, favorise l&#8217;\u00e9limination des rugosit\u00e9s sans alt\u00e9rer la barri\u00e8re protectrice de la peau. Aux 3 [&hellip;]<\/p>\n","protected":false},"featured_media":19184,"template":"","meta":[],"product_brand":[177],"product_cat":[15,139],"product_tag":[],"class_list":{"0":"post-19185","1":"product","2":"type-product","3":"status-publish","4":"has-post-thumbnail","6":"product_brand-cerave","7":"product_cat-tout","8":"product_cat-cerave","9":"ts_product_brand-cerave","11":"first","12":"instock","13":"sale","14":"shipping-taxable","15":"purchasable","16":"product-type-simple"},"_links":{"self":[{"href":"https:\/\/para-mirava.ma\/index.php?rest_route=\/wp\/v2\/product\/19185","targetHints":{"allow":["GET"]}}],"collection":[{"href":"https:\/\/para-mirava.ma\/index.php?rest_route=\/wp\/v2\/product"}],"about":[{"href":"https:\/\/para-mirava.ma\/index.php?rest_route=\/wp\/v2\/types\/product"}],"wp:featuredmedia":[{"embeddable":true,"href":"https:\/\/para-mirava.ma\/index.php?rest_route=\/wp\/v2\/media\/19184"}],"wp:attachment":[{"href":"https:\/\/para-mirava.ma\/index.php?rest_route=%2Fwp%2Fv2%2Fmedia&parent=19185"}],"wp:term":[{"taxonomy":"product_brand","embeddable":true,"href":"https:\/\/para-mirava.ma\/index.php?rest_route=%2Fwp%2Fv2%2Fproduct_brand&post=19185"},{"taxonomy":"product_cat","embeddable":true,"href":"https:\/\/para-mirava.ma\/index.php?rest_route=%2Fwp%2Fv2%2Fproduct_cat&post=19185"},{"taxonomy":"product_tag","embeddable":true,"href":"https:\/\/para-mirava.ma\/index.php?rest_route=%2Fwp%2Fv2%2Fproduct_tag&post=19185"}],"curies":[{"name":"wp","href":"https:\/\/api.w.org\/{rel}","templated":true}]}}