{"id":19187,"date":"2026-03-17T16:25:29","date_gmt":"2026-03-17T16:25:29","guid":{"rendered":"https:\/\/para-mirava.ma\/?product=cerave-gel-moussant-anti-imperfections-236ml-2"},"modified":"2026-03-17T18:41:55","modified_gmt":"2026-03-17T18:41:55","slug":"cerave-gel-moussant-anti-imperfections-236ml-2","status":"publish","type":"product","link":"https:\/\/para-mirava.ma\/?product=cerave-gel-moussant-anti-imperfections-236ml-2","title":{"rendered":"CERAVE GEL MOUSSANT ANTI IMPERFECTIONS 236ML"},"content":{"rendered":"<p>Le Gel Moussant Anti-Imperfections de CeraVe nettoie en profondeur, purifie et aide \u00e0 \u00e9liminer les boutons et imperfections des peaux grasses, \u00e0 imperfections et \u00e0 tendance acn\u00e9ique. Il r\u00e9duit jusqu&#8217;\u00e0 29% de boutons apr\u00e8s 2 semaines d&#8217;utilisation*. Formul\u00e9 avec de l&#8217;acide salicylique (BHA) et de l&#8217;argile blanche, il exfolie, d\u00e9sobstrue les pores, r\u00e9duit l&#8217;exc\u00e8s de s\u00e9bum et a un effet matifiant (Technologie S\u00e9bum Contr\u00f4le). Il hydrate, restaure la barri\u00e8re cutan\u00e9e, apaise et r\u00e9duit les rougeurs et inflammations. Ce nettoyant \u00e0 la texture gel se transforme en mousse l\u00e9g\u00e8re lors de l&#8217;utilisation. D\u00e9velopp\u00e9e avec des dermatologues et selon une charte de formulation stricte, cette formule est respectueuse de la peau avec un pH physiologique, sans parfum, hypoallerg\u00e9nique et non-com\u00e9dog\u00e8ne. Ce nettoyant convient \u00e0 tous les types de peaux \u00e0 tendance acn\u00e9ique, m\u00eame les plus sensibles et pour une utilisation quotidienne chez l&#8217;adolescent et l&#8217;adulte.<\/p>\n","protected":false},"excerpt":{"rendered":"<p>Le Gel Moussant Anti-Imperfections de CeraVe nettoie en profondeur, purifie et aide \u00e0 \u00e9liminer les boutons et imperfections des peaux grasses, \u00e0 imperfections et \u00e0 tendance acn\u00e9ique. Il r\u00e9duit jusqu&#8217;\u00e0 29% de boutons apr\u00e8s 2 semaines d&#8217;utilisation*. Formul\u00e9 avec de l&#8217;acide salicylique (BHA) et de l&#8217;argile blanche, il exfolie, d\u00e9sobstrue les pores, r\u00e9duit l&#8217;exc\u00e8s de [&hellip;]<\/p>\n","protected":false},"featured_media":19186,"template":"","meta":[],"product_brand":[177],"product_cat":[15,139],"product_tag":[],"class_list":{"0":"post-19187","1":"product","2":"type-product","3":"status-publish","4":"has-post-thumbnail","6":"product_brand-cerave","7":"product_cat-tout","8":"product_cat-cerave","9":"ts_product_brand-cerave","11":"first","12":"instock","13":"sale","14":"shipping-taxable","15":"purchasable","16":"product-type-simple"},"_links":{"self":[{"href":"https:\/\/para-mirava.ma\/index.php?rest_route=\/wp\/v2\/product\/19187","targetHints":{"allow":["GET"]}}],"collection":[{"href":"https:\/\/para-mirava.ma\/index.php?rest_route=\/wp\/v2\/product"}],"about":[{"href":"https:\/\/para-mirava.ma\/index.php?rest_route=\/wp\/v2\/types\/product"}],"wp:featuredmedia":[{"embeddable":true,"href":"https:\/\/para-mirava.ma\/index.php?rest_route=\/wp\/v2\/media\/19186"}],"wp:attachment":[{"href":"https:\/\/para-mirava.ma\/index.php?rest_route=%2Fwp%2Fv2%2Fmedia&parent=19187"}],"wp:term":[{"taxonomy":"product_brand","embeddable":true,"href":"https:\/\/para-mirava.ma\/index.php?rest_route=%2Fwp%2Fv2%2Fproduct_brand&post=19187"},{"taxonomy":"product_cat","embeddable":true,"href":"https:\/\/para-mirava.ma\/index.php?rest_route=%2Fwp%2Fv2%2Fproduct_cat&post=19187"},{"taxonomy":"product_tag","embeddable":true,"href":"https:\/\/para-mirava.ma\/index.php?rest_route=%2Fwp%2Fv2%2Fproduct_tag&post=19187"}],"curies":[{"name":"wp","href":"https:\/\/api.w.org\/{rel}","templated":true}]}}