{"id":19239,"date":"2026-03-17T16:25:48","date_gmt":"2026-03-17T16:25:48","guid":{"rendered":"https:\/\/para-mirava.ma\/?product=cerave-pack-winter-kit-baume-hydratant-pss-340g-2"},"modified":"2026-03-17T18:41:52","modified_gmt":"2026-03-17T18:41:52","slug":"cerave-pack-winter-kit-baume-hydratant-pss-340g-2","status":"publish","type":"product","link":"https:\/\/para-mirava.ma\/?product=cerave-pack-winter-kit-baume-hydratant-pss-340g-2","title":{"rendered":"CERAVE PACK WINTER KIT (BAUME HYDRATANT PSS 340G)"},"content":{"rendered":"<p>**CERAVE PACK WINTER KIT (BAUME HYDRATANT PSS 340G)** est disponible dans votre Parapharmacie en ligne **C\u00f4t\u00e9 para** \u00e0 Prix discount, avec livraison gratuite partout au Maroc.<\/p>\n<p>**Pourquoi Choisir C\u00f4t\u00e9 para ?**<\/p>\n<p>*   **Pr\u00e9sence sur le March\u00e9 :** C\u00f4t\u00e9 Para est pr\u00e9sente sur le march\u00e9 de la cosm\u00e9tique depuis 2009.<br \/>\n*   **Large Gamme de Produits :** Elle propose plus de 18 000 r\u00e9f\u00e9rences de produits cosm\u00e9tiques Para Maroc.<br \/>\n*   **Meilleur Prix :** C\u00f4t\u00e9 Para offre le meilleur rapport qualit\u00e9\/prix du march\u00e9.<br \/>\n*   **Produits Authentiques :** Elle met \u00e0 votre disposition des produits 100% authentiques.<br \/>\n*   **Cadeaux et Gratuit\u00e9s :** Chaque commande est accompagn\u00e9e de gratuit\u00e9s, cadeaux, trousses, et \u00e9chantillons selon les disponibilit\u00e9s en stock.<br \/>\n*   **Service de Livraison Rapide :** C\u00f4t\u00e9 Para assure un service de livraison rapide.<br \/>\n*   **Points de Vente Physiques :** C\u00f4t\u00e9 Para dispose de 4 points de vente :<br \/>\n    *   Casablanca, Bourgogne (\u00e0 c\u00f4t\u00e9 de la clinique Badr).<br \/>\n    *   Casablanca, Bd El Qods (en face de la p\u00e2tisserie 4 cerises).<br \/>\n    *   Casablanca, Sidi Maarouf \u00e0 Ovillage, Av. Abou Bakr el Kadiri.<br \/>\n    *   Bouskoura au Centre Commercial Triangle Vert, Bouskoura Ville verte.<\/p>\n","protected":false},"excerpt":{"rendered":"<p>**CERAVE PACK WINTER KIT (BAUME HYDRATANT PSS 340G)** est disponible dans votre Parapharmacie en ligne **C\u00f4t\u00e9 para** \u00e0 Prix discount, avec livraison gratuite partout au Maroc. **Pourquoi Choisir C\u00f4t\u00e9 para ?** * **Pr\u00e9sence sur le March\u00e9 :** C\u00f4t\u00e9 Para est pr\u00e9sente sur le march\u00e9 de la cosm\u00e9tique depuis 2009. * **Large Gamme de Produits :** [&hellip;]<\/p>\n","protected":false},"featured_media":19238,"template":"","meta":[],"product_brand":[177],"product_cat":[15,139],"product_tag":[],"class_list":{"0":"post-19239","1":"product","2":"type-product","3":"status-publish","4":"has-post-thumbnail","6":"product_brand-cerave","7":"product_cat-tout","8":"product_cat-cerave","9":"ts_product_brand-cerave","11":"first","12":"instock","13":"sale","14":"shipping-taxable","15":"purchasable","16":"product-type-simple"},"_links":{"self":[{"href":"https:\/\/para-mirava.ma\/index.php?rest_route=\/wp\/v2\/product\/19239","targetHints":{"allow":["GET"]}}],"collection":[{"href":"https:\/\/para-mirava.ma\/index.php?rest_route=\/wp\/v2\/product"}],"about":[{"href":"https:\/\/para-mirava.ma\/index.php?rest_route=\/wp\/v2\/types\/product"}],"wp:featuredmedia":[{"embeddable":true,"href":"https:\/\/para-mirava.ma\/index.php?rest_route=\/wp\/v2\/media\/19238"}],"wp:attachment":[{"href":"https:\/\/para-mirava.ma\/index.php?rest_route=%2Fwp%2Fv2%2Fmedia&parent=19239"}],"wp:term":[{"taxonomy":"product_brand","embeddable":true,"href":"https:\/\/para-mirava.ma\/index.php?rest_route=%2Fwp%2Fv2%2Fproduct_brand&post=19239"},{"taxonomy":"product_cat","embeddable":true,"href":"https:\/\/para-mirava.ma\/index.php?rest_route=%2Fwp%2Fv2%2Fproduct_cat&post=19239"},{"taxonomy":"product_tag","embeddable":true,"href":"https:\/\/para-mirava.ma\/index.php?rest_route=%2Fwp%2Fv2%2Fproduct_tag&post=19239"}],"curies":[{"name":"wp","href":"https:\/\/api.w.org\/{rel}","templated":true}]}}