{"id":19242,"date":"2026-03-17T16:50:31","date_gmt":"2026-03-17T16:50:31","guid":{"rendered":"https:\/\/para-mirava.ma\/?product=bioderma-hydrabio-creme-riche-pot-ps-50ml-2"},"modified":"2026-03-17T18:40:58","modified_gmt":"2026-03-17T18:40:58","slug":"bioderma-hydrabio-creme-riche-pot-ps-50ml-2","status":"publish","type":"product","link":"https:\/\/para-mirava.ma\/?product=bioderma-hydrabio-creme-riche-pot-ps-50ml-2","title":{"rendered":"BIODERMA HYDRABIO CREME RICHE POT PS 50ML"},"content":{"rendered":"<p>Bioderma Hydrabio Cr\u00e8me Soin Hydratant Texture Riche 50 ml est une cr\u00e8me sp\u00e9cialement formul\u00e9e pour le soin et l&#8217;hydratation des peaux sensibles s\u00e8ches \u00e0 tr\u00e8s s\u00e8ches.<\/p>\n<p>Disponible dans votre parapharmacie en ligne www.cotepara.ma<\/p>\n<p>Cette cr\u00e8me hydratante contient des actifs du brevet Aquagenium qui agissent de fa\u00e7on plus cibl\u00e9e et efficace pour r\u00e9activer le processus naturel d&#8217;hydratation et relancer ainsi la circulation de l&#8217;eau au c\u0153ur des cellules. Elle effectue une action lissante et affine le grain de peau tout en ravivant l&#8217;\u00e9clat naturel du teint.<\/p>\n","protected":false},"excerpt":{"rendered":"<p>Bioderma Hydrabio Cr\u00e8me Soin Hydratant Texture Riche 50 ml est une cr\u00e8me sp\u00e9cialement formul\u00e9e pour le soin et l&#8217;hydratation des peaux sensibles s\u00e8ches \u00e0 tr\u00e8s s\u00e8ches. Disponible dans votre parapharmacie en ligne www.cotepara.ma Cette cr\u00e8me hydratante contient des actifs du brevet Aquagenium qui agissent de fa\u00e7on plus cibl\u00e9e et efficace pour r\u00e9activer le processus naturel [&hellip;]<\/p>\n","protected":false},"featured_media":19241,"template":"","meta":[],"product_brand":[170],"product_cat":[15,135],"product_tag":[],"class_list":{"0":"post-19242","1":"product","2":"type-product","3":"status-publish","4":"has-post-thumbnail","6":"product_brand-bioderma","7":"product_cat-tout","8":"product_cat-bioderma","9":"ts_product_brand-bioderma","11":"first","12":"instock","13":"sale","14":"shipping-taxable","15":"purchasable","16":"product-type-simple"},"_links":{"self":[{"href":"https:\/\/para-mirava.ma\/index.php?rest_route=\/wp\/v2\/product\/19242","targetHints":{"allow":["GET"]}}],"collection":[{"href":"https:\/\/para-mirava.ma\/index.php?rest_route=\/wp\/v2\/product"}],"about":[{"href":"https:\/\/para-mirava.ma\/index.php?rest_route=\/wp\/v2\/types\/product"}],"wp:featuredmedia":[{"embeddable":true,"href":"https:\/\/para-mirava.ma\/index.php?rest_route=\/wp\/v2\/media\/19241"}],"wp:attachment":[{"href":"https:\/\/para-mirava.ma\/index.php?rest_route=%2Fwp%2Fv2%2Fmedia&parent=19242"}],"wp:term":[{"taxonomy":"product_brand","embeddable":true,"href":"https:\/\/para-mirava.ma\/index.php?rest_route=%2Fwp%2Fv2%2Fproduct_brand&post=19242"},{"taxonomy":"product_cat","embeddable":true,"href":"https:\/\/para-mirava.ma\/index.php?rest_route=%2Fwp%2Fv2%2Fproduct_cat&post=19242"},{"taxonomy":"product_tag","embeddable":true,"href":"https:\/\/para-mirava.ma\/index.php?rest_route=%2Fwp%2Fv2%2Fproduct_tag&post=19242"}],"curies":[{"name":"wp","href":"https:\/\/api.w.org\/{rel}","templated":true}]}}