{"id":19346,"date":"2026-03-17T16:51:24","date_gmt":"2026-03-17T16:51:24","guid":{"rendered":"https:\/\/para-mirava.ma\/?product=bioderma-sebium-night-peel-concentre-lissant-40ml-2"},"modified":"2026-03-17T18:40:53","modified_gmt":"2026-03-17T18:40:53","slug":"bioderma-sebium-night-peel-concentre-lissant-40ml-2","status":"publish","type":"product","link":"https:\/\/para-mirava.ma\/?product=bioderma-sebium-night-peel-concentre-lissant-40ml-2","title":{"rendered":"BIODERMA SEBIUM NIGHT PEEL CONCENTRE LISSANT 40ML"},"content":{"rendered":"<p>S\u00e9bium Night peel procure l&#8217;efficacit\u00e9 d&#8217;un peeling doux pour les peaux mixtes \u00e0 grasses pr\u00e9sentant des imperfections. Il contient 15 % d&#8217;acide glycolique pour favoriser le renouvellement \u00e9pidermique. Cet AHA naturellement pr\u00e9sent dans les fruits est fr\u00e9quemment utilis\u00e9 par les dermatologues en raison de son efficacit\u00e9 et sa tol\u00e9rance \u00e9lev\u00e9es.<\/p>\n","protected":false},"excerpt":{"rendered":"<p>S\u00e9bium Night peel procure l&#8217;efficacit\u00e9 d&#8217;un peeling doux pour les peaux mixtes \u00e0 grasses pr\u00e9sentant des imperfections. Il contient 15 % d&#8217;acide glycolique pour favoriser le renouvellement \u00e9pidermique. Cet AHA naturellement pr\u00e9sent dans les fruits est fr\u00e9quemment utilis\u00e9 par les dermatologues en raison de son efficacit\u00e9 et sa tol\u00e9rance \u00e9lev\u00e9es.<\/p>\n","protected":false},"featured_media":19345,"template":"","meta":[],"product_brand":[170],"product_cat":[15,135],"product_tag":[],"class_list":{"0":"post-19346","1":"product","2":"type-product","3":"status-publish","4":"has-post-thumbnail","6":"product_brand-bioderma","7":"product_cat-tout","8":"product_cat-bioderma","9":"ts_product_brand-bioderma","11":"first","12":"instock","13":"sale","14":"shipping-taxable","15":"purchasable","16":"product-type-simple"},"_links":{"self":[{"href":"https:\/\/para-mirava.ma\/index.php?rest_route=\/wp\/v2\/product\/19346","targetHints":{"allow":["GET"]}}],"collection":[{"href":"https:\/\/para-mirava.ma\/index.php?rest_route=\/wp\/v2\/product"}],"about":[{"href":"https:\/\/para-mirava.ma\/index.php?rest_route=\/wp\/v2\/types\/product"}],"wp:featuredmedia":[{"embeddable":true,"href":"https:\/\/para-mirava.ma\/index.php?rest_route=\/wp\/v2\/media\/19345"}],"wp:attachment":[{"href":"https:\/\/para-mirava.ma\/index.php?rest_route=%2Fwp%2Fv2%2Fmedia&parent=19346"}],"wp:term":[{"taxonomy":"product_brand","embeddable":true,"href":"https:\/\/para-mirava.ma\/index.php?rest_route=%2Fwp%2Fv2%2Fproduct_brand&post=19346"},{"taxonomy":"product_cat","embeddable":true,"href":"https:\/\/para-mirava.ma\/index.php?rest_route=%2Fwp%2Fv2%2Fproduct_cat&post=19346"},{"taxonomy":"product_tag","embeddable":true,"href":"https:\/\/para-mirava.ma\/index.php?rest_route=%2Fwp%2Fv2%2Fproduct_tag&post=19346"}],"curies":[{"name":"wp","href":"https:\/\/api.w.org\/{rel}","templated":true}]}}