{"id":19366,"date":"2026-03-17T16:51:34","date_gmt":"2026-03-17T16:51:34","guid":{"rendered":"https:\/\/para-mirava.ma\/?product=bioderma-atoderm-intensive-gel-creme-500ml-2"},"modified":"2026-03-17T18:40:52","modified_gmt":"2026-03-17T18:40:52","slug":"bioderma-atoderm-intensive-gel-creme-500ml-2","status":"publish","type":"product","link":"https:\/\/para-mirava.ma\/?product=bioderma-atoderm-intensive-gel-creme-500ml-2","title":{"rendered":"BIODERMA ATODERM INTENSIVE GEL CREME 500ML"},"content":{"rendered":"<p>Atoderm Intensive gel-cr\u00e8me est le 1er soin \u00e0 la texture nourrissante et ultra-fra\u00eeche pour les peaux tr\u00e8s s\u00e8ches ou sujettes \u00e0 l&#8217;ecz\u00e9ma atopique, qui facilite l&#8217;application quotidienne de l&#8217;\u00e9mollient.<\/p>\n<p>Disponible dans votre parapharmacie en ligne www.cotepara.ma<\/p>\n<p>Il apaise rapidement et durablement les sensations de d\u00e9mangeaisons et diminue l&#8217;incitation au grattage gr\u00e2ce au d\u00e9riv\u00e9 d&#8217;Enoxolone. La technologie hydro-absorbante retient l&#8217;eau environnante afin d&#8217;optimiser l&#8217;hydratation de la peau et renforcer sa fonction barri\u00e8re. Elle permet ainsi de limiter les sensations de d\u00e9mangeaisons et donc les irritations.<\/p>\n","protected":false},"excerpt":{"rendered":"<p>Atoderm Intensive gel-cr\u00e8me est le 1er soin \u00e0 la texture nourrissante et ultra-fra\u00eeche pour les peaux tr\u00e8s s\u00e8ches ou sujettes \u00e0 l&#8217;ecz\u00e9ma atopique, qui facilite l&#8217;application quotidienne de l&#8217;\u00e9mollient. Disponible dans votre parapharmacie en ligne www.cotepara.ma Il apaise rapidement et durablement les sensations de d\u00e9mangeaisons et diminue l&#8217;incitation au grattage gr\u00e2ce au d\u00e9riv\u00e9 d&#8217;Enoxolone. La [&hellip;]<\/p>\n","protected":false},"featured_media":19365,"template":"","meta":[],"product_brand":[170],"product_cat":[15,135],"product_tag":[],"class_list":{"0":"post-19366","1":"product","2":"type-product","3":"status-publish","4":"has-post-thumbnail","6":"product_brand-bioderma","7":"product_cat-tout","8":"product_cat-bioderma","9":"ts_product_brand-bioderma","11":"first","12":"instock","13":"sale","14":"shipping-taxable","15":"purchasable","16":"product-type-simple"},"_links":{"self":[{"href":"https:\/\/para-mirava.ma\/index.php?rest_route=\/wp\/v2\/product\/19366","targetHints":{"allow":["GET"]}}],"collection":[{"href":"https:\/\/para-mirava.ma\/index.php?rest_route=\/wp\/v2\/product"}],"about":[{"href":"https:\/\/para-mirava.ma\/index.php?rest_route=\/wp\/v2\/types\/product"}],"wp:featuredmedia":[{"embeddable":true,"href":"https:\/\/para-mirava.ma\/index.php?rest_route=\/wp\/v2\/media\/19365"}],"wp:attachment":[{"href":"https:\/\/para-mirava.ma\/index.php?rest_route=%2Fwp%2Fv2%2Fmedia&parent=19366"}],"wp:term":[{"taxonomy":"product_brand","embeddable":true,"href":"https:\/\/para-mirava.ma\/index.php?rest_route=%2Fwp%2Fv2%2Fproduct_brand&post=19366"},{"taxonomy":"product_cat","embeddable":true,"href":"https:\/\/para-mirava.ma\/index.php?rest_route=%2Fwp%2Fv2%2Fproduct_cat&post=19366"},{"taxonomy":"product_tag","embeddable":true,"href":"https:\/\/para-mirava.ma\/index.php?rest_route=%2Fwp%2Fv2%2Fproduct_tag&post=19366"}],"curies":[{"name":"wp","href":"https:\/\/api.w.org\/{rel}","templated":true}]}}