{"id":19386,"date":"2026-03-17T16:51:43","date_gmt":"2026-03-17T16:51:43","guid":{"rendered":"https:\/\/para-mirava.ma\/?product=bioderma-photoderm-ar-spf50-30ml-new-2"},"modified":"2026-03-17T18:40:51","modified_gmt":"2026-03-17T18:40:51","slug":"bioderma-photoderm-ar-spf50-30ml-new-2","status":"publish","type":"product","link":"https:\/\/para-mirava.ma\/?product=bioderma-photoderm-ar-spf50-30ml-new-2","title":{"rendered":"BIODERMA PHOTODERM AR SPF50+ 30ML NEW"},"content":{"rendered":"<p>BIODERMA PHOTODERM AR SPF50+ 30ML NEW est une protection solaire haute tol\u00e9rance pour les peaux sujettes aux rougeurs. Sa formule contient le complexe brevet\u00e9 Rosactiv\u2122 pour limiter l&#8217;apparition des rougeurs et de la vitamine E pour prot\u00e9ger du stress oxydatif. Sa teinte naturelle unifie le teint et att\u00e9nue les rougeurs. La texture fondante p\u00e9n\u00e8tre rapidement et laisse la peau confortable. La technologie SUN ACTIVE DEFENSE offre une protection renforc\u00e9e contre les UVA et am\u00e9liore la capacit\u00e9 de la peau \u00e0 se d\u00e9fendre contre le soleil.<\/p>\n","protected":false},"excerpt":{"rendered":"<p>BIODERMA PHOTODERM AR SPF50+ 30ML NEW est une protection solaire haute tol\u00e9rance pour les peaux sujettes aux rougeurs. Sa formule contient le complexe brevet\u00e9 Rosactiv\u2122 pour limiter l&#8217;apparition des rougeurs et de la vitamine E pour prot\u00e9ger du stress oxydatif. Sa teinte naturelle unifie le teint et att\u00e9nue les rougeurs. La texture fondante p\u00e9n\u00e8tre rapidement [&hellip;]<\/p>\n","protected":false},"featured_media":19385,"template":"","meta":[],"product_brand":[170],"product_cat":[15,135],"product_tag":[],"class_list":{"0":"post-19386","1":"product","2":"type-product","3":"status-publish","4":"has-post-thumbnail","6":"product_brand-bioderma","7":"product_cat-tout","8":"product_cat-bioderma","9":"ts_product_brand-bioderma","11":"first","12":"instock","13":"sale","14":"shipping-taxable","15":"purchasable","16":"product-type-simple"},"_links":{"self":[{"href":"https:\/\/para-mirava.ma\/index.php?rest_route=\/wp\/v2\/product\/19386","targetHints":{"allow":["GET"]}}],"collection":[{"href":"https:\/\/para-mirava.ma\/index.php?rest_route=\/wp\/v2\/product"}],"about":[{"href":"https:\/\/para-mirava.ma\/index.php?rest_route=\/wp\/v2\/types\/product"}],"wp:featuredmedia":[{"embeddable":true,"href":"https:\/\/para-mirava.ma\/index.php?rest_route=\/wp\/v2\/media\/19385"}],"wp:attachment":[{"href":"https:\/\/para-mirava.ma\/index.php?rest_route=%2Fwp%2Fv2%2Fmedia&parent=19386"}],"wp:term":[{"taxonomy":"product_brand","embeddable":true,"href":"https:\/\/para-mirava.ma\/index.php?rest_route=%2Fwp%2Fv2%2Fproduct_brand&post=19386"},{"taxonomy":"product_cat","embeddable":true,"href":"https:\/\/para-mirava.ma\/index.php?rest_route=%2Fwp%2Fv2%2Fproduct_cat&post=19386"},{"taxonomy":"product_tag","embeddable":true,"href":"https:\/\/para-mirava.ma\/index.php?rest_route=%2Fwp%2Fv2%2Fproduct_tag&post=19386"}],"curies":[{"name":"wp","href":"https:\/\/api.w.org\/{rel}","templated":true}]}}