{"id":19388,"date":"2026-03-17T16:51:44","date_gmt":"2026-03-17T16:51:44","guid":{"rendered":"https:\/\/para-mirava.ma\/?product=bioderma-photoderm-m-teinte-dore-spf50-40ml-2"},"modified":"2026-03-17T18:40:51","modified_gmt":"2026-03-17T18:40:51","slug":"bioderma-photoderm-m-teinte-dore-spf50-40ml-2","status":"publish","type":"product","link":"https:\/\/para-mirava.ma\/?product=bioderma-photoderm-m-teinte-dore-spf50-40ml-2","title":{"rendered":"BIODERMA PHOTODERM M TEINT?E DOR?E SPF50+ 40ML"},"content":{"rendered":"<p>Les UVB et les UVA sont les principaux facteurs d\u00e9clenchants de l&#8217;hyperpigmentation. Il a \u00e9galement \u00e9t\u00e9 r\u00e9cemment prouv\u00e9 que l&#8217;\u00e9l\u00e9ment majeur d\u00e9clenchant le m\u00e9lasma est la lumi\u00e8re bleue. Photoderm M SPF50+ a \u00e9t\u00e9 con\u00e7u pour traiter les causes du m\u00e9lasma. Il offre la meilleure protection contre la lumi\u00e8re bleue du march\u00e9, \u00e0 partir de 61%*, pour pr\u00e9venir ses r\u00e9cidives. Enrichie en glabridine, la nouvelle formule brevet\u00e9e r\u00e9gule \u00e9galement biologiquement le processus de pigmentation et aide ainsi \u00e0 pr\u00e9venir les taches pigmentaires, \u00e0 r\u00e9duire leur apparition et \u00e0 limiter leur r\u00e9apparition. La haute concentration de pigments et la haute couvrance masquent parfaitement les taches brunes.<\/p>\n","protected":false},"excerpt":{"rendered":"<p>Les UVB et les UVA sont les principaux facteurs d\u00e9clenchants de l&#8217;hyperpigmentation. Il a \u00e9galement \u00e9t\u00e9 r\u00e9cemment prouv\u00e9 que l&#8217;\u00e9l\u00e9ment majeur d\u00e9clenchant le m\u00e9lasma est la lumi\u00e8re bleue. Photoderm M SPF50+ a \u00e9t\u00e9 con\u00e7u pour traiter les causes du m\u00e9lasma. Il offre la meilleure protection contre la lumi\u00e8re bleue du march\u00e9, \u00e0 partir de 61%*, [&hellip;]<\/p>\n","protected":false},"featured_media":19387,"template":"","meta":[],"product_brand":[170],"product_cat":[15,135],"product_tag":[],"class_list":{"0":"post-19388","1":"product","2":"type-product","3":"status-publish","4":"has-post-thumbnail","6":"product_brand-bioderma","7":"product_cat-tout","8":"product_cat-bioderma","9":"ts_product_brand-bioderma","11":"first","12":"instock","13":"sale","14":"shipping-taxable","15":"purchasable","16":"product-type-simple"},"_links":{"self":[{"href":"https:\/\/para-mirava.ma\/index.php?rest_route=\/wp\/v2\/product\/19388","targetHints":{"allow":["GET"]}}],"collection":[{"href":"https:\/\/para-mirava.ma\/index.php?rest_route=\/wp\/v2\/product"}],"about":[{"href":"https:\/\/para-mirava.ma\/index.php?rest_route=\/wp\/v2\/types\/product"}],"wp:featuredmedia":[{"embeddable":true,"href":"https:\/\/para-mirava.ma\/index.php?rest_route=\/wp\/v2\/media\/19387"}],"wp:attachment":[{"href":"https:\/\/para-mirava.ma\/index.php?rest_route=%2Fwp%2Fv2%2Fmedia&parent=19388"}],"wp:term":[{"taxonomy":"product_brand","embeddable":true,"href":"https:\/\/para-mirava.ma\/index.php?rest_route=%2Fwp%2Fv2%2Fproduct_brand&post=19388"},{"taxonomy":"product_cat","embeddable":true,"href":"https:\/\/para-mirava.ma\/index.php?rest_route=%2Fwp%2Fv2%2Fproduct_cat&post=19388"},{"taxonomy":"product_tag","embeddable":true,"href":"https:\/\/para-mirava.ma\/index.php?rest_route=%2Fwp%2Fv2%2Fproduct_tag&post=19388"}],"curies":[{"name":"wp","href":"https:\/\/api.w.org\/{rel}","templated":true}]}}