{"id":19390,"date":"2026-03-17T16:51:45","date_gmt":"2026-03-17T16:51:45","guid":{"rendered":"https:\/\/para-mirava.ma\/?product=bioderma-photoderm-spot-age-spf50-40ml-2"},"modified":"2026-03-17T18:40:51","modified_gmt":"2026-03-17T18:40:51","slug":"bioderma-photoderm-spot-age-spf50-40ml-2","status":"publish","type":"product","link":"https:\/\/para-mirava.ma\/?product=bioderma-photoderm-spot-age-spf50-40ml-2","title":{"rendered":"BIODERMA PHOTODERM SPOT AGE SPF50+ 40ML"},"content":{"rendered":"<p>BIODERMA cr\u00e9e Photoderm SPOT-AGE SPF50+ qui associe la puissance de trois actifs reconnus par les dermatologues [Vitamine C* &#8212; Vitamine E** &#8212; Centella asiatica] et des filtres solaires pour une protection \u00e0 large spectre (UV &#8212; Lumi\u00e8re Visible &#8212; Infrarouge &#8212; Pollution) et cr\u00e9e soin solaire qui pr\u00e9vient et favorise la r\u00e9duction des signes visibles du photovieillissement (taches, rides, perte de fermet\u00e9). La Vitamine E (2) et la Vitamine C (3) s\u00e9lectionn\u00e9es dans Photoderm SPOT-AGE SPF50+ sont tr\u00e8s stables. Ils apportent une protection antioxydante compl\u00e9mentaire contre les effets du large spectre et de la pollution. Ils aident \u00e9galement \u00e0 pr\u00e9venir l&#8217;apparition de nouvelles taches. La vitamine C ajout\u00e9e au produit est trois fois plus stable que la forme biologiquement active de la vitamine C appel\u00e9e acide L-ascorbique. La vitamine E est introduite sous sa forme la plus naturelle et la plus active, l&#8217;alpha-tocoph\u00e9rol. Il bloque les r\u00e9actions radicalaires permettant de prot\u00e9ger les membranes cellulaires et de limiter les effets du photo-vieillissement sur la peau. Centella asiatica (4) pr\u00e9vient les dommages du derme et r\u00e9g\u00e9n\u00e8re la peau. La SUN ACTIVE DEFENSE est une protection solaire de haute technologie, renforc\u00e9e contre les rayons UVA. Elle associe des filtres UV et une protection biologique brevet\u00e9e qui am\u00e9liore la capacit\u00e9 de la peau \u00e0 se d\u00e9fendre, pour aider \u00e0 maintenir durablement la sant\u00e9 de votre peau au soleil.<\/p>\n","protected":false},"excerpt":{"rendered":"<p>BIODERMA cr\u00e9e Photoderm SPOT-AGE SPF50+ qui associe la puissance de trois actifs reconnus par les dermatologues [Vitamine C* &#8212; Vitamine E** &#8212; Centella asiatica] et des filtres solaires pour une protection \u00e0 large spectre (UV &#8212; Lumi\u00e8re Visible &#8212; Infrarouge &#8212; Pollution) et cr\u00e9e soin solaire qui pr\u00e9vient et favorise la r\u00e9duction des signes visibles [&hellip;]<\/p>\n","protected":false},"featured_media":19389,"template":"","meta":[],"product_brand":[170],"product_cat":[15,135],"product_tag":[],"class_list":{"0":"post-19390","1":"product","2":"type-product","3":"status-publish","4":"has-post-thumbnail","6":"product_brand-bioderma","7":"product_cat-tout","8":"product_cat-bioderma","9":"ts_product_brand-bioderma","11":"first","12":"instock","13":"sale","14":"shipping-taxable","15":"purchasable","16":"product-type-simple"},"_links":{"self":[{"href":"https:\/\/para-mirava.ma\/index.php?rest_route=\/wp\/v2\/product\/19390","targetHints":{"allow":["GET"]}}],"collection":[{"href":"https:\/\/para-mirava.ma\/index.php?rest_route=\/wp\/v2\/product"}],"about":[{"href":"https:\/\/para-mirava.ma\/index.php?rest_route=\/wp\/v2\/types\/product"}],"wp:featuredmedia":[{"embeddable":true,"href":"https:\/\/para-mirava.ma\/index.php?rest_route=\/wp\/v2\/media\/19389"}],"wp:attachment":[{"href":"https:\/\/para-mirava.ma\/index.php?rest_route=%2Fwp%2Fv2%2Fmedia&parent=19390"}],"wp:term":[{"taxonomy":"product_brand","embeddable":true,"href":"https:\/\/para-mirava.ma\/index.php?rest_route=%2Fwp%2Fv2%2Fproduct_brand&post=19390"},{"taxonomy":"product_cat","embeddable":true,"href":"https:\/\/para-mirava.ma\/index.php?rest_route=%2Fwp%2Fv2%2Fproduct_cat&post=19390"},{"taxonomy":"product_tag","embeddable":true,"href":"https:\/\/para-mirava.ma\/index.php?rest_route=%2Fwp%2Fv2%2Fproduct_tag&post=19390"}],"curies":[{"name":"wp","href":"https:\/\/api.w.org\/{rel}","templated":true}]}}