{"id":19433,"date":"2026-03-17T17:04:12","date_gmt":"2026-03-17T17:04:12","guid":{"rendered":"https:\/\/para-mirava.ma\/?product=avene-xeracalm-a-d-huile-lavante-400ml-new"},"modified":"2026-03-17T18:40:19","modified_gmt":"2026-03-17T18:40:19","slug":"avene-xeracalm-a-d-huile-lavante-400ml-new","status":"publish","type":"product","link":"https:\/\/para-mirava.ma\/?product=avene-xeracalm-a-d-huile-lavante-400ml-new","title":{"rendered":"AVENE XERACALM A.D HUILE LAVANTE 400ML NEW"},"content":{"rendered":"<p>XeraCalm A.D Huile lavante relipidante nettoie en douceur et apaise les peaux tr\u00e8s s\u00e8ches sujettes \u00e0 l&#8217;ecz\u00e9ma atopique et aux d\u00e9mangeaisons. Premier geste du rituel anti-d\u00e9mangeaisons, elle laisse la peau douce, confortable et respecte le microbiome cutan\u00e9. Sans savon et au pH physiologique, elle peut \u00eatre utilis\u00e9e en phase de pouss\u00e9e sur le visage, le corps et le cuir chevelu. Sa formule combine le 1er actif postbiotique issu de l&#8217;Eau thermale d&#8217;Av\u00e8ne, I-modulia\u00ae, qui diminue les d\u00e9mangeaisons*, stimule les d\u00e9fenses de la peau et lutte contre les irritations, avec des Cer-omega, lipides semblables \u00e0 ceux de la peau reconnus pour nourrir et restaurer la fonction barri\u00e8re cutan\u00e9e et l&#8217;Eau thermale d&#8217;Av\u00e8ne, naturellement apaisante, anti-irritante et adoucissante. Sans parfum et \u00e9labor\u00e9e en vue de minimiser les risques de r\u00e9actions allergiques, XeraCalm A.D Huile lavante relipidante ne pique pas les yeux et est id\u00e9ale pour la peau des nouveau-n\u00e9s, des enfants et des adultes.<\/p>\n<p>Disponible dans votre parapharmacie en ligne www.cotepara.ma<\/p>\n<p>Id\u00e9al: pour Famille<br \/>\nType de peau: Peau tr\u00e8s s\u00e8che, peau s\u00e8che \u00e0 tendance \u00e0 l&#8217;ecz\u00e9ma atopique<br \/>\nBesoin: Nettoyant, anti-grattage, hygi\u00e8ne<br \/>\nAvantage<br \/>\nRelipidante, cette huile lavante apaise les d\u00e9mangeaisons dues \u00e0 la s\u00e9cheresse de la peau.<\/p>\n","protected":false},"excerpt":{"rendered":"<p>XeraCalm A.D Huile lavante relipidante nettoie en douceur et apaise les peaux tr\u00e8s s\u00e8ches sujettes \u00e0 l&#8217;ecz\u00e9ma atopique et aux d\u00e9mangeaisons. Premier geste du rituel anti-d\u00e9mangeaisons, elle laisse la peau douce, confortable et respecte le microbiome cutan\u00e9. Sans savon et au pH physiologique, elle peut \u00eatre utilis\u00e9e en phase de pouss\u00e9e sur le visage, le [&hellip;]<\/p>\n","protected":false},"featured_media":19432,"template":"","meta":[],"product_brand":[171],"product_cat":[15,134],"product_tag":[],"class_list":{"0":"post-19433","1":"product","2":"type-product","3":"status-publish","4":"has-post-thumbnail","6":"product_brand-avene","7":"product_cat-tout","8":"product_cat-avene","9":"ts_product_brand-avene","11":"first","12":"instock","13":"sale","14":"shipping-taxable","15":"purchasable","16":"product-type-simple"},"_links":{"self":[{"href":"https:\/\/para-mirava.ma\/index.php?rest_route=\/wp\/v2\/product\/19433","targetHints":{"allow":["GET"]}}],"collection":[{"href":"https:\/\/para-mirava.ma\/index.php?rest_route=\/wp\/v2\/product"}],"about":[{"href":"https:\/\/para-mirava.ma\/index.php?rest_route=\/wp\/v2\/types\/product"}],"wp:featuredmedia":[{"embeddable":true,"href":"https:\/\/para-mirava.ma\/index.php?rest_route=\/wp\/v2\/media\/19432"}],"wp:attachment":[{"href":"https:\/\/para-mirava.ma\/index.php?rest_route=%2Fwp%2Fv2%2Fmedia&parent=19433"}],"wp:term":[{"taxonomy":"product_brand","embeddable":true,"href":"https:\/\/para-mirava.ma\/index.php?rest_route=%2Fwp%2Fv2%2Fproduct_brand&post=19433"},{"taxonomy":"product_cat","embeddable":true,"href":"https:\/\/para-mirava.ma\/index.php?rest_route=%2Fwp%2Fv2%2Fproduct_cat&post=19433"},{"taxonomy":"product_tag","embeddable":true,"href":"https:\/\/para-mirava.ma\/index.php?rest_route=%2Fwp%2Fv2%2Fproduct_tag&post=19433"}],"curies":[{"name":"wp","href":"https:\/\/api.w.org\/{rel}","templated":true}]}}