{"id":19451,"date":"2026-03-17T17:04:20","date_gmt":"2026-03-17T17:04:20","guid":{"rendered":"https:\/\/para-mirava.ma\/?product=avene-solaire-ecran-spray-enfant-spf50-200ml"},"modified":"2026-03-17T18:40:18","modified_gmt":"2026-03-17T18:40:18","slug":"avene-solaire-ecran-spray-enfant-spf50-200ml","status":"publish","type":"product","link":"https:\/\/para-mirava.ma\/?product=avene-solaire-ecran-spray-enfant-spf50-200ml","title":{"rendered":"AVENE SOLAIRE ECRAN SPRAY ENFANT SPF50+ 200ML"},"content":{"rendered":"<p>Le Spray enfant SPF 50+ est parfaitement adapt\u00e9 \u00e0 la peau sensible des enfants. Gr\u00e2ce \u00e0 sa Texture barri\u00e8re anti-agressions*, le Spray enfant SPF 50+ offre une texture fluide et l\u00e9g\u00e8re \u00e0 appliquer et un film protecteur renforc\u00e9, tr\u00e8s r\u00e9sistant \u00e0 l&#8217;eau.<\/p>\n<p>Au coeur du Spray enfant SPF 50+, l&#8217;association exclusive Sunsitive\u00ae protection, issue de la Recherche Pierre Fabre et compos\u00e9e :<\/p>\n<p>&#8212; D&#8217;un syst\u00e8me filtrant brevet\u00e9 contenant seulement quatre filtres solaires, pour une tr\u00e8s large protection UVB-UVA stable et une tol\u00e9rance cutan\u00e9e optimale.<\/p>\n<p>&#8212; De Provitamine E (Pr\u00e9-tocoph\u00e9ryl), puissant antioxydant, pour une protection des cellules des radicaux libres.<\/p>\n<p>&#8212; D&#8217;Eau thermale d&#8217;Av\u00e8ne reconnue pour ses propri\u00e9t\u00e9s apaisantes, anti-irritantes et adoucissantes.<\/p>\n<p>Son syst\u00e8me d&#8217;ouverture OPEN \/ STOP facile et pratique offre plus de praticit\u00e9 et de respect de l&#8217;environnement.<\/p>\n<p>LE MOT DE L&#8217;EXPERT<\/p>\n<p>La tr\u00e8s haute protection solaire pour la peau sensible des enfants, visage et corps.<\/p>\n<p>Avantage<\/p>\n<p>Le Spray enfant SPF 50+ dispose d&#8217;un syst\u00e8me d&#8217;ouverture OPEN \/ STOP pour plus de praticit\u00e9 et de respect de l&#8217;environnement. Facile \u00e0 appliquer, et tr\u00e8s r\u00e9sistant \u00e0 l&#8217;eau, il b\u00e9n\u00e9ficie de l&#8217;association exclusive d&#8217;actifs Sunsitive\u00ae protection, issue de la Recherche Pierre Fabre. Sp\u00e9cifiquement formul\u00e9 pour la peau sensible des enfants.<\/p>\n<p>B\u00e9n\u00e9fices<\/p>\n<p>\u2022 ANTIOXYDANT : contribue \u00e0 assurer une protection des cellules contre les radicaux libres.<\/p>\n<p>\u2022 SANS PARFUM : pour un plus grand respect des peaux sensibles ou intol\u00e9rantes.<\/p>\n<p>\u2022 PHOTOPROTECTEUR : des filtres UVB-UVA photostables qui luttent contre les effets nocifs du rayonnement solaire.<\/p>\n<p>\u2022 SANS EFFET BLANC : pour une protection invisible. Disponible dans votre parapharmacie en ligne www.cotepara.ma<\/p>\n","protected":false},"excerpt":{"rendered":"<p>Le Spray enfant SPF 50+ est parfaitement adapt\u00e9 \u00e0 la peau sensible des enfants. Gr\u00e2ce \u00e0 sa Texture barri\u00e8re anti-agressions*, le Spray enfant SPF 50+ offre une texture fluide et l\u00e9g\u00e8re \u00e0 appliquer et un film protecteur renforc\u00e9, tr\u00e8s r\u00e9sistant \u00e0 l&#8217;eau. Au coeur du Spray enfant SPF 50+, l&#8217;association exclusive Sunsitive\u00ae protection, issue de [&hellip;]<\/p>\n","protected":false},"featured_media":19450,"template":"","meta":[],"product_brand":[171],"product_cat":[15,134],"product_tag":[],"class_list":{"0":"post-19451","1":"product","2":"type-product","3":"status-publish","4":"has-post-thumbnail","6":"product_brand-avene","7":"product_cat-tout","8":"product_cat-avene","9":"ts_product_brand-avene","11":"first","12":"instock","13":"sale","14":"shipping-taxable","15":"purchasable","16":"product-type-simple"},"_links":{"self":[{"href":"https:\/\/para-mirava.ma\/index.php?rest_route=\/wp\/v2\/product\/19451","targetHints":{"allow":["GET"]}}],"collection":[{"href":"https:\/\/para-mirava.ma\/index.php?rest_route=\/wp\/v2\/product"}],"about":[{"href":"https:\/\/para-mirava.ma\/index.php?rest_route=\/wp\/v2\/types\/product"}],"wp:featuredmedia":[{"embeddable":true,"href":"https:\/\/para-mirava.ma\/index.php?rest_route=\/wp\/v2\/media\/19450"}],"wp:attachment":[{"href":"https:\/\/para-mirava.ma\/index.php?rest_route=%2Fwp%2Fv2%2Fmedia&parent=19451"}],"wp:term":[{"taxonomy":"product_brand","embeddable":true,"href":"https:\/\/para-mirava.ma\/index.php?rest_route=%2Fwp%2Fv2%2Fproduct_brand&post=19451"},{"taxonomy":"product_cat","embeddable":true,"href":"https:\/\/para-mirava.ma\/index.php?rest_route=%2Fwp%2Fv2%2Fproduct_cat&post=19451"},{"taxonomy":"product_tag","embeddable":true,"href":"https:\/\/para-mirava.ma\/index.php?rest_route=%2Fwp%2Fv2%2Fproduct_tag&post=19451"}],"curies":[{"name":"wp","href":"https:\/\/api.w.org\/{rel}","templated":true}]}}