{"id":19457,"date":"2026-03-17T17:04:23","date_gmt":"2026-03-17T17:04:23","guid":{"rendered":"https:\/\/para-mirava.ma\/?product=avene-cleanance-women-soin-nuit-lissant-30ml"},"modified":"2026-03-17T18:40:18","modified_gmt":"2026-03-17T18:40:18","slug":"avene-cleanance-women-soin-nuit-lissant-30ml","status":"publish","type":"product","link":"https:\/\/para-mirava.ma\/?product=avene-cleanance-women-soin-nuit-lissant-30ml","title":{"rendered":"AVENE CLEANANCE WOMEN SOIN NUIT LISSANT 30ML"},"content":{"rendered":"<p>Ce soin de nuit destin\u00e9 aux peaux sensibles adultes \u00e0 imperfections contribue \u00e0 r\u00e9duire visiblement l&#8217;apparence des imperfections, des marques r\u00e9siduelles ainsi que des ridules pour une peau plus nette et plus lisse d\u00e9s 1 mois d&#8217;utilisation. Soin complet, il associe efficacit\u00e9 et sensorialit\u00e9, gr\u00e2ce \u00e0 l&#8217;association d&#8217;un complexe dermatologique compos\u00e9 de trois actifs reconnus : le Retinal qui contribue \u00e0 r\u00e9duire les marques et \u00e0 lisser les ridules, X-Pressin aux propri\u00e9t\u00e9s lissantes, le Synovea(r) HR \u00e0 l&#8217;action correctrice anti-imperfections et d&#8217;Eau thermale d&#8217;Av\u00e8ne, aux propri\u00e9t\u00e9s apaisantes. Cr\u00e8me l\u00e9g\u00e8re non grasse au parfum frais et l\u00e9ger, elle assure une hydratation pendant 24h* . Jour apr\u00e9s jour, le grain de peau est liss\u00e9 et le teint plus uniforme.<\/p>\n<p>Disponible dans votre parapharmacie en ligne www.cotepara.ma<\/p>\n<p>LE MOT DE L&#8217;EXPERT<\/p>\n<p>Une peau envelopp\u00e9e et r\u00e9confort\u00e9e avec Cleanance WOMEN Soin nuit lissant. Il att\u00e9nue les taches et les marques tout en lissant le grain de peau avec sa texture << cocoon >> non-grasse.<\/p>\n<p>Avantage<\/p>\n<p>Un soin nuit lissant, anti-imperfections et anti-taches des peaux \u00e0 imperfections de la femme adulte.<\/p>\n<p>B\u00e9n\u00e9fices<\/p>\n<p>\u2022 ANTI-IMPERFECTIONS des peaux adultes.<\/p>\n<p>\u2022 R\u00c9DUIT les marques r\u00e9siduelles.<\/p>\n<p>\u2022 LISSE le grain de peau.<\/p>\n<p>TEXTURE<\/p>\n<p>Avantage de la texture<\/p>\n<p>Une texture douce et enveloppante au fini velours non gras.<\/p>\n<p>Senteur du contenu<\/p>\n<p>Parfum frais et d\u00e9licat<\/p>\n<p>* les couches superficielles de la peau<\/p>\n","protected":false},"excerpt":{"rendered":"<p>Ce soin de nuit destin\u00e9 aux peaux sensibles adultes \u00e0 imperfections contribue \u00e0 r\u00e9duire visiblement l&#8217;apparence des imperfections, des marques r\u00e9siduelles ainsi que des ridules pour une peau plus nette et plus lisse d\u00e9s 1 mois d&#8217;utilisation. Soin complet, il associe efficacit\u00e9 et sensorialit\u00e9, gr\u00e2ce \u00e0 l&#8217;association d&#8217;un complexe dermatologique compos\u00e9 de trois actifs reconnus [&hellip;]<\/p>\n","protected":false},"featured_media":19456,"template":"","meta":[],"product_brand":[171],"product_cat":[15,134],"product_tag":[],"class_list":{"0":"post-19457","1":"product","2":"type-product","3":"status-publish","4":"has-post-thumbnail","6":"product_brand-avene","7":"product_cat-tout","8":"product_cat-avene","9":"ts_product_brand-avene","11":"first","12":"instock","13":"sale","14":"shipping-taxable","15":"purchasable","16":"product-type-simple"},"_links":{"self":[{"href":"https:\/\/para-mirava.ma\/index.php?rest_route=\/wp\/v2\/product\/19457","targetHints":{"allow":["GET"]}}],"collection":[{"href":"https:\/\/para-mirava.ma\/index.php?rest_route=\/wp\/v2\/product"}],"about":[{"href":"https:\/\/para-mirava.ma\/index.php?rest_route=\/wp\/v2\/types\/product"}],"wp:featuredmedia":[{"embeddable":true,"href":"https:\/\/para-mirava.ma\/index.php?rest_route=\/wp\/v2\/media\/19456"}],"wp:attachment":[{"href":"https:\/\/para-mirava.ma\/index.php?rest_route=%2Fwp%2Fv2%2Fmedia&parent=19457"}],"wp:term":[{"taxonomy":"product_brand","embeddable":true,"href":"https:\/\/para-mirava.ma\/index.php?rest_route=%2Fwp%2Fv2%2Fproduct_brand&post=19457"},{"taxonomy":"product_cat","embeddable":true,"href":"https:\/\/para-mirava.ma\/index.php?rest_route=%2Fwp%2Fv2%2Fproduct_cat&post=19457"},{"taxonomy":"product_tag","embeddable":true,"href":"https:\/\/para-mirava.ma\/index.php?rest_route=%2Fwp%2Fv2%2Fproduct_tag&post=19457"}],"curies":[{"name":"wp","href":"https:\/\/api.w.org\/{rel}","templated":true}]}}