{"id":19488,"date":"2026-03-17T17:19:01","date_gmt":"2026-03-17T17:19:01","guid":{"rendered":"https:\/\/para-mirava.ma\/?product=uriage-ds-gel-nettoyant-150ml-3"},"modified":"2026-03-17T18:45:43","modified_gmt":"2026-03-17T18:45:43","slug":"uriage-ds-gel-nettoyant-150ml-3","status":"publish","type":"product","link":"https:\/\/para-mirava.ma\/?product=uriage-ds-gel-nettoyant-150ml-3","title":{"rendered":"URIAGE DS GEL NETTOYANT 150ML"},"content":{"rendered":"<p>Onctueux et ultra-doux, le gel moussant laisse la peau douce, purifi\u00e9e et confortable gr\u00e2ce \u00e0 une double r\u00e9gulation sp\u00e9cifique.<\/p>\n<p>Nettoie<br \/>\nSa base lavante ultra-douce nettoie et \u00e9limine les impuret\u00e9s sans ass\u00e9cher la peau.<\/p>\n<p>Calme les irritations<br \/>\nPour la 1\u00e8re fois en dermo-cosm\u00e9tique, la technologie brevet\u00e9e TLR2-Regul agit sp\u00e9cifiquement sur les sensations d&#8217;inconfort d\u00e9clench\u00e9es par la pr\u00e9sence de micro-organismes.<\/p>\n<p>Assainit et purifie<br \/>\nGr\u00e2ce aux actifs assainissants, la peau est purifi\u00e9e.<\/p>\n<p>R\u00e9sultats<br \/>\n30% d&#8217;Eau Thermale d&#8217;Uriage aux propri\u00e9t\u00e9s apaisantes.<\/p>\n<p>Disponible dans votre parapharmacie en ligne www.cotepara.ma<\/p>\n<p>Actifs<br \/>\nEau Thermale d&#8217;Uriage Complexe TLR2-Regul Complexe brevet\u00e9 Piroctone Olamine Tensioactifs doux Agent protecteur surgraissant<\/p>\n<p>Test\u00e9 sous contr\u00f4le dermatologique Sans savon Non parfum\u00e9<\/p>\n<p>Conseils<br \/>\nSur le cuir chevelu : en shampooing 2 \u00e0 3 fois par semaine. Sur le visage et le corps : 1 \u00e0 2 fois par jour en geste d&#8217;hygi\u00e8ne. Faire mousser sur peau humide, laisser agir quelques instants et bien rincer. \u00c9viter le contact avec les yeux.<\/p>\n","protected":false},"excerpt":{"rendered":"<p>Onctueux et ultra-doux, le gel moussant laisse la peau douce, purifi\u00e9e et confortable gr\u00e2ce \u00e0 une double r\u00e9gulation sp\u00e9cifique. Nettoie Sa base lavante ultra-douce nettoie et \u00e9limine les impuret\u00e9s sans ass\u00e9cher la peau. Calme les irritations Pour la 1\u00e8re fois en dermo-cosm\u00e9tique, la technologie brevet\u00e9e TLR2-Regul agit sp\u00e9cifiquement sur les sensations d&#8217;inconfort d\u00e9clench\u00e9es par la [&hellip;]<\/p>\n","protected":false},"featured_media":19487,"template":"","meta":[],"product_brand":[173,178],"product_cat":[15,137],"product_tag":[],"class_list":{"0":"post-19488","1":"product","2":"type-product","3":"status-publish","4":"has-post-thumbnail","6":"product_brand-uriage","7":"product_brand-vichy","8":"product_cat-tout","9":"product_cat-uriage","10":"ts_product_brand-uriage","12":"first","13":"instock","14":"sale","15":"shipping-taxable","16":"purchasable","17":"product-type-simple"},"_links":{"self":[{"href":"https:\/\/para-mirava.ma\/index.php?rest_route=\/wp\/v2\/product\/19488","targetHints":{"allow":["GET"]}}],"collection":[{"href":"https:\/\/para-mirava.ma\/index.php?rest_route=\/wp\/v2\/product"}],"about":[{"href":"https:\/\/para-mirava.ma\/index.php?rest_route=\/wp\/v2\/types\/product"}],"wp:featuredmedia":[{"embeddable":true,"href":"https:\/\/para-mirava.ma\/index.php?rest_route=\/wp\/v2\/media\/19487"}],"wp:attachment":[{"href":"https:\/\/para-mirava.ma\/index.php?rest_route=%2Fwp%2Fv2%2Fmedia&parent=19488"}],"wp:term":[{"taxonomy":"product_brand","embeddable":true,"href":"https:\/\/para-mirava.ma\/index.php?rest_route=%2Fwp%2Fv2%2Fproduct_brand&post=19488"},{"taxonomy":"product_cat","embeddable":true,"href":"https:\/\/para-mirava.ma\/index.php?rest_route=%2Fwp%2Fv2%2Fproduct_cat&post=19488"},{"taxonomy":"product_tag","embeddable":true,"href":"https:\/\/para-mirava.ma\/index.php?rest_route=%2Fwp%2Fv2%2Fproduct_tag&post=19488"}],"curies":[{"name":"wp","href":"https:\/\/api.w.org\/{rel}","templated":true}]}}