{"id":19492,"date":"2026-03-17T17:19:03","date_gmt":"2026-03-17T17:19:03","guid":{"rendered":"https:\/\/para-mirava.ma\/?product=uriage-bariederm-creme-75-ml-3"},"modified":"2026-03-17T18:45:43","modified_gmt":"2026-03-17T18:45:43","slug":"uriage-bariederm-creme-75-ml-3","status":"publish","type":"product","link":"https:\/\/para-mirava.ma\/?product=uriage-bariederm-creme-75-ml-3","title":{"rendered":"URIAGE BARIEDERM CREME 75 ML"},"content":{"rendered":"<p>1\u00e8re cr\u00e8me isolante et r\u00e9paratrice au POLY-2P\u2122, complexe brevet\u00e9. Sa double action est un v\u00e9ritable effet bouclier contre les irritations, frottements et agressions chimiques sur la peau. Ce soin convient \u00e0 un usage professionnel ou familial.<\/p>\n<p>N\u00b01 en prescription des soins isolants et r\u00e9parateurs*<\/p>\n<p>Isole en surface<br \/>\nL&#8217;association de deux polym\u00e8res permet une action isolante en surface en pr\u00e9vention des agressions futures.<\/p>\n<p>Restaure en profondeur<br \/>\nL&#8217;association de deux polym\u00e8res permet une action r\u00e9paratrice de l&#8217;\u00e9piderme agress\u00e9 et d\u00e9j\u00e0 alt\u00e9r\u00e9.<\/p>\n<p>*Source IMS Xponent &#8212; cumul fixe fin d\u00e9cembre 2015 &#8212; volume<\/p>\n<p>R\u00e9sultats<br \/>\n70% des personnes atteintes d&#8217;une dermite des mains ayant test\u00e9 Bari\u00e9derm Cr\u00e8me ont eu une am\u00e9lioration.<\/p>\n<p>Disponible dans votre parapharmacie en ligne www.cotepara.ma<\/p>\n<p>\u00c9tude r\u00e9alis\u00e9e sous contr\u00f4le dermatologique sur 20 sujets. Cotations cliniques.<\/p>\n<p>Actifs<br \/>\nEau Thermale d&#8217;Uriage Complexe brevet\u00e9 Poly-2P Phytosqualanes Phytost\u00e9rols Glyc\u00e9rine<\/p>\n<p>Non com\u00e9dog\u00e8ne Non occlusif Non parfum\u00e9 Test\u00e9 sous contr\u00f4le dermatologique<\/p>\n<p>Conseils<br \/>\nAppliquer aussi souvent que n\u00e9cessaire sur la zone cutan\u00e9e destin\u00e9e \u00e0 \u00eatre isol\u00e9e, prot\u00e9g\u00e9e ou r\u00e9par\u00e9e contre les d\u00e9tergents, solvants aqueux&#8230;<\/p>\n","protected":false},"excerpt":{"rendered":"<p>1\u00e8re cr\u00e8me isolante et r\u00e9paratrice au POLY-2P\u2122, complexe brevet\u00e9. Sa double action est un v\u00e9ritable effet bouclier contre les irritations, frottements et agressions chimiques sur la peau. Ce soin convient \u00e0 un usage professionnel ou familial. N\u00b01 en prescription des soins isolants et r\u00e9parateurs* Isole en surface L&#8217;association de deux polym\u00e8res permet une action isolante [&hellip;]<\/p>\n","protected":false},"featured_media":19491,"template":"","meta":[],"product_brand":[173,178],"product_cat":[15,137],"product_tag":[],"class_list":{"0":"post-19492","1":"product","2":"type-product","3":"status-publish","4":"has-post-thumbnail","6":"product_brand-uriage","7":"product_brand-vichy","8":"product_cat-tout","9":"product_cat-uriage","10":"ts_product_brand-uriage","12":"first","13":"instock","14":"sale","15":"shipping-taxable","16":"purchasable","17":"product-type-simple"},"_links":{"self":[{"href":"https:\/\/para-mirava.ma\/index.php?rest_route=\/wp\/v2\/product\/19492","targetHints":{"allow":["GET"]}}],"collection":[{"href":"https:\/\/para-mirava.ma\/index.php?rest_route=\/wp\/v2\/product"}],"about":[{"href":"https:\/\/para-mirava.ma\/index.php?rest_route=\/wp\/v2\/types\/product"}],"wp:featuredmedia":[{"embeddable":true,"href":"https:\/\/para-mirava.ma\/index.php?rest_route=\/wp\/v2\/media\/19491"}],"wp:attachment":[{"href":"https:\/\/para-mirava.ma\/index.php?rest_route=%2Fwp%2Fv2%2Fmedia&parent=19492"}],"wp:term":[{"taxonomy":"product_brand","embeddable":true,"href":"https:\/\/para-mirava.ma\/index.php?rest_route=%2Fwp%2Fv2%2Fproduct_brand&post=19492"},{"taxonomy":"product_cat","embeddable":true,"href":"https:\/\/para-mirava.ma\/index.php?rest_route=%2Fwp%2Fv2%2Fproduct_cat&post=19492"},{"taxonomy":"product_tag","embeddable":true,"href":"https:\/\/para-mirava.ma\/index.php?rest_route=%2Fwp%2Fv2%2Fproduct_tag&post=19492"}],"curies":[{"name":"wp","href":"https:\/\/api.w.org\/{rel}","templated":true}]}}