{"id":19516,"date":"2026-03-17T17:19:14","date_gmt":"2026-03-17T17:19:14","guid":{"rendered":"https:\/\/para-mirava.ma\/?product=uriage-roseliane-cc-cream-spf30-40ml-3"},"modified":"2026-03-17T18:45:42","modified_gmt":"2026-03-17T18:45:42","slug":"uriage-roseliane-cc-cream-spf30-40ml-3","status":"publish","type":"product","link":"https:\/\/para-mirava.ma\/?product=uriage-roseliane-cc-cream-spf30-40ml-3","title":{"rendered":"URIAGE ROSELIANE CC CREAM SPF30 40ML"},"content":{"rendered":"<p>Une cr\u00e8me onctueuse qui est l&#8217;alliance parfaite entre un soin et un maquillage couvrant. Formule non grasse pour une application rapide. Elle camoufle les rougeurs, unifie le teint et l&#8217;illumine tout en la prot\u00e9geant des UV gr\u00e2ce \u00e0 son SPF30. Elle procure d\u00e8s l&#8217;application un confort imm\u00e9diat, laisse la peau douce, parfaitement hydrat\u00e9e et apais\u00e9e.<\/p>\n<p>En un seul geste, ce soin :<\/p>\n<p>Unifie le teint, l&#8217;illumine et couvre les rougeurs<br \/>\nSes pigments min\u00e9raux corrigent instantan\u00e9ment rougeurs, teints ternes ou irr\u00e9guliers.<br \/>\nLe complexe TLR2-Regul agit en synergie avec les extraits de ginseng et d&#8217;algues rouges pour aider \u00e0 diminuer les rougeurs.<\/p>\n<p>Hydrate durablement<br \/>\nRiche en Eau Thermale d&#8217;Uriage aux propri\u00e9t\u00e9s hydratantes et apaisantes, cette cr\u00e8me hydrate et apporte un confort imm\u00e9diat et durable \u00e0 la peau.<\/p>\n<p>Prot\u00e8ge des UVA\/ UVB<br \/>\nSa formule haute tol\u00e9rance contient des filtres solaires pour prot\u00e9ger des rayons UVA\/UVB.<\/p>\n<p>R\u00e9sultats<br \/>\n100% couvre les rougeurs<\/p>\n<p>Disponible dans votre parapharmacie en ligne www.cotepara.ma<\/p>\n<p>\u00c9tude clinique sous contr\u00f4le dermatologique sur 42 sujets apr\u00e8s 28j d&#8217;application bi-quotidienne. % de satisfaction<\/p>\n<p>Actifs<br \/>\nEau Thermale d&#8217;Uriage Cerasterol-2F Complexe TLR2-REGUL Extrait de ginseng Pigments couvrants Filtres UV<br \/>\nNon com\u00e9dog\u00e8ne Test\u00e9 sous contr\u00f4le dermatologique<\/p>\n<p>Conseils<br \/>\nAppliquez quotidiennement sur l&#8217;ensemble du visage, \u00e0 la place de votre soin et votre fond de teint.<\/p>\n","protected":false},"excerpt":{"rendered":"<p>Une cr\u00e8me onctueuse qui est l&#8217;alliance parfaite entre un soin et un maquillage couvrant. Formule non grasse pour une application rapide. Elle camoufle les rougeurs, unifie le teint et l&#8217;illumine tout en la prot\u00e9geant des UV gr\u00e2ce \u00e0 son SPF30. Elle procure d\u00e8s l&#8217;application un confort imm\u00e9diat, laisse la peau douce, parfaitement hydrat\u00e9e et apais\u00e9e. [&hellip;]<\/p>\n","protected":false},"featured_media":19515,"template":"","meta":[],"product_brand":[173,178],"product_cat":[15,137],"product_tag":[],"class_list":{"0":"post-19516","1":"product","2":"type-product","3":"status-publish","4":"has-post-thumbnail","6":"product_brand-uriage","7":"product_brand-vichy","8":"product_cat-tout","9":"product_cat-uriage","10":"ts_product_brand-uriage","12":"first","13":"instock","14":"sale","15":"shipping-taxable","16":"purchasable","17":"product-type-simple"},"_links":{"self":[{"href":"https:\/\/para-mirava.ma\/index.php?rest_route=\/wp\/v2\/product\/19516","targetHints":{"allow":["GET"]}}],"collection":[{"href":"https:\/\/para-mirava.ma\/index.php?rest_route=\/wp\/v2\/product"}],"about":[{"href":"https:\/\/para-mirava.ma\/index.php?rest_route=\/wp\/v2\/types\/product"}],"wp:featuredmedia":[{"embeddable":true,"href":"https:\/\/para-mirava.ma\/index.php?rest_route=\/wp\/v2\/media\/19515"}],"wp:attachment":[{"href":"https:\/\/para-mirava.ma\/index.php?rest_route=%2Fwp%2Fv2%2Fmedia&parent=19516"}],"wp:term":[{"taxonomy":"product_brand","embeddable":true,"href":"https:\/\/para-mirava.ma\/index.php?rest_route=%2Fwp%2Fv2%2Fproduct_brand&post=19516"},{"taxonomy":"product_cat","embeddable":true,"href":"https:\/\/para-mirava.ma\/index.php?rest_route=%2Fwp%2Fv2%2Fproduct_cat&post=19516"},{"taxonomy":"product_tag","embeddable":true,"href":"https:\/\/para-mirava.ma\/index.php?rest_route=%2Fwp%2Fv2%2Fproduct_tag&post=19516"}],"curies":[{"name":"wp","href":"https:\/\/api.w.org\/{rel}","templated":true}]}}