{"id":19558,"date":"2026-03-17T17:19:36","date_gmt":"2026-03-17T17:19:36","guid":{"rendered":"https:\/\/para-mirava.ma\/?product=uriage-bariederm-stick-fissures-crevasses-3"},"modified":"2026-03-17T18:45:39","modified_gmt":"2026-03-17T18:45:39","slug":"uriage-bariederm-stick-fissures-crevasses-3","status":"publish","type":"product","link":"https:\/\/para-mirava.ma\/?product=uriage-bariederm-stick-fissures-crevasses-3","title":{"rendered":"URIAGE BARIEDERM STICK FISSURES CREVASSES"},"content":{"rendered":"<p>BARI\u00c9DERM-CICA Stick Fissures, Crevasses Stick est le 1er stick &#8220;barri\u00e8re&#8221; au POLY-2P\u2122 complexe brevet\u00e9. Ergonomique et pratique, le stick permet d&#8217;isoler, r\u00e9parer et assouplir les fissures et crevasses diffuses, r\u00e9centes ou anciennes. \u00c0 emporter partout et \u00e0 utiliser en toutes circonstances !<\/p>\n<p>Isole en surface<br \/>\nL&#8217;association de deux polym\u00e8res isole la peau en pr\u00e9vention des agressions futures.<\/p>\n<p>Restaure en profondeur<br \/>\nL&#8217;association de deux polym\u00e8res r\u00e9pare les zones alt\u00e9r\u00e9es de l&#8217;\u00e9piderme et intervient \u00e0 3 niveaux essentiels de la barri\u00e8re cutan\u00e9e.<\/p>\n<p>Assouplit et Apaise rapidement<br \/>\nLes beurres de karit\u00e9 et d&#8217;avocat r\u00e9hydratent les zones s\u00e8ches et apportent du confort. La peau est r\u00e9par\u00e9e et apais\u00e9e rapidement.<\/p>\n<p>R\u00e9sultats<br \/>\n2 fois les crevasses sont 2 fois moins s\u00e9v\u00e8res et douloureuses<br \/>\n\u00c9tude r\u00e9alis\u00e9e sous contr\u00f4le dermatologique sur 42 sujets. Cotations cliniques.<\/p>\n<p>Disponible dans votre parapharmacie en ligne www.cotepara.ma<\/p>\n<p>Caract\u00e9ristiques<br \/>\nPoly-2P (complexe brevet\u00e9) &#8212; D-panth\u00e9nol &#8212; Phytost\u00e9rols &#8212; Beurre de karit\u00e9 &#8212; Beurre d&#8217;avocat &#8212; Test\u00e9 sous contr\u00f4le dermatologique &#8212; Non com\u00e9dog\u00e8ne &#8212; Non parfum\u00e9<\/p>\n<p>Conseils d&#8217;utilisation<br \/>\nAppliquer le stick seul plusieurs fois par jour si n\u00e9cessaire ou en relais de l&#8217;onguent<\/p>\n","protected":false},"excerpt":{"rendered":"<p>BARI\u00c9DERM-CICA Stick Fissures, Crevasses Stick est le 1er stick &#8220;barri\u00e8re&#8221; au POLY-2P\u2122 complexe brevet\u00e9. Ergonomique et pratique, le stick permet d&#8217;isoler, r\u00e9parer et assouplir les fissures et crevasses diffuses, r\u00e9centes ou anciennes. \u00c0 emporter partout et \u00e0 utiliser en toutes circonstances ! Isole en surface L&#8217;association de deux polym\u00e8res isole la peau en pr\u00e9vention des [&hellip;]<\/p>\n","protected":false},"featured_media":19557,"template":"","meta":[],"product_brand":[173,178],"product_cat":[15,137],"product_tag":[],"class_list":{"0":"post-19558","1":"product","2":"type-product","3":"status-publish","4":"has-post-thumbnail","6":"product_brand-uriage","7":"product_brand-vichy","8":"product_cat-tout","9":"product_cat-uriage","10":"ts_product_brand-uriage","12":"first","13":"instock","14":"sale","15":"shipping-taxable","16":"purchasable","17":"product-type-simple"},"_links":{"self":[{"href":"https:\/\/para-mirava.ma\/index.php?rest_route=\/wp\/v2\/product\/19558","targetHints":{"allow":["GET"]}}],"collection":[{"href":"https:\/\/para-mirava.ma\/index.php?rest_route=\/wp\/v2\/product"}],"about":[{"href":"https:\/\/para-mirava.ma\/index.php?rest_route=\/wp\/v2\/types\/product"}],"wp:featuredmedia":[{"embeddable":true,"href":"https:\/\/para-mirava.ma\/index.php?rest_route=\/wp\/v2\/media\/19557"}],"wp:attachment":[{"href":"https:\/\/para-mirava.ma\/index.php?rest_route=%2Fwp%2Fv2%2Fmedia&parent=19558"}],"wp:term":[{"taxonomy":"product_brand","embeddable":true,"href":"https:\/\/para-mirava.ma\/index.php?rest_route=%2Fwp%2Fv2%2Fproduct_brand&post=19558"},{"taxonomy":"product_cat","embeddable":true,"href":"https:\/\/para-mirava.ma\/index.php?rest_route=%2Fwp%2Fv2%2Fproduct_cat&post=19558"},{"taxonomy":"product_tag","embeddable":true,"href":"https:\/\/para-mirava.ma\/index.php?rest_route=%2Fwp%2Fv2%2Fproduct_tag&post=19558"}],"curies":[{"name":"wp","href":"https:\/\/api.w.org\/{rel}","templated":true}]}}