{"id":19566,"date":"2026-03-17T17:19:40","date_gmt":"2026-03-17T17:19:40","guid":{"rendered":"https:\/\/para-mirava.ma\/?product=uriage-hyseac-3regul-global-teinte-spf30-40ml-new-3"},"modified":"2026-03-17T18:45:39","modified_gmt":"2026-03-17T18:45:39","slug":"uriage-hyseac-3regul-global-teinte-spf30-40ml-new-3","status":"publish","type":"product","link":"https:\/\/para-mirava.ma\/?product=uriage-hyseac-3regul-global-teinte-spf30-40ml-new-3","title":{"rendered":"URIAGE HYSEAC 3REGUL GLOBAL TEINTE SPF30 40ML NEW"},"content":{"rendered":"<p>Ce soin global &#8220;tout en un&#8221; favorise l&#8217;\u00e9limination des imperfections cutan\u00e9es (boutons, points noirs), unifie naturellement le teint et limite l&#8217;apparition des marques li\u00e9es au soleil.<\/p>\n<p>Limite les imperfections<br \/>\nCe soin limite les boutons et les points noirs gr\u00e2ce \u00e0 un complexe d&#8217;actifs brevet\u00e9s associ\u00e9 \u00e0 l&#8217;Eau Thermale d&#8217;Uriage.<\/p>\n<p>Prot\u00e8ge<br \/>\nLe complexe de filtres UVA-UVB apporte une haute protection solaire pour limiter l&#8217;effet rebond de l&#8217;acn\u00e9 et l&#8217;apparition des marques li\u00e9es au soleil.<\/p>\n<p>Matifie et unifie le teint<br \/>\nSa formule teint\u00e9e haute couvrance unifie naturellement le teint et masque les boutons, apportant un fini poudr\u00e9 et un effet anti-brillance. L&#8217;extrait de licorice limite l&#8217;exc\u00e8s de s\u00e9bum pour un teint matifi\u00e9 durablement.<\/p>\n<p>R\u00e9sultats<br \/>\n81% Texture couvrante sans effet masque<br \/>\n\u00c9tude clinique r\u00e9alis\u00e9e sous contr\u00f4le dermatologique sur 31 sujets. Application bi-quotidienne pendant 56 jours. Cotations cliniques. Questionnaire d&#8217;auto-\u00e9valuation.<\/p>\n<p>Caract\u00e9ristiques<br \/>\nEau Thermale d&#8217;Uriage<br \/>\nComplexe de filtres UVA-UVB<br \/>\n3 brevets Uriage : MPA-Regul, TLR2-Regul et Licorice<br \/>\nPoudres matifiantes<br \/>\nTest\u00e9 sous contr\u00f4le dermatologique<br \/>\nNon com\u00e9dog\u00e8ne<\/p>\n<p>Conseils d&#8217;utilisation<br \/>\nAppliquer le matin sur le visage parfaitement nettoy\u00e9 et s\u00e9ch\u00e9.<br \/>\nEviter le contact avec les yeux.<br \/>\nTest\u00e9 sur des volontaires ayant une peau grasse \u00e0 imperfections.<br \/>\nUsage quotidien Disponible dans votre parapharmacie en ligne www.cotepara.ma<\/p>\n","protected":false},"excerpt":{"rendered":"<p>Ce soin global &#8220;tout en un&#8221; favorise l&#8217;\u00e9limination des imperfections cutan\u00e9es (boutons, points noirs), unifie naturellement le teint et limite l&#8217;apparition des marques li\u00e9es au soleil. Limite les imperfections Ce soin limite les boutons et les points noirs gr\u00e2ce \u00e0 un complexe d&#8217;actifs brevet\u00e9s associ\u00e9 \u00e0 l&#8217;Eau Thermale d&#8217;Uriage. Prot\u00e8ge Le complexe de filtres UVA-UVB [&hellip;]<\/p>\n","protected":false},"featured_media":19565,"template":"","meta":[],"product_brand":[173,178],"product_cat":[15,137],"product_tag":[],"class_list":{"0":"post-19566","1":"product","2":"type-product","3":"status-publish","4":"has-post-thumbnail","6":"product_brand-uriage","7":"product_brand-vichy","8":"product_cat-tout","9":"product_cat-uriage","10":"ts_product_brand-uriage","12":"first","13":"instock","14":"sale","15":"shipping-taxable","16":"purchasable","17":"product-type-simple"},"_links":{"self":[{"href":"https:\/\/para-mirava.ma\/index.php?rest_route=\/wp\/v2\/product\/19566","targetHints":{"allow":["GET"]}}],"collection":[{"href":"https:\/\/para-mirava.ma\/index.php?rest_route=\/wp\/v2\/product"}],"about":[{"href":"https:\/\/para-mirava.ma\/index.php?rest_route=\/wp\/v2\/types\/product"}],"wp:featuredmedia":[{"embeddable":true,"href":"https:\/\/para-mirava.ma\/index.php?rest_route=\/wp\/v2\/media\/19565"}],"wp:attachment":[{"href":"https:\/\/para-mirava.ma\/index.php?rest_route=%2Fwp%2Fv2%2Fmedia&parent=19566"}],"wp:term":[{"taxonomy":"product_brand","embeddable":true,"href":"https:\/\/para-mirava.ma\/index.php?rest_route=%2Fwp%2Fv2%2Fproduct_brand&post=19566"},{"taxonomy":"product_cat","embeddable":true,"href":"https:\/\/para-mirava.ma\/index.php?rest_route=%2Fwp%2Fv2%2Fproduct_cat&post=19566"},{"taxonomy":"product_tag","embeddable":true,"href":"https:\/\/para-mirava.ma\/index.php?rest_route=%2Fwp%2Fv2%2Fproduct_tag&post=19566"}],"curies":[{"name":"wp","href":"https:\/\/api.w.org\/{rel}","templated":true}]}}