{"id":19576,"date":"2026-03-17T17:19:45","date_gmt":"2026-03-17T17:19:45","guid":{"rendered":"https:\/\/para-mirava.ma\/?product=uriage-xemose-huile-lavante-500ml-3"},"modified":"2026-03-17T18:45:39","modified_gmt":"2026-03-17T18:45:39","slug":"uriage-xemose-huile-lavante-500ml-3","status":"publish","type":"product","link":"https:\/\/para-mirava.ma\/?product=uriage-xemose-huile-lavante-500ml-3","title":{"rendered":"URIAGE XEMOSE HUILE LAVANTE 500ML"},"content":{"rendered":"<p>Cette huile lavante prot\u00e8ge contre le dess\u00e8chement cutan\u00e9 et apaise les sensations de d\u00e9mangeaisons. Sa mousse fine et extra-douce apporte un confort imm\u00e9diat et durable pour les peaux s\u00e8ches \u00e0 tr\u00e8s s\u00e8ches.<\/p>\n<p>Nourrit<br \/>\nGr\u00e2ce \u00e0 sa haute concentration en glyc\u00e9rine, l&#8217;huile X\u00e9mose laisse un film protecteur non gras qui prot\u00e8ge la peau des agressions ext\u00e9rieures.<\/p>\n<p>Apaise<br \/>\nRiche en d\u00e9riv\u00e9 de beurre de karit\u00e9, elle apaise et soulage les sensations de d\u00e9mangeaisons, tiraillements et inconfort.<\/p>\n<p>R\u00e9sultats<br \/>\n-75% de tiraillements.<br \/>\n\u00c9tude sous contr\u00f4le dermatologique sur 30 sujets atteints de x\u00e9roses. Cotations cliniques.<\/p>\n<p>Disponible dans votre parapharmacie en ligne www.cotepara.ma<\/p>\n<p>Caract\u00e9ristiques<br \/>\nGlyc\u00e9rine &#8211; D\u00e9riv\u00e9 de beurre de karit\u00e9 &#8211; Sans savon &#8211; Non parfum\u00e9 &#8211; Test\u00e9 sous contr\u00f4le dermatologique<\/p>\n<p>Conseils d&#8217;utilisation<br \/>\nAppliquer et faire mousser sur une peau mouill\u00e9e, rincer et s\u00e9cher d\u00e9licatement.<\/p>\n","protected":false},"excerpt":{"rendered":"<p>Cette huile lavante prot\u00e8ge contre le dess\u00e8chement cutan\u00e9 et apaise les sensations de d\u00e9mangeaisons. Sa mousse fine et extra-douce apporte un confort imm\u00e9diat et durable pour les peaux s\u00e8ches \u00e0 tr\u00e8s s\u00e8ches. Nourrit Gr\u00e2ce \u00e0 sa haute concentration en glyc\u00e9rine, l&#8217;huile X\u00e9mose laisse un film protecteur non gras qui prot\u00e8ge la peau des agressions ext\u00e9rieures. [&hellip;]<\/p>\n","protected":false},"featured_media":19575,"template":"","meta":[],"product_brand":[173,178],"product_cat":[15,137],"product_tag":[],"class_list":{"0":"post-19576","1":"product","2":"type-product","3":"status-publish","4":"has-post-thumbnail","6":"product_brand-uriage","7":"product_brand-vichy","8":"product_cat-tout","9":"product_cat-uriage","10":"ts_product_brand-uriage","12":"first","13":"instock","14":"sale","15":"shipping-taxable","16":"purchasable","17":"product-type-simple"},"_links":{"self":[{"href":"https:\/\/para-mirava.ma\/index.php?rest_route=\/wp\/v2\/product\/19576","targetHints":{"allow":["GET"]}}],"collection":[{"href":"https:\/\/para-mirava.ma\/index.php?rest_route=\/wp\/v2\/product"}],"about":[{"href":"https:\/\/para-mirava.ma\/index.php?rest_route=\/wp\/v2\/types\/product"}],"wp:featuredmedia":[{"embeddable":true,"href":"https:\/\/para-mirava.ma\/index.php?rest_route=\/wp\/v2\/media\/19575"}],"wp:attachment":[{"href":"https:\/\/para-mirava.ma\/index.php?rest_route=%2Fwp%2Fv2%2Fmedia&parent=19576"}],"wp:term":[{"taxonomy":"product_brand","embeddable":true,"href":"https:\/\/para-mirava.ma\/index.php?rest_route=%2Fwp%2Fv2%2Fproduct_brand&post=19576"},{"taxonomy":"product_cat","embeddable":true,"href":"https:\/\/para-mirava.ma\/index.php?rest_route=%2Fwp%2Fv2%2Fproduct_cat&post=19576"},{"taxonomy":"product_tag","embeddable":true,"href":"https:\/\/para-mirava.ma\/index.php?rest_route=%2Fwp%2Fv2%2Fproduct_tag&post=19576"}],"curies":[{"name":"wp","href":"https:\/\/api.w.org\/{rel}","templated":true}]}}