{"id":19580,"date":"2026-03-17T17:19:47","date_gmt":"2026-03-17T17:19:47","guid":{"rendered":"https:\/\/para-mirava.ma\/?product=uriage-hyseac-masque-gommant-100ml-new-3"},"modified":"2026-03-17T18:45:38","modified_gmt":"2026-03-17T18:45:38","slug":"uriage-hyseac-masque-gommant-100ml-new-3","status":"publish","type":"product","link":"https:\/\/para-mirava.ma\/?product=uriage-hyseac-masque-gommant-100ml-new-3","title":{"rendered":"URIAGE HYSEAC MASQUE GOMMANT 100ML NEW"},"content":{"rendered":"<p>Le Masque Gommant permet une utilisation &#8220;\u00e0 la carte&#8221; : l&#8217;efficacit\u00e9 absorbante d&#8217;un masque et l&#8217;action exfoliante d&#8217;un gommage pour un double effet sur la peau. Ce soin allie plaisir et douceur gr\u00e2ce \u00e0 ses micro-billes qui n&#8217;agressent pas la peau.<\/p>\n<p>Absorbe les impuret\u00e9s<br \/>\nSes actifs absorbent les impuret\u00e9s pour un teint net et purifi\u00e9.<\/p>\n<p>Lisse le grain de peau<br \/>\nCe soin lisse la peau et lui donne de l&#8217;\u00e9clat tout en y laissant un l\u00e9ger parfum caract\u00e9ristique de la gamme HYS\u00c9AC.<\/p>\n<p>R\u00e9sultats<br \/>\n2 actions<br \/>\nUn masque \u00e0 la carte \u00e0 utiliser comme masque ou comme gommage pour une peau pleine de sant\u00e9.<\/p>\n<p>Caract\u00e9ristiques<br \/>\nEau Thermale d&#8217;Uriage<br \/>\nKaolin<br \/>\nEsters d&#8217;Acide malique<br \/>\nGlyc\u00e9rine<br \/>\nTest\u00e9 sous contr\u00f4le dermatologique<br \/>\nNon com\u00e9dog\u00e8ne<\/p>\n<p>Conseils d&#8217;utilisation<br \/>\nEn masque:<br \/>\nAppliquer en fine couche sur le visage<br \/>\nLaissez agir 2 minutes puis rincer abondamment sans masser<br \/>\nUtiliser 1 \u00e0 2 fois par semaine<\/p>\n<p>En gommage:<br \/>\nDisponible dans votre parapharmacie en ligne www.cotepara.ma<br \/>\nAppliquer sur le visage humidifi\u00e9, massez en mouvements circulaires puis rincez<br \/>\n2 fois par semaine<br \/>\nEvitez le contact avec les yeux, sinon, rincez abondamment \u00e0 l&#8217;eau claire<\/p>\n","protected":false},"excerpt":{"rendered":"<p>Le Masque Gommant permet une utilisation &#8220;\u00e0 la carte&#8221; : l&#8217;efficacit\u00e9 absorbante d&#8217;un masque et l&#8217;action exfoliante d&#8217;un gommage pour un double effet sur la peau. Ce soin allie plaisir et douceur gr\u00e2ce \u00e0 ses micro-billes qui n&#8217;agressent pas la peau. Absorbe les impuret\u00e9s Ses actifs absorbent les impuret\u00e9s pour un teint net et purifi\u00e9. [&hellip;]<\/p>\n","protected":false},"featured_media":19579,"template":"","meta":[],"product_brand":[173,178],"product_cat":[15,137],"product_tag":[],"class_list":{"0":"post-19580","1":"product","2":"type-product","3":"status-publish","4":"has-post-thumbnail","6":"product_brand-uriage","7":"product_brand-vichy","8":"product_cat-tout","9":"product_cat-uriage","10":"ts_product_brand-uriage","12":"first","13":"instock","14":"sale","15":"shipping-taxable","16":"purchasable","17":"product-type-simple"},"_links":{"self":[{"href":"https:\/\/para-mirava.ma\/index.php?rest_route=\/wp\/v2\/product\/19580","targetHints":{"allow":["GET"]}}],"collection":[{"href":"https:\/\/para-mirava.ma\/index.php?rest_route=\/wp\/v2\/product"}],"about":[{"href":"https:\/\/para-mirava.ma\/index.php?rest_route=\/wp\/v2\/types\/product"}],"wp:featuredmedia":[{"embeddable":true,"href":"https:\/\/para-mirava.ma\/index.php?rest_route=\/wp\/v2\/media\/19579"}],"wp:attachment":[{"href":"https:\/\/para-mirava.ma\/index.php?rest_route=%2Fwp%2Fv2%2Fmedia&parent=19580"}],"wp:term":[{"taxonomy":"product_brand","embeddable":true,"href":"https:\/\/para-mirava.ma\/index.php?rest_route=%2Fwp%2Fv2%2Fproduct_brand&post=19580"},{"taxonomy":"product_cat","embeddable":true,"href":"https:\/\/para-mirava.ma\/index.php?rest_route=%2Fwp%2Fv2%2Fproduct_cat&post=19580"},{"taxonomy":"product_tag","embeddable":true,"href":"https:\/\/para-mirava.ma\/index.php?rest_route=%2Fwp%2Fv2%2Fproduct_tag&post=19580"}],"curies":[{"name":"wp","href":"https:\/\/api.w.org\/{rel}","templated":true}]}}