{"id":19582,"date":"2026-03-17T17:19:48","date_gmt":"2026-03-17T17:19:48","guid":{"rendered":"https:\/\/para-mirava.ma\/?product=uriage-depiderm-white-c-y-15ml-new-3"},"modified":"2026-03-17T18:45:38","modified_gmt":"2026-03-17T18:45:38","slug":"uriage-depiderm-white-c-y-15ml-new-3","status":"publish","type":"product","link":"https:\/\/para-mirava.ma\/?product=uriage-depiderm-white-c-y-15ml-new-3","title":{"rendered":"URIAGE DEPIDERM WHITE C\/Y 15ML NEW"},"content":{"rendered":"<p>Une triple action sur le contour des yeux pour diminuer les rides, les poches, les cernes et obtenir une effet \u00e9nergisant imm\u00e9diat.<\/p>\n<p>D\u00e9congestionne et \u00e9claircit<br \/>\nLe complexe ACTIWHITE permet de d\u00e9congestionner les poches et \u00e9claircir les cernes. Le contour des yeux est \u00e9clatant et plus lumineux.<\/p>\n<p>Lisse les rides et ridules<br \/>\nLes actifs lissants et hydratants aident \u00e0 r\u00e9duire les rides et ridules. Les signes de fatigue autour du contour de l&#8217;oeil disparaissent.<\/p>\n<p>Disponible dans votre parapharmacie en ligne www.cotepara.ma<\/p>\n<p>Conseils d&#8217;utilisation<br \/>\nAppliquer le matin et le soir en tapotant d\u00e9licatement autour du contour de l&#8217;oeil.<\/p>\n","protected":false},"excerpt":{"rendered":"<p>Une triple action sur le contour des yeux pour diminuer les rides, les poches, les cernes et obtenir une effet \u00e9nergisant imm\u00e9diat. D\u00e9congestionne et \u00e9claircit Le complexe ACTIWHITE permet de d\u00e9congestionner les poches et \u00e9claircir les cernes. Le contour des yeux est \u00e9clatant et plus lumineux. Lisse les rides et ridules Les actifs lissants et [&hellip;]<\/p>\n","protected":false},"featured_media":19581,"template":"","meta":[],"product_brand":[173,178],"product_cat":[15,137],"product_tag":[],"class_list":{"0":"post-19582","1":"product","2":"type-product","3":"status-publish","4":"has-post-thumbnail","6":"product_brand-uriage","7":"product_brand-vichy","8":"product_cat-tout","9":"product_cat-uriage","10":"ts_product_brand-uriage","12":"first","13":"instock","14":"sale","15":"shipping-taxable","16":"purchasable","17":"product-type-simple"},"_links":{"self":[{"href":"https:\/\/para-mirava.ma\/index.php?rest_route=\/wp\/v2\/product\/19582","targetHints":{"allow":["GET"]}}],"collection":[{"href":"https:\/\/para-mirava.ma\/index.php?rest_route=\/wp\/v2\/product"}],"about":[{"href":"https:\/\/para-mirava.ma\/index.php?rest_route=\/wp\/v2\/types\/product"}],"wp:featuredmedia":[{"embeddable":true,"href":"https:\/\/para-mirava.ma\/index.php?rest_route=\/wp\/v2\/media\/19581"}],"wp:attachment":[{"href":"https:\/\/para-mirava.ma\/index.php?rest_route=%2Fwp%2Fv2%2Fmedia&parent=19582"}],"wp:term":[{"taxonomy":"product_brand","embeddable":true,"href":"https:\/\/para-mirava.ma\/index.php?rest_route=%2Fwp%2Fv2%2Fproduct_brand&post=19582"},{"taxonomy":"product_cat","embeddable":true,"href":"https:\/\/para-mirava.ma\/index.php?rest_route=%2Fwp%2Fv2%2Fproduct_cat&post=19582"},{"taxonomy":"product_tag","embeddable":true,"href":"https:\/\/para-mirava.ma\/index.php?rest_route=%2Fwp%2Fv2%2Fproduct_tag&post=19582"}],"curies":[{"name":"wp","href":"https:\/\/api.w.org\/{rel}","templated":true}]}}