{"id":19584,"date":"2026-03-17T17:19:49","date_gmt":"2026-03-17T17:19:49","guid":{"rendered":"https:\/\/para-mirava.ma\/?product=uriage-bariesun-brume-seche-hydratante-spf50-200ml-3"},"modified":"2026-03-17T18:45:38","modified_gmt":"2026-03-17T18:45:38","slug":"uriage-bariesun-brume-seche-hydratante-spf50-200ml-3","status":"publish","type":"product","link":"https:\/\/para-mirava.ma\/?product=uriage-bariesun-brume-seche-hydratante-spf50-200ml-3","title":{"rendered":"URIAGE BARIESUN BRUME SECHE HYDRATANTE SPF50+ 200ML"},"content":{"rendered":"<p>Bari\u00e9sun combine un complexe filtrant tr\u00e8s performant et les propri\u00e9t\u00e9s de l&#8217;Eau Thermale d&#8217;Uriage pour prot\u00e9ger la peau et pr\u00e9venir les dommages cellulaires induits par les UVA et UVB.<\/p>\n<p>Son syst\u00e8me de diffusion continue permet une application facile m\u00eame sur peau mouill\u00e9e et convient particuli\u00e8rement aux activit\u00e9s de plein air, pour un effet ultra-rafra\u00eechissant.<\/p>\n<p>Ce soin garantit une haute s\u00e9curit\u00e9, une haute tol\u00e9rance et une absorption rapide.<\/p>\n<p>Prot\u00e8ge contre les UV<br \/>\nSon complexe de filtres apporte une tr\u00e8s haute protection contre les UVA, les UVB et les radicaux libres<\/p>\n<p>Optimise la photoprotection<br \/>\nLe brevet BARIESUN forme un film protecteur sur la peau aidant \u00e0 limiter la p\u00e9n\u00e9tration des filtres UV \u00e0 la surface de l&#8217;\u00e9piderme et optimisant ainsi la photoprotection<\/p>\n<p>Pr\u00e9vient le dess\u00e8chement cutan\u00e9<br \/>\nEnrichi en Aquaspongines et en Eau Thermale d&#8217;Uriage, cette brume ultra-l\u00e9g\u00e8re pr\u00e9serve du dess\u00e8chement cutan\u00e9.<\/p>\n<p>D\u00c9MARCHE \u00c9CO-RESPONSABLE :<br \/>\n\u2022 Un engagement pour la plan\u00e8te :<br \/>\nLes Laboratoires Dermatologiques D&#8217;Uriage sont membre 1% pour la plan\u00e8te, un engagement \u00e9thique pour soutenir les ONG \u0153uvrant pour l&#8217;environnement en reversant 1% des b\u00e9n\u00e9fices Bari\u00e9sun dans le monde.<\/p>\n<p>\u2022 Packaging \u00e9co-con\u00e7u :<br \/>\n&#8212; Flacon recyclable<\/p>\n<p>R\u00e9sultats<br \/>\n95%*<br \/>\nApplication facile<br \/>\n*\u00c9tude r\u00e9alis\u00e9e sur 22 volontaires. Application 2 fois par jour. Auto-\u00e9valuation.<\/p>\n<p>Actifs<br \/>\nComplexe filtrant anti UVA-UVB&#8212; BREVET BARIESUN &#8212; Eau Thermale d&#8217;Uriage &#8212; Vitamine E &#8212; Aquaspongines<\/p>\n<p>Fini invisible &#8212; Toucher sec &#8212; Test\u00e9 sous contr\u00f4le dermatologique<\/p>\n<p>Conseils<br \/>\n\u2022 Appliquer une dose suffisante de produit avant l&#8217;exposition (ex : 8 pulv\u00e9risations pour le mollet). La r\u00e9duction de cette quantit\u00e9 diminue le niveau de protection.<\/p>\n<p>\u2022 Renouveler fr\u00e9quemment l&#8217;application, surtout apr\u00e8s avoir transpir\u00e9, nag\u00e9 ou s&#8217;\u00eatre essuy\u00e9.<\/p>\n<p>\u2022 M\u00eame bien prot\u00e9g\u00e9, r\u00e9duire au maximum l&#8217;exposition.<\/p>\n<p>\u2022 Ne pas vaporiser directement sur le visage ; vaporisez d&#8217;abord dans le creux de la main, puis appliquez.<\/p>\n<p>\u2022 Ne pas exposer les b\u00e9b\u00e9s et les jeunes enfants directement au soleil.<\/p>\n<p>\u2022 Utiliser dans un endroit bien ventil\u00e9.<\/p>\n<p>\u2022 Ne pas inhaler intentionnellement. Disponible dans votre parapharmacie en ligne www.cotepara.ma<\/p>\n","protected":false},"excerpt":{"rendered":"<p>Bari\u00e9sun combine un complexe filtrant tr\u00e8s performant et les propri\u00e9t\u00e9s de l&#8217;Eau Thermale d&#8217;Uriage pour prot\u00e9ger la peau et pr\u00e9venir les dommages cellulaires induits par les UVA et UVB. Son syst\u00e8me de diffusion continue permet une application facile m\u00eame sur peau mouill\u00e9e et convient particuli\u00e8rement aux activit\u00e9s de plein air, pour un effet ultra-rafra\u00eechissant. Ce [&hellip;]<\/p>\n","protected":false},"featured_media":19583,"template":"","meta":[],"product_brand":[173,178],"product_cat":[15,137],"product_tag":[],"class_list":{"0":"post-19584","1":"product","2":"type-product","3":"status-publish","4":"has-post-thumbnail","6":"product_brand-uriage","7":"product_brand-vichy","8":"product_cat-tout","9":"product_cat-uriage","10":"ts_product_brand-uriage","12":"first","13":"instock","14":"sale","15":"shipping-taxable","16":"purchasable","17":"product-type-simple"},"_links":{"self":[{"href":"https:\/\/para-mirava.ma\/index.php?rest_route=\/wp\/v2\/product\/19584","targetHints":{"allow":["GET"]}}],"collection":[{"href":"https:\/\/para-mirava.ma\/index.php?rest_route=\/wp\/v2\/product"}],"about":[{"href":"https:\/\/para-mirava.ma\/index.php?rest_route=\/wp\/v2\/types\/product"}],"wp:featuredmedia":[{"embeddable":true,"href":"https:\/\/para-mirava.ma\/index.php?rest_route=\/wp\/v2\/media\/19583"}],"wp:attachment":[{"href":"https:\/\/para-mirava.ma\/index.php?rest_route=%2Fwp%2Fv2%2Fmedia&parent=19584"}],"wp:term":[{"taxonomy":"product_brand","embeddable":true,"href":"https:\/\/para-mirava.ma\/index.php?rest_route=%2Fwp%2Fv2%2Fproduct_brand&post=19584"},{"taxonomy":"product_cat","embeddable":true,"href":"https:\/\/para-mirava.ma\/index.php?rest_route=%2Fwp%2Fv2%2Fproduct_cat&post=19584"},{"taxonomy":"product_tag","embeddable":true,"href":"https:\/\/para-mirava.ma\/index.php?rest_route=%2Fwp%2Fv2%2Fproduct_tag&post=19584"}],"curies":[{"name":"wp","href":"https:\/\/api.w.org\/{rel}","templated":true}]}}