{"id":19795,"date":"2026-03-17T17:37:06","date_gmt":"2026-03-17T17:37:06","guid":{"rendered":"https:\/\/para-mirava.ma\/?product=svr-sensifine-ar-eau-micellaire-200ml-2"},"modified":"2026-03-17T17:40:18","modified_gmt":"2026-03-17T17:40:18","slug":"svr-sensifine-ar-eau-micellaire-200ml-2","status":"publish","type":"product","link":"https:\/\/para-mirava.ma\/?product=svr-sensifine-ar-eau-micellaire-200ml-2","title":{"rendered":"SVR SENSIFINE AR EAU MICELLAIRE 200ML"},"content":{"rendered":"<p>Pour les peaux sujettes aux rougeurs, \u00e0 tendance couperosique.<\/p>\n<p>Disponible dans votre parapharmacie en ligne www.cotepara.ma<\/p>\n<p>Une eau micellaire fra\u00eeche enrichie en agents hydratants et en niacinamide apaisante pour un nettoyage et un d\u00e9maquillage en douceur ! D\u00e9maquille visage, yeux et l\u00e8vres et convient m\u00eame aux peaux les plus sensibles.<\/p>\n","protected":false},"excerpt":{"rendered":"<p>Pour les peaux sujettes aux rougeurs, \u00e0 tendance couperosique. Disponible dans votre parapharmacie en ligne www.cotepara.ma Une eau micellaire fra\u00eeche enrichie en agents hydratants et en niacinamide apaisante pour un nettoyage et un d\u00e9maquillage en douceur ! D\u00e9maquille visage, yeux et l\u00e8vres et convient m\u00eame aux peaux les plus sensibles.<\/p>\n","protected":false},"featured_media":19794,"template":"","meta":[],"product_brand":[],"product_cat":[15,138],"product_tag":[],"class_list":{"0":"post-19795","1":"product","2":"type-product","3":"status-publish","4":"has-post-thumbnail","6":"product_cat-tout","7":"product_cat-svr","9":"first","10":"instock","11":"sale","12":"shipping-taxable","13":"purchasable","14":"product-type-simple"},"_links":{"self":[{"href":"https:\/\/para-mirava.ma\/index.php?rest_route=\/wp\/v2\/product\/19795","targetHints":{"allow":["GET"]}}],"collection":[{"href":"https:\/\/para-mirava.ma\/index.php?rest_route=\/wp\/v2\/product"}],"about":[{"href":"https:\/\/para-mirava.ma\/index.php?rest_route=\/wp\/v2\/types\/product"}],"wp:featuredmedia":[{"embeddable":true,"href":"https:\/\/para-mirava.ma\/index.php?rest_route=\/wp\/v2\/media\/19794"}],"wp:attachment":[{"href":"https:\/\/para-mirava.ma\/index.php?rest_route=%2Fwp%2Fv2%2Fmedia&parent=19795"}],"wp:term":[{"taxonomy":"product_brand","embeddable":true,"href":"https:\/\/para-mirava.ma\/index.php?rest_route=%2Fwp%2Fv2%2Fproduct_brand&post=19795"},{"taxonomy":"product_cat","embeddable":true,"href":"https:\/\/para-mirava.ma\/index.php?rest_route=%2Fwp%2Fv2%2Fproduct_cat&post=19795"},{"taxonomy":"product_tag","embeddable":true,"href":"https:\/\/para-mirava.ma\/index.php?rest_route=%2Fwp%2Fv2%2Fproduct_tag&post=19795"}],"curies":[{"name":"wp","href":"https:\/\/api.w.org\/{rel}","templated":true}]}}