{"id":19819,"date":"2026-03-17T17:37:17","date_gmt":"2026-03-17T17:37:17","guid":{"rendered":"https:\/\/para-mirava.ma\/?product=svr-xerial-50-extreme-creme-pieds-40ml-2"},"modified":"2026-03-17T18:45:14","modified_gmt":"2026-03-17T18:45:14","slug":"svr-xerial-50-extreme-creme-pieds-40ml-2","status":"publish","type":"product","link":"https:\/\/para-mirava.ma\/?product=svr-xerial-50-extreme-creme-pieds-40ml-2","title":{"rendered":"SVR XERIAL 50 EXTREME CREME PIEDS 40ML"},"content":{"rendered":"<p>Pieds, mains et coudes. Ne pas utiliser chez l&#8217;enfant de moins de 3 ans.<\/p>\n<p>X\u00c9RIAL 50 Extr\u00eame Cr\u00e8me pieds est LA cr\u00e8me qui r\u00e9duit les callosit\u00e9s et les durillons rebelles en 7 jours.<\/p>\n<p>Disponible dans votre parapharmacie en ligne www.cotepara.ma<\/p>\n<p>Pourquoi la choisir ? Pour son brevet Technologie Ur\u00e9e Pure et sa concentration \u00e9lev\u00e9e en acide salicylique qui permet de r\u00e9duire les callosit\u00e9s et les durillons rebelles des pieds tr\u00e8s secs en 7 jours seulement ! Sa formule non grasse, s&#8217;\u00e9tale facilement et p\u00e9n\u00e8tre rapidement. Il se peut que sa texture cristallise \u00e0 la fin du tube. Cela n&#8217;alt\u00e8re pas son efficacit\u00e9 ni sa bonne tol\u00e9rance, c&#8217;est simplement la texture qui se modifie.<\/p>\n","protected":false},"excerpt":{"rendered":"<p>Pieds, mains et coudes. Ne pas utiliser chez l&#8217;enfant de moins de 3 ans. X\u00c9RIAL 50 Extr\u00eame Cr\u00e8me pieds est LA cr\u00e8me qui r\u00e9duit les callosit\u00e9s et les durillons rebelles en 7 jours. Disponible dans votre parapharmacie en ligne www.cotepara.ma Pourquoi la choisir ? Pour son brevet Technologie Ur\u00e9e Pure et sa concentration \u00e9lev\u00e9e en [&hellip;]<\/p>\n","protected":false},"featured_media":19818,"template":"","meta":[],"product_brand":[175],"product_cat":[15,138],"product_tag":[],"class_list":{"0":"post-19819","1":"product","2":"type-product","3":"status-publish","4":"has-post-thumbnail","6":"product_brand-svr","7":"product_cat-tout","8":"product_cat-svr","9":"ts_product_brand-svr","11":"first","12":"instock","13":"sale","14":"shipping-taxable","15":"purchasable","16":"product-type-simple"},"_links":{"self":[{"href":"https:\/\/para-mirava.ma\/index.php?rest_route=\/wp\/v2\/product\/19819","targetHints":{"allow":["GET"]}}],"collection":[{"href":"https:\/\/para-mirava.ma\/index.php?rest_route=\/wp\/v2\/product"}],"about":[{"href":"https:\/\/para-mirava.ma\/index.php?rest_route=\/wp\/v2\/types\/product"}],"wp:featuredmedia":[{"embeddable":true,"href":"https:\/\/para-mirava.ma\/index.php?rest_route=\/wp\/v2\/media\/19818"}],"wp:attachment":[{"href":"https:\/\/para-mirava.ma\/index.php?rest_route=%2Fwp%2Fv2%2Fmedia&parent=19819"}],"wp:term":[{"taxonomy":"product_brand","embeddable":true,"href":"https:\/\/para-mirava.ma\/index.php?rest_route=%2Fwp%2Fv2%2Fproduct_brand&post=19819"},{"taxonomy":"product_cat","embeddable":true,"href":"https:\/\/para-mirava.ma\/index.php?rest_route=%2Fwp%2Fv2%2Fproduct_cat&post=19819"},{"taxonomy":"product_tag","embeddable":true,"href":"https:\/\/para-mirava.ma\/index.php?rest_route=%2Fwp%2Fv2%2Fproduct_tag&post=19819"}],"curies":[{"name":"wp","href":"https:\/\/api.w.org\/{rel}","templated":true}]}}