{"id":19827,"date":"2026-03-17T17:37:20","date_gmt":"2026-03-17T17:37:20","guid":{"rendered":"https:\/\/para-mirava.ma\/?product=svr-hydraliane-creme-50ml-2"},"modified":"2026-03-17T18:45:13","modified_gmt":"2026-03-17T18:45:13","slug":"svr-hydraliane-creme-50ml-2","status":"publish","type":"product","link":"https:\/\/para-mirava.ma\/?product=svr-hydraliane-creme-50ml-2","title":{"rendered":"SVR HYDRALIANE CREME 50ML"},"content":{"rendered":"<p>HYDRALIANE Cr\u00e8me 50ml | Le soin hydratant intense nouvelle g\u00e9n\u00e9ration !<\/p>\n<p>Pour tous les types de peaux m\u00eame sensibles de toute la famille.<\/p>\n<p>L&#8217;indispensable pour les peaux d\u00e9shydrat\u00e9es, inconfortables, qui tiraillent.<\/p>\n<p>Douce et confortable, Hydraliane Cr\u00e8me est la solution quotidienne 100% d&#8217;origine naturelle pour apaiser et hydrater intens\u00e9ment et durablement pendant 24h1. Sa texture fondante enveloppe la peau et la prot\u00e8ge. Elle retrouve tout son confort.<\/p>\n","protected":false},"excerpt":{"rendered":"<p>HYDRALIANE Cr\u00e8me 50ml | Le soin hydratant intense nouvelle g\u00e9n\u00e9ration ! Pour tous les types de peaux m\u00eame sensibles de toute la famille. L&#8217;indispensable pour les peaux d\u00e9shydrat\u00e9es, inconfortables, qui tiraillent. Douce et confortable, Hydraliane Cr\u00e8me est la solution quotidienne 100% d&#8217;origine naturelle pour apaiser et hydrater intens\u00e9ment et durablement pendant 24h1. Sa texture fondante [&hellip;]<\/p>\n","protected":false},"featured_media":19826,"template":"","meta":[],"product_brand":[175],"product_cat":[15,138],"product_tag":[],"class_list":{"0":"post-19827","1":"product","2":"type-product","3":"status-publish","4":"has-post-thumbnail","6":"product_brand-svr","7":"product_cat-tout","8":"product_cat-svr","9":"ts_product_brand-svr","11":"first","12":"instock","13":"sale","14":"shipping-taxable","15":"purchasable","16":"product-type-simple"},"_links":{"self":[{"href":"https:\/\/para-mirava.ma\/index.php?rest_route=\/wp\/v2\/product\/19827","targetHints":{"allow":["GET"]}}],"collection":[{"href":"https:\/\/para-mirava.ma\/index.php?rest_route=\/wp\/v2\/product"}],"about":[{"href":"https:\/\/para-mirava.ma\/index.php?rest_route=\/wp\/v2\/types\/product"}],"wp:featuredmedia":[{"embeddable":true,"href":"https:\/\/para-mirava.ma\/index.php?rest_route=\/wp\/v2\/media\/19826"}],"wp:attachment":[{"href":"https:\/\/para-mirava.ma\/index.php?rest_route=%2Fwp%2Fv2%2Fmedia&parent=19827"}],"wp:term":[{"taxonomy":"product_brand","embeddable":true,"href":"https:\/\/para-mirava.ma\/index.php?rest_route=%2Fwp%2Fv2%2Fproduct_brand&post=19827"},{"taxonomy":"product_cat","embeddable":true,"href":"https:\/\/para-mirava.ma\/index.php?rest_route=%2Fwp%2Fv2%2Fproduct_cat&post=19827"},{"taxonomy":"product_tag","embeddable":true,"href":"https:\/\/para-mirava.ma\/index.php?rest_route=%2Fwp%2Fv2%2Fproduct_tag&post=19827"}],"curies":[{"name":"wp","href":"https:\/\/api.w.org\/{rel}","templated":true}]}}