{"id":19869,"date":"2026-03-17T17:37:41","date_gmt":"2026-03-17T17:37:41","guid":{"rendered":"https:\/\/para-mirava.ma\/?product=svr-sebiaclear-active-gel-40-ml-2"},"modified":"2026-03-17T18:45:11","modified_gmt":"2026-03-17T18:45:11","slug":"svr-sebiaclear-active-gel-40-ml-2","status":"publish","type":"product","link":"https:\/\/para-mirava.ma\/?product=svr-sebiaclear-active-gel-40-ml-2","title":{"rendered":"SVR SEBIACLEAR ACTIVE GEL 40 ML"},"content":{"rendered":"<p>Pour les peaux sensibles \u00e0 tendance acn\u00e9ique, imperfections s\u00e9v\u00e8res.<\/p>\n<p>Boutons, points noirs, pores dilat\u00e9s et marques persistantes, l&#8217;acn\u00e9 est un v\u00e9ritable casse-t\u00eate. Mais ce n&#8217;est pas une fatalit\u00e9 !<\/p>\n<p>Disponible dans votre parapharmacie en ligne www.cotepara.ma<\/p>\n<p>SEBIACLEAR ACTIVE GEL offre une formule super concentr\u00e9e en actifs dermatologiques pour des r\u00e9sultats visibles sur les imperfections d\u00e8s 7 jours. Les boutons et points noirs sont r\u00e9duits, la qualit\u00e9 de la peau est nettement am\u00e9lior\u00e9e, les brillances r\u00e9duites et les marques rouges ou brunes corrig\u00e9es.<\/p>\n","protected":false},"excerpt":{"rendered":"<p>Pour les peaux sensibles \u00e0 tendance acn\u00e9ique, imperfections s\u00e9v\u00e8res. Boutons, points noirs, pores dilat\u00e9s et marques persistantes, l&#8217;acn\u00e9 est un v\u00e9ritable casse-t\u00eate. Mais ce n&#8217;est pas une fatalit\u00e9 ! Disponible dans votre parapharmacie en ligne www.cotepara.ma SEBIACLEAR ACTIVE GEL offre une formule super concentr\u00e9e en actifs dermatologiques pour des r\u00e9sultats visibles sur les imperfections d\u00e8s [&hellip;]<\/p>\n","protected":false},"featured_media":19868,"template":"","meta":[],"product_brand":[175],"product_cat":[15,138],"product_tag":[],"class_list":{"0":"post-19869","1":"product","2":"type-product","3":"status-publish","4":"has-post-thumbnail","6":"product_brand-svr","7":"product_cat-tout","8":"product_cat-svr","9":"ts_product_brand-svr","11":"first","12":"instock","13":"sale","14":"shipping-taxable","15":"purchasable","16":"product-type-simple"},"_links":{"self":[{"href":"https:\/\/para-mirava.ma\/index.php?rest_route=\/wp\/v2\/product\/19869","targetHints":{"allow":["GET"]}}],"collection":[{"href":"https:\/\/para-mirava.ma\/index.php?rest_route=\/wp\/v2\/product"}],"about":[{"href":"https:\/\/para-mirava.ma\/index.php?rest_route=\/wp\/v2\/types\/product"}],"wp:featuredmedia":[{"embeddable":true,"href":"https:\/\/para-mirava.ma\/index.php?rest_route=\/wp\/v2\/media\/19868"}],"wp:attachment":[{"href":"https:\/\/para-mirava.ma\/index.php?rest_route=%2Fwp%2Fv2%2Fmedia&parent=19869"}],"wp:term":[{"taxonomy":"product_brand","embeddable":true,"href":"https:\/\/para-mirava.ma\/index.php?rest_route=%2Fwp%2Fv2%2Fproduct_brand&post=19869"},{"taxonomy":"product_cat","embeddable":true,"href":"https:\/\/para-mirava.ma\/index.php?rest_route=%2Fwp%2Fv2%2Fproduct_cat&post=19869"},{"taxonomy":"product_tag","embeddable":true,"href":"https:\/\/para-mirava.ma\/index.php?rest_route=%2Fwp%2Fv2%2Fproduct_tag&post=19869"}],"curies":[{"name":"wp","href":"https:\/\/api.w.org\/{rel}","templated":true}]}}