{"id":19879,"date":"2026-03-17T17:37:46","date_gmt":"2026-03-17T17:37:46","guid":{"rendered":"https:\/\/para-mirava.ma\/?product=svr-topialyse-stick-a-levres-4g-new-2"},"modified":"2026-03-17T18:45:11","modified_gmt":"2026-03-17T18:45:11","slug":"svr-topialyse-stick-a-levres-4g-new-2","status":"publish","type":"product","link":"https:\/\/para-mirava.ma\/?product=svr-topialyse-stick-a-levres-4g-new-2","title":{"rendered":"SVR TOPIALYSE STICK A LEVRES 4G NEW"},"content":{"rendered":"<p>TOPIALYSE LEVRES est un soin double action qui nourrit et r\u00e9pare les l\u00e8vres sensibles, gerc\u00e9es, ab\u00eem\u00e9es et craquel\u00e9es. Sa formule, enrichie en om\u00e9gas 3, 6 et 9, prot\u00e8ge durablement les l\u00e8vres des agressions ext\u00e9rieures pour une hydratation 8h(1).<\/p>\n<p>Disponible dans votre parapharmacie en ligne www.cotepara.ma<\/p>\n<p>Texture ultra-fondante au fini invisible et non collant.<\/p>\n<p>UNE EFFICACITE CLINIQUEMENT PROUVEE<\/p>\n<p>86% (2) l\u00e8vres nourries<\/p>\n<p>91% (2) l\u00e8vres adoucies<\/p>\n<p>90% (2) apaise les l\u00e8vres ab\u00eem\u00e9es<\/p>\n","protected":false},"excerpt":{"rendered":"<p>TOPIALYSE LEVRES est un soin double action qui nourrit et r\u00e9pare les l\u00e8vres sensibles, gerc\u00e9es, ab\u00eem\u00e9es et craquel\u00e9es. Sa formule, enrichie en om\u00e9gas 3, 6 et 9, prot\u00e8ge durablement les l\u00e8vres des agressions ext\u00e9rieures pour une hydratation 8h(1). Disponible dans votre parapharmacie en ligne www.cotepara.ma Texture ultra-fondante au fini invisible et non collant. UNE EFFICACITE [&hellip;]<\/p>\n","protected":false},"featured_media":19878,"template":"","meta":[],"product_brand":[175],"product_cat":[15,138],"product_tag":[],"class_list":{"0":"post-19879","1":"product","2":"type-product","3":"status-publish","4":"has-post-thumbnail","6":"product_brand-svr","7":"product_cat-tout","8":"product_cat-svr","9":"ts_product_brand-svr","11":"first","12":"instock","13":"sale","14":"shipping-taxable","15":"purchasable","16":"product-type-simple"},"_links":{"self":[{"href":"https:\/\/para-mirava.ma\/index.php?rest_route=\/wp\/v2\/product\/19879","targetHints":{"allow":["GET"]}}],"collection":[{"href":"https:\/\/para-mirava.ma\/index.php?rest_route=\/wp\/v2\/product"}],"about":[{"href":"https:\/\/para-mirava.ma\/index.php?rest_route=\/wp\/v2\/types\/product"}],"wp:featuredmedia":[{"embeddable":true,"href":"https:\/\/para-mirava.ma\/index.php?rest_route=\/wp\/v2\/media\/19878"}],"wp:attachment":[{"href":"https:\/\/para-mirava.ma\/index.php?rest_route=%2Fwp%2Fv2%2Fmedia&parent=19879"}],"wp:term":[{"taxonomy":"product_brand","embeddable":true,"href":"https:\/\/para-mirava.ma\/index.php?rest_route=%2Fwp%2Fv2%2Fproduct_brand&post=19879"},{"taxonomy":"product_cat","embeddable":true,"href":"https:\/\/para-mirava.ma\/index.php?rest_route=%2Fwp%2Fv2%2Fproduct_cat&post=19879"},{"taxonomy":"product_tag","embeddable":true,"href":"https:\/\/para-mirava.ma\/index.php?rest_route=%2Fwp%2Fv2%2Fproduct_tag&post=19879"}],"curies":[{"name":"wp","href":"https:\/\/api.w.org\/{rel}","templated":true}]}}