{"id":19899,"date":"2026-03-17T17:37:56","date_gmt":"2026-03-17T17:37:56","guid":{"rendered":"https:\/\/para-mirava.ma\/?product=svr-sensifine-ar-ecran-spf50-50ml-2"},"modified":"2026-03-17T18:45:10","modified_gmt":"2026-03-17T18:45:10","slug":"svr-sensifine-ar-ecran-spf50-50ml-2","status":"publish","type":"product","link":"https:\/\/para-mirava.ma\/?product=svr-sensifine-ar-ecran-spf50-50ml-2","title":{"rendered":"SVR SENSIFINE AR ECRAN SPF50+ 50ML"},"content":{"rendered":"<p>Rougeurs et petits vaisseaux resurgissent lorsque vous exposez votre peau sensible au soleil ? Sensifine AR Cr\u00e8me SPF50+ associe une tr\u00e8s haute protection \u00e0 des actifs apaisants et anti-rougeurs. M\u00eame expos\u00e9es, vos rougeurs sont att\u00e9nu\u00e9es, vos sensations d&#8217;\u00e9chauffement r\u00e9duites. Disponible dans votre parapharmacie en ligne www.cotepara.ma<\/p>\n","protected":false},"excerpt":{"rendered":"<p>Rougeurs et petits vaisseaux resurgissent lorsque vous exposez votre peau sensible au soleil ? Sensifine AR Cr\u00e8me SPF50+ associe une tr\u00e8s haute protection \u00e0 des actifs apaisants et anti-rougeurs. M\u00eame expos\u00e9es, vos rougeurs sont att\u00e9nu\u00e9es, vos sensations d&#8217;\u00e9chauffement r\u00e9duites. Disponible dans votre parapharmacie en ligne www.cotepara.ma<\/p>\n","protected":false},"featured_media":19898,"template":"","meta":[],"product_brand":[175],"product_cat":[15,138],"product_tag":[],"class_list":{"0":"post-19899","1":"product","2":"type-product","3":"status-publish","4":"has-post-thumbnail","6":"product_brand-svr","7":"product_cat-tout","8":"product_cat-svr","9":"ts_product_brand-svr","11":"first","12":"instock","13":"sale","14":"shipping-taxable","15":"purchasable","16":"product-type-simple"},"_links":{"self":[{"href":"https:\/\/para-mirava.ma\/index.php?rest_route=\/wp\/v2\/product\/19899","targetHints":{"allow":["GET"]}}],"collection":[{"href":"https:\/\/para-mirava.ma\/index.php?rest_route=\/wp\/v2\/product"}],"about":[{"href":"https:\/\/para-mirava.ma\/index.php?rest_route=\/wp\/v2\/types\/product"}],"wp:featuredmedia":[{"embeddable":true,"href":"https:\/\/para-mirava.ma\/index.php?rest_route=\/wp\/v2\/media\/19898"}],"wp:attachment":[{"href":"https:\/\/para-mirava.ma\/index.php?rest_route=%2Fwp%2Fv2%2Fmedia&parent=19899"}],"wp:term":[{"taxonomy":"product_brand","embeddable":true,"href":"https:\/\/para-mirava.ma\/index.php?rest_route=%2Fwp%2Fv2%2Fproduct_brand&post=19899"},{"taxonomy":"product_cat","embeddable":true,"href":"https:\/\/para-mirava.ma\/index.php?rest_route=%2Fwp%2Fv2%2Fproduct_cat&post=19899"},{"taxonomy":"product_tag","embeddable":true,"href":"https:\/\/para-mirava.ma\/index.php?rest_route=%2Fwp%2Fv2%2Fproduct_tag&post=19899"}],"curies":[{"name":"wp","href":"https:\/\/api.w.org\/{rel}","templated":true}]}}